File manager - Edit - /var/log/apache2/domlogs/rootabc/vanloggeneral.squareroot.co.za-ssl_log
Back
144.126.228.52 - - [31/Aug/2025:14:27:54 +0200] "GET / HTTP/1.1" 301 - "-" "Mozilla/5.0 (X11; Linux x86_64) AppleWebKit/537.36 (KHTML, like Gecko) Chrome/139.0.0.0 Safari/537.36"
169.1.20.187 - - [31/Aug/2025:14:27:58 +0200] "POST /wp-cron.php?doing_wp_cron=1756643278.7765190601348876953125 HTTP/1.1" 200 - "-" "WordPress/6.8.2; https://vanloggeneral.squareroot.co.za"
104.198.104.225 - - [31/Aug/2025:19:37:19 +0200] "GET / HTTP/1.1" 200 143682 "http://www.vanloggeneral.squareroot.co.za" "Mozilla/5.0 (compatible; CMS-Checker/1.0; +https://example.com)"
104.198.104.225 - - [31/Aug/2025:19:37:22 +0200] "GET / HTTP/1.1" 200 31682 "http://vanloggeneral.squareroot.co.za" "Mozilla/5.0 (compatible; CMS-Checker/1.0; +https://example.com)"
134.209.253.188 - - [31/Aug/2025:21:59:19 +0200] "GET / HTTP/1.1" 200 153846 "-" "Mozilla/5.0 (X11; Linux x86_64; rv:139.0) Gecko/20100101 Firefox/139.0"
134.209.253.188 - - [31/Aug/2025:21:59:26 +0200] "GET /wp-content/uploads/2024/06/LOGO-AND-SLOGAN_page-0001-1-1-70x70.jpg HTTP/1.1" 200 2168 "https://vanloggeneral.squareroot.co.za/" "Mozilla/5.0 (X11; Linux x86_64; rv:139.0) Gecko/20100101 Firefox/139.0"
34.127.50.23 - - [01/Sep/2025:08:38:26 +0200] "GET / HTTP/1.1" 200 153846 "http://vanloggeneral.squareroot.co.za" "Mozilla/5.0 (compatible; CMS-Checker/1.0; +https://example.com)"
34.145.84.35 - - [01/Sep/2025:14:35:49 +0200] "GET / HTTP/1.1" 200 153846 "-" "Mozilla/5.0 (Windows NT 10.0; Win64; x64) AppleWebKit/537.36 (KHTML, like Gecko) Chrome/78.0.3904.108 Safari/537.36"
34.145.84.35 - - [01/Sep/2025:14:35:54 +0200] "GET //wp-includes/wlwmanifest.xml HTTP/1.1" 301 - "-" "Mozilla/5.0 (Windows NT 10.0; Win64; x64) AppleWebKit/537.36 (KHTML, like Gecko) Chrome/78.0.3904.108 Safari/537.36"
34.145.84.35 - - [01/Sep/2025:14:35:56 +0200] "GET //xmlrpc.php?rsd HTTP/1.1" 200 894 "-" "Mozilla/5.0 (Windows NT 10.0; Win64; x64) AppleWebKit/537.36 (KHTML, like Gecko) Chrome/78.0.3904.108 Safari/537.36"
169.1.20.187 - - [01/Sep/2025:14:35:59 +0200] "POST /wp-cron.php?doing_wp_cron=1756730159.0563960075378417968750 HTTP/1.1" 200 - "-" "WordPress/6.8.2; https://vanloggeneral.squareroot.co.za"
34.145.84.35 - - [01/Sep/2025:14:36:00 +0200] "GET //?author=1 HTTP/1.1" 301 - "-" "Mozilla/5.0 (Windows NT 10.0; Win64; x64) AppleWebKit/537.36 (KHTML, like Gecko) Chrome/78.0.3904.108 Safari/537.36"
34.145.84.35 - - [01/Sep/2025:14:36:04 +0200] "GET //?author=2 HTTP/1.1" 301 - "-" "Mozilla/5.0 (Windows NT 10.0; Win64; x64) AppleWebKit/537.36 (KHTML, like Gecko) Chrome/78.0.3904.108 Safari/537.36"
34.145.84.35 - - [01/Sep/2025:14:36:07 +0200] "GET //wp-json/wp/v2/users/ HTTP/1.1" 403 805 "-" "Mozilla/5.0 (Windows NT 10.0; Win64; x64) AppleWebKit/537.36 (KHTML, like Gecko) Chrome/78.0.3904.108 Safari/537.36"
34.145.84.35 - - [01/Sep/2025:14:36:10 +0200] "POST //xmlrpc.php HTTP/1.1" 200 401 "-" "Mozilla/5.0 (Windows NT 10.0; Win64; x64) AppleWebKit/537.36 (KHTML, like Gecko) Chrome/78.0.3904.108 Safari/537.36"
34.145.84.35 - - [01/Sep/2025:14:36:13 +0200] "POST //xmlrpc.php HTTP/1.1" 200 401 "-" "Mozilla/5.0 (Windows NT 10.0; Win64; x64) AppleWebKit/537.36 (KHTML, like Gecko) Chrome/78.0.3904.108 Safari/537.36"
34.145.84.35 - - [01/Sep/2025:14:36:15 +0200] "POST //xmlrpc.php HTTP/1.1" 200 401 "-" "Mozilla/5.0 (Windows NT 10.0; Win64; x64) AppleWebKit/537.36 (KHTML, like Gecko) Chrome/78.0.3904.108 Safari/537.36"
34.145.84.35 - - [01/Sep/2025:14:36:18 +0200] "POST //xmlrpc.php HTTP/1.1" 200 401 "-" "Mozilla/5.0 (Windows NT 10.0; Win64; x64) AppleWebKit/537.36 (KHTML, like Gecko) Chrome/78.0.3904.108 Safari/537.36"
34.145.84.35 - - [01/Sep/2025:14:36:20 +0200] "POST //xmlrpc.php HTTP/1.1" 200 401 "-" "Mozilla/5.0 (Windows NT 10.0; Win64; x64) AppleWebKit/537.36 (KHTML, like Gecko) Chrome/78.0.3904.108 Safari/537.36"
34.145.84.35 - - [01/Sep/2025:14:36:22 +0200] "POST //xmlrpc.php HTTP/1.1" 200 401 "-" "Mozilla/5.0 (Windows NT 10.0; Win64; x64) AppleWebKit/537.36 (KHTML, like Gecko) Chrome/78.0.3904.108 Safari/537.36"
34.145.84.35 - - [01/Sep/2025:14:36:24 +0200] "POST //xmlrpc.php HTTP/1.1" 200 401 "-" "Mozilla/5.0 (Windows NT 10.0; Win64; x64) AppleWebKit/537.36 (KHTML, like Gecko) Chrome/78.0.3904.108 Safari/537.36"
34.145.84.35 - - [01/Sep/2025:14:36:26 +0200] "POST //xmlrpc.php HTTP/1.1" 200 401 "-" "Mozilla/5.0 (Windows NT 10.0; Win64; x64) AppleWebKit/537.36 (KHTML, like Gecko) Chrome/78.0.3904.108 Safari/537.36"
34.145.84.35 - - [01/Sep/2025:14:36:28 +0200] "POST //xmlrpc.php HTTP/1.1" 200 401 "-" "Mozilla/5.0 (Windows NT 10.0; Win64; x64) AppleWebKit/537.36 (KHTML, like Gecko) Chrome/78.0.3904.108 Safari/537.36"
34.145.84.35 - - [01/Sep/2025:14:36:30 +0200] "POST //xmlrpc.php HTTP/1.1" 200 401 "-" "Mozilla/5.0 (Windows NT 10.0; Win64; x64) AppleWebKit/537.36 (KHTML, like Gecko) Chrome/78.0.3904.108 Safari/537.36"
34.145.84.35 - - [01/Sep/2025:14:36:32 +0200] "POST //xmlrpc.php HTTP/1.1" 200 401 "-" "Mozilla/5.0 (Windows NT 10.0; Win64; x64) AppleWebKit/537.36 (KHTML, like Gecko) Chrome/78.0.3904.108 Safari/537.36"
34.145.84.35 - - [01/Sep/2025:14:36:34 +0200] "POST //xmlrpc.php HTTP/1.1" 200 401 "-" "Mozilla/5.0 (Windows NT 10.0; Win64; x64) AppleWebKit/537.36 (KHTML, like Gecko) Chrome/78.0.3904.108 Safari/537.36"
34.145.84.35 - - [01/Sep/2025:14:36:36 +0200] "POST //xmlrpc.php HTTP/1.1" 200 401 "-" "Mozilla/5.0 (Windows NT 10.0; Win64; x64) AppleWebKit/537.36 (KHTML, like Gecko) Chrome/78.0.3904.108 Safari/537.36"
34.145.84.35 - - [01/Sep/2025:14:36:38 +0200] "POST //xmlrpc.php HTTP/1.1" 200 401 "-" "Mozilla/5.0 (Windows NT 10.0; Win64; x64) AppleWebKit/537.36 (KHTML, like Gecko) Chrome/78.0.3904.108 Safari/537.36"
34.145.84.35 - - [01/Sep/2025:14:36:40 +0200] "POST //xmlrpc.php HTTP/1.1" 200 401 "-" "Mozilla/5.0 (Windows NT 10.0; Win64; x64) AppleWebKit/537.36 (KHTML, like Gecko) Chrome/78.0.3904.108 Safari/537.36"
34.145.84.35 - - [01/Sep/2025:14:36:42 +0200] "POST //xmlrpc.php HTTP/1.1" 200 401 "-" "Mozilla/5.0 (Windows NT 10.0; Win64; x64) AppleWebKit/537.36 (KHTML, like Gecko) Chrome/78.0.3904.108 Safari/537.36"
34.145.84.35 - - [01/Sep/2025:14:36:44 +0200] "POST //xmlrpc.php HTTP/1.1" 200 401 "-" "Mozilla/5.0 (Windows NT 10.0; Win64; x64) AppleWebKit/537.36 (KHTML, like Gecko) Chrome/78.0.3904.108 Safari/537.36"
3.249.196.207 - - [02/Sep/2025:00:41:41 +0200] "GET / HTTP/1.1" 200 153846 "-" "Mozilla/5.0 (compatible; NetcraftSurveyAgent/1.0; +info@netcraft.com)"
54.217.83.13 - - [02/Sep/2025:03:22:46 +0200] "GET / HTTP/1.1" 200 153846 "-" "Mozilla/5.0 (Linux; Android 14; SM-G998B) AppleWebKit/537.36 (KHTML, like Gecko) Chrome/120.0.0.0 Mobile Safari/537.36"
169.1.20.187 - - [02/Sep/2025:03:22:56 +0200] "POST /wp-cron.php?doing_wp_cron=1756776176.0492370128631591796875 HTTP/1.1" 200 - "-" "WordPress/6.8.2; https://vanloggeneral.squareroot.co.za"
105.4.4.146 - - [02/Sep/2025:10:28:05 +0200] "GET /wp-content/uploads/2023/09/LOGO-AND-SLOGAN_page-0001-1.jpg HTTP/1.1" 200 106728 "https://siriuseverything.co.za/" "Mozilla/5.0 (Windows NT 10.0; Win64; x64) AppleWebKit/537.36 (KHTML, like Gecko) Chrome/139.0.0.0 Safari/537.36"
169.1.20.187 - - [02/Sep/2025:19:16:01 +0200] "GET / HTTP/1.1" 200 153846 "-" "WordPress/6.8.2; https://vanloggeneral.squareroot.co.za"
34.28.178.61 - - [03/Sep/2025:16:11:09 +0200] "GET / HTTP/1.1" 200 153846 "-" "Mozilla/5.0 (Windows NT 10.0; Win64; x64) AppleWebKit/537.36 (KHTML, like Gecko) Chrome/88.0.4240.193 Safari/537.36"
34.28.178.61 - - [03/Sep/2025:16:11:17 +0200] "GET //wp-includes/wlwmanifest.xml HTTP/1.1" 301 - "-" "Mozilla/5.0 (Windows NT 10.0; Win64; x64) AppleWebKit/537.36 (KHTML, like Gecko) Chrome/88.0.4240.193 Safari/537.36"
34.28.178.61 - - [03/Sep/2025:16:11:19 +0200] "GET //xmlrpc.php?rsd HTTP/1.1" 200 894 "-" "Mozilla/5.0 (Windows NT 10.0; Win64; x64) AppleWebKit/537.36 (KHTML, like Gecko) Chrome/88.0.4240.193 Safari/537.36"
34.28.178.61 - - [03/Sep/2025:16:11:21 +0200] "GET //?author=1 HTTP/1.1" 301 - "-" "Mozilla/5.0 (Windows NT 10.0; Win64; x64) AppleWebKit/537.36 (KHTML, like Gecko) Chrome/88.0.4240.193 Safari/537.36"
169.1.20.187 - - [03/Sep/2025:16:11:23 +0200] "POST /wp-cron.php?doing_wp_cron=1756908683.4020149707794189453125 HTTP/1.1" 200 - "-" "WordPress/6.8.2; https://vanloggeneral.squareroot.co.za"
34.28.178.61 - - [03/Sep/2025:16:11:25 +0200] "GET //?author=2 HTTP/1.1" 301 - "-" "Mozilla/5.0 (Windows NT 10.0; Win64; x64) AppleWebKit/537.36 (KHTML, like Gecko) Chrome/88.0.4240.193 Safari/537.36"
34.28.178.61 - - [03/Sep/2025:16:11:28 +0200] "GET //?author=3 HTTP/1.1" 301 - "-" "Mozilla/5.0 (Windows NT 10.0; Win64; x64) AppleWebKit/537.36 (KHTML, like Gecko) Chrome/88.0.4240.193 Safari/537.36"
34.28.178.61 - - [03/Sep/2025:16:11:33 +0200] "GET //wp-json/wp/v2/users/ HTTP/1.1" 403 805 "-" "Mozilla/5.0 (Windows NT 10.0; Win64; x64) AppleWebKit/537.36 (KHTML, like Gecko) Chrome/88.0.4240.193 Safari/537.36"
34.28.178.61 - - [03/Sep/2025:16:11:35 +0200] "POST //xmlrpc.php HTTP/1.1" 200 401 "-" "Mozilla/5.0 (Windows NT 10.0; Win64; x64) AppleWebKit/537.36 (KHTML, like Gecko) Chrome/88.0.4240.193 Safari/537.36"
34.28.178.61 - - [03/Sep/2025:16:11:37 +0200] "POST //xmlrpc.php HTTP/1.1" 200 401 "-" "Mozilla/5.0 (Windows NT 10.0; Win64; x64) AppleWebKit/537.36 (KHTML, like Gecko) Chrome/88.0.4240.193 Safari/537.36"
34.28.178.61 - - [03/Sep/2025:16:11:39 +0200] "POST //xmlrpc.php HTTP/1.1" 200 401 "-" "Mozilla/5.0 (Windows NT 10.0; Win64; x64) AppleWebKit/537.36 (KHTML, like Gecko) Chrome/88.0.4240.193 Safari/537.36"
34.28.178.61 - - [03/Sep/2025:16:11:41 +0200] "POST //xmlrpc.php HTTP/1.1" 200 401 "-" "Mozilla/5.0 (Windows NT 10.0; Win64; x64) AppleWebKit/537.36 (KHTML, like Gecko) Chrome/88.0.4240.193 Safari/537.36"
34.28.178.61 - - [03/Sep/2025:16:11:43 +0200] "POST //xmlrpc.php HTTP/1.1" 200 401 "-" "Mozilla/5.0 (Windows NT 10.0; Win64; x64) AppleWebKit/537.36 (KHTML, like Gecko) Chrome/88.0.4240.193 Safari/537.36"
34.28.178.61 - - [03/Sep/2025:16:11:46 +0200] "POST //xmlrpc.php HTTP/1.1" 200 401 "-" "Mozilla/5.0 (Windows NT 10.0; Win64; x64) AppleWebKit/537.36 (KHTML, like Gecko) Chrome/88.0.4240.193 Safari/537.36"
34.28.178.61 - - [03/Sep/2025:16:11:48 +0200] "POST //xmlrpc.php HTTP/1.1" 200 401 "-" "Mozilla/5.0 (Windows NT 10.0; Win64; x64) AppleWebKit/537.36 (KHTML, like Gecko) Chrome/88.0.4240.193 Safari/537.36"
34.28.178.61 - - [03/Sep/2025:16:11:50 +0200] "POST //xmlrpc.php HTTP/1.1" 200 401 "-" "Mozilla/5.0 (Windows NT 10.0; Win64; x64) AppleWebKit/537.36 (KHTML, like Gecko) Chrome/88.0.4240.193 Safari/537.36"
34.28.178.61 - - [03/Sep/2025:16:11:52 +0200] "POST //xmlrpc.php HTTP/1.1" 200 401 "-" "Mozilla/5.0 (Windows NT 10.0; Win64; x64) AppleWebKit/537.36 (KHTML, like Gecko) Chrome/88.0.4240.193 Safari/537.36"
34.28.178.61 - - [03/Sep/2025:16:11:54 +0200] "POST //xmlrpc.php HTTP/1.1" 200 401 "-" "Mozilla/5.0 (Windows NT 10.0; Win64; x64) AppleWebKit/537.36 (KHTML, like Gecko) Chrome/88.0.4240.193 Safari/537.36"
34.28.178.61 - - [03/Sep/2025:16:11:56 +0200] "POST //xmlrpc.php HTTP/1.1" 200 401 "-" "Mozilla/5.0 (Windows NT 10.0; Win64; x64) AppleWebKit/537.36 (KHTML, like Gecko) Chrome/88.0.4240.193 Safari/537.36"
34.28.178.61 - - [03/Sep/2025:16:11:59 +0200] "POST //xmlrpc.php HTTP/1.1" 200 401 "-" "Mozilla/5.0 (Windows NT 10.0; Win64; x64) AppleWebKit/537.36 (KHTML, like Gecko) Chrome/88.0.4240.193 Safari/537.36"
169.1.20.187 - - [03/Sep/2025:16:12:01 +0200] "POST /wp-cron.php?doing_wp_cron=1756908721.2094669342041015625000 HTTP/1.1" 200 - "-" "WordPress/6.8.2; https://vanloggeneral.squareroot.co.za"
34.28.178.61 - - [03/Sep/2025:16:12:02 +0200] "POST //xmlrpc.php HTTP/1.1" 200 401 "-" "Mozilla/5.0 (Windows NT 10.0; Win64; x64) AppleWebKit/537.36 (KHTML, like Gecko) Chrome/88.0.4240.193 Safari/537.36"
34.28.178.61 - - [03/Sep/2025:16:12:08 +0200] "POST //xmlrpc.php HTTP/1.1" 200 401 "-" "Mozilla/5.0 (Windows NT 10.0; Win64; x64) AppleWebKit/537.36 (KHTML, like Gecko) Chrome/88.0.4240.193 Safari/537.36"
34.28.178.61 - - [03/Sep/2025:16:12:12 +0200] "POST //xmlrpc.php HTTP/1.1" 200 401 "-" "Mozilla/5.0 (Windows NT 10.0; Win64; x64) AppleWebKit/537.36 (KHTML, like Gecko) Chrome/88.0.4240.193 Safari/537.36"
34.28.178.61 - - [03/Sep/2025:16:12:14 +0200] "POST //xmlrpc.php HTTP/1.1" 200 401 "-" "Mozilla/5.0 (Windows NT 10.0; Win64; x64) AppleWebKit/537.36 (KHTML, like Gecko) Chrome/88.0.4240.193 Safari/537.36"
34.28.178.61 - - [03/Sep/2025:16:12:16 +0200] "POST //xmlrpc.php HTTP/1.1" 200 401 "-" "Mozilla/5.0 (Windows NT 10.0; Win64; x64) AppleWebKit/537.36 (KHTML, like Gecko) Chrome/88.0.4240.193 Safari/537.36"
34.28.178.61 - - [03/Sep/2025:16:12:18 +0200] "POST //xmlrpc.php HTTP/1.1" 200 401 "-" "Mozilla/5.0 (Windows NT 10.0; Win64; x64) AppleWebKit/537.36 (KHTML, like Gecko) Chrome/88.0.4240.193 Safari/537.36"
34.28.178.61 - - [03/Sep/2025:16:12:20 +0200] "POST //xmlrpc.php HTTP/1.1" 200 401 "-" "Mozilla/5.0 (Windows NT 10.0; Win64; x64) AppleWebKit/537.36 (KHTML, like Gecko) Chrome/88.0.4240.193 Safari/537.36"
34.28.178.61 - - [03/Sep/2025:16:12:22 +0200] "POST //xmlrpc.php HTTP/1.1" 200 401 "-" "Mozilla/5.0 (Windows NT 10.0; Win64; x64) AppleWebKit/537.36 (KHTML, like Gecko) Chrome/88.0.4240.193 Safari/537.36"
34.28.178.61 - - [03/Sep/2025:16:12:25 +0200] "POST //xmlrpc.php HTTP/1.1" 200 401 "-" "Mozilla/5.0 (Windows NT 10.0; Win64; x64) AppleWebKit/537.36 (KHTML, like Gecko) Chrome/88.0.4240.193 Safari/537.36"
34.28.178.61 - - [03/Sep/2025:16:12:27 +0200] "POST //xmlrpc.php HTTP/1.1" 200 401 "-" "Mozilla/5.0 (Windows NT 10.0; Win64; x64) AppleWebKit/537.36 (KHTML, like Gecko) Chrome/88.0.4240.193 Safari/537.36"
34.28.178.61 - - [03/Sep/2025:16:12:30 +0200] "POST //xmlrpc.php HTTP/1.1" 200 401 "-" "Mozilla/5.0 (Windows NT 10.0; Win64; x64) AppleWebKit/537.36 (KHTML, like Gecko) Chrome/88.0.4240.193 Safari/537.36"
34.28.178.61 - - [03/Sep/2025:16:12:32 +0200] "POST //xmlrpc.php HTTP/1.1" 200 401 "-" "Mozilla/5.0 (Windows NT 10.0; Win64; x64) AppleWebKit/537.36 (KHTML, like Gecko) Chrome/88.0.4240.193 Safari/537.36"
34.28.178.61 - - [03/Sep/2025:16:12:35 +0200] "POST //xmlrpc.php HTTP/1.1" 200 401 "-" "Mozilla/5.0 (Windows NT 10.0; Win64; x64) AppleWebKit/537.36 (KHTML, like Gecko) Chrome/88.0.4240.193 Safari/537.36"
34.28.178.61 - - [03/Sep/2025:16:12:37 +0200] "POST //xmlrpc.php HTTP/1.1" 200 401 "-" "Mozilla/5.0 (Windows NT 10.0; Win64; x64) AppleWebKit/537.36 (KHTML, like Gecko) Chrome/88.0.4240.193 Safari/537.36"
34.28.178.61 - - [03/Sep/2025:16:12:39 +0200] "POST //xmlrpc.php HTTP/1.1" 200 401 "-" "Mozilla/5.0 (Windows NT 10.0; Win64; x64) AppleWebKit/537.36 (KHTML, like Gecko) Chrome/88.0.4240.193 Safari/537.36"
34.28.178.61 - - [03/Sep/2025:16:12:41 +0200] "POST //xmlrpc.php HTTP/1.1" 200 401 "-" "Mozilla/5.0 (Windows NT 10.0; Win64; x64) AppleWebKit/537.36 (KHTML, like Gecko) Chrome/88.0.4240.193 Safari/537.36"
34.28.178.61 - - [03/Sep/2025:16:12:43 +0200] "POST //xmlrpc.php HTTP/1.1" 200 401 "-" "Mozilla/5.0 (Windows NT 10.0; Win64; x64) AppleWebKit/537.36 (KHTML, like Gecko) Chrome/88.0.4240.193 Safari/537.36"
34.28.178.61 - - [03/Sep/2025:16:12:45 +0200] "POST //xmlrpc.php HTTP/1.1" 200 401 "-" "Mozilla/5.0 (Windows NT 10.0; Win64; x64) AppleWebKit/537.36 (KHTML, like Gecko) Chrome/88.0.4240.193 Safari/537.36"
34.28.178.61 - - [03/Sep/2025:16:12:47 +0200] "POST //xmlrpc.php HTTP/1.1" 200 401 "-" "Mozilla/5.0 (Windows NT 10.0; Win64; x64) AppleWebKit/537.36 (KHTML, like Gecko) Chrome/88.0.4240.193 Safari/537.36"
34.28.178.61 - - [03/Sep/2025:16:12:49 +0200] "POST //xmlrpc.php HTTP/1.1" 200 401 "-" "Mozilla/5.0 (Windows NT 10.0; Win64; x64) AppleWebKit/537.36 (KHTML, like Gecko) Chrome/88.0.4240.193 Safari/537.36"
34.28.178.61 - - [03/Sep/2025:16:12:51 +0200] "POST //xmlrpc.php HTTP/1.1" 200 401 "-" "Mozilla/5.0 (Windows NT 10.0; Win64; x64) AppleWebKit/537.36 (KHTML, like Gecko) Chrome/88.0.4240.193 Safari/537.36"
34.28.178.61 - - [03/Sep/2025:16:12:53 +0200] "POST //xmlrpc.php HTTP/1.1" 200 401 "-" "Mozilla/5.0 (Windows NT 10.0; Win64; x64) AppleWebKit/537.36 (KHTML, like Gecko) Chrome/88.0.4240.193 Safari/537.36"
34.28.178.61 - - [03/Sep/2025:16:12:55 +0200] "POST //xmlrpc.php HTTP/1.1" 200 401 "-" "Mozilla/5.0 (Windows NT 10.0; Win64; x64) AppleWebKit/537.36 (KHTML, like Gecko) Chrome/88.0.4240.193 Safari/537.36"
34.28.178.61 - - [03/Sep/2025:16:12:57 +0200] "POST //xmlrpc.php HTTP/1.1" 200 401 "-" "Mozilla/5.0 (Windows NT 10.0; Win64; x64) AppleWebKit/537.36 (KHTML, like Gecko) Chrome/88.0.4240.193 Safari/537.36"
169.1.20.187 - - [03/Sep/2025:16:12:59 +0200] "POST /wp-cron.php?doing_wp_cron=1756908779.4012660980224609375000 HTTP/1.1" 200 - "-" "WordPress/6.8.2; https://vanloggeneral.squareroot.co.za"
34.28.178.61 - - [03/Sep/2025:16:13:00 +0200] "POST //xmlrpc.php HTTP/1.1" 200 401 "-" "Mozilla/5.0 (Windows NT 10.0; Win64; x64) AppleWebKit/537.36 (KHTML, like Gecko) Chrome/88.0.4240.193 Safari/537.36"
34.28.178.61 - - [03/Sep/2025:16:13:04 +0200] "POST //xmlrpc.php HTTP/1.1" 200 401 "-" "Mozilla/5.0 (Windows NT 10.0; Win64; x64) AppleWebKit/537.36 (KHTML, like Gecko) Chrome/88.0.4240.193 Safari/537.36"
34.28.178.61 - - [03/Sep/2025:16:13:07 +0200] "POST //xmlrpc.php HTTP/1.1" 200 401 "-" "Mozilla/5.0 (Windows NT 10.0; Win64; x64) AppleWebKit/537.36 (KHTML, like Gecko) Chrome/88.0.4240.193 Safari/537.36"
34.28.178.61 - - [03/Sep/2025:16:13:09 +0200] "POST //xmlrpc.php HTTP/1.1" 200 401 "-" "Mozilla/5.0 (Windows NT 10.0; Win64; x64) AppleWebKit/537.36 (KHTML, like Gecko) Chrome/88.0.4240.193 Safari/537.36"
34.28.178.61 - - [03/Sep/2025:16:13:12 +0200] "POST //xmlrpc.php HTTP/1.1" 200 401 "-" "Mozilla/5.0 (Windows NT 10.0; Win64; x64) AppleWebKit/537.36 (KHTML, like Gecko) Chrome/88.0.4240.193 Safari/537.36"
34.28.178.61 - - [03/Sep/2025:16:13:14 +0200] "POST //xmlrpc.php HTTP/1.1" 200 401 "-" "Mozilla/5.0 (Windows NT 10.0; Win64; x64) AppleWebKit/537.36 (KHTML, like Gecko) Chrome/88.0.4240.193 Safari/537.36"
34.28.178.61 - - [03/Sep/2025:16:13:16 +0200] "POST //xmlrpc.php HTTP/1.1" 200 401 "-" "Mozilla/5.0 (Windows NT 10.0; Win64; x64) AppleWebKit/537.36 (KHTML, like Gecko) Chrome/88.0.4240.193 Safari/537.36"
34.28.178.61 - - [03/Sep/2025:16:13:19 +0200] "POST //xmlrpc.php HTTP/1.1" 200 401 "-" "Mozilla/5.0 (Windows NT 10.0; Win64; x64) AppleWebKit/537.36 (KHTML, like Gecko) Chrome/88.0.4240.193 Safari/537.36"
34.28.178.61 - - [03/Sep/2025:16:13:21 +0200] "POST //xmlrpc.php HTTP/1.1" 200 401 "-" "Mozilla/5.0 (Windows NT 10.0; Win64; x64) AppleWebKit/537.36 (KHTML, like Gecko) Chrome/88.0.4240.193 Safari/537.36"
34.28.178.61 - - [03/Sep/2025:16:13:23 +0200] "POST //xmlrpc.php HTTP/1.1" 200 401 "-" "Mozilla/5.0 (Windows NT 10.0; Win64; x64) AppleWebKit/537.36 (KHTML, like Gecko) Chrome/88.0.4240.193 Safari/537.36"
34.28.178.61 - - [03/Sep/2025:16:13:25 +0200] "POST //xmlrpc.php HTTP/1.1" 200 401 "-" "Mozilla/5.0 (Windows NT 10.0; Win64; x64) AppleWebKit/537.36 (KHTML, like Gecko) Chrome/88.0.4240.193 Safari/537.36"
34.28.178.61 - - [03/Sep/2025:16:13:28 +0200] "POST //xmlrpc.php HTTP/1.1" 200 401 "-" "Mozilla/5.0 (Windows NT 10.0; Win64; x64) AppleWebKit/537.36 (KHTML, like Gecko) Chrome/88.0.4240.193 Safari/537.36"
34.28.178.61 - - [03/Sep/2025:16:13:31 +0200] "POST //xmlrpc.php HTTP/1.1" 200 401 "-" "Mozilla/5.0 (Windows NT 10.0; Win64; x64) AppleWebKit/537.36 (KHTML, like Gecko) Chrome/88.0.4240.193 Safari/537.36"
34.28.178.61 - - [03/Sep/2025:16:13:34 +0200] "POST //xmlrpc.php HTTP/1.1" 200 401 "-" "Mozilla/5.0 (Windows NT 10.0; Win64; x64) AppleWebKit/537.36 (KHTML, like Gecko) Chrome/88.0.4240.193 Safari/537.36"
34.28.178.61 - - [03/Sep/2025:16:13:37 +0200] "POST //xmlrpc.php HTTP/1.1" 200 401 "-" "Mozilla/5.0 (Windows NT 10.0; Win64; x64) AppleWebKit/537.36 (KHTML, like Gecko) Chrome/88.0.4240.193 Safari/537.36"
34.28.178.61 - - [03/Sep/2025:16:13:39 +0200] "POST //xmlrpc.php HTTP/1.1" 200 401 "-" "Mozilla/5.0 (Windows NT 10.0; Win64; x64) AppleWebKit/537.36 (KHTML, like Gecko) Chrome/88.0.4240.193 Safari/537.36"
34.28.178.61 - - [03/Sep/2025:16:13:41 +0200] "POST //xmlrpc.php HTTP/1.1" 200 401 "-" "Mozilla/5.0 (Windows NT 10.0; Win64; x64) AppleWebKit/537.36 (KHTML, like Gecko) Chrome/88.0.4240.193 Safari/537.36"
34.28.178.61 - - [03/Sep/2025:16:13:45 +0200] "POST //xmlrpc.php HTTP/1.1" 200 401 "-" "Mozilla/5.0 (Windows NT 10.0; Win64; x64) AppleWebKit/537.36 (KHTML, like Gecko) Chrome/88.0.4240.193 Safari/537.36"
34.28.178.61 - - [03/Sep/2025:16:13:48 +0200] "POST //xmlrpc.php HTTP/1.1" 200 401 "-" "Mozilla/5.0 (Windows NT 10.0; Win64; x64) AppleWebKit/537.36 (KHTML, like Gecko) Chrome/88.0.4240.193 Safari/537.36"
34.28.178.61 - - [03/Sep/2025:16:13:51 +0200] "POST //xmlrpc.php HTTP/1.1" 200 401 "-" "Mozilla/5.0 (Windows NT 10.0; Win64; x64) AppleWebKit/537.36 (KHTML, like Gecko) Chrome/88.0.4240.193 Safari/537.36"
34.28.178.61 - - [03/Sep/2025:16:13:54 +0200] "POST //xmlrpc.php HTTP/1.1" 200 401 "-" "Mozilla/5.0 (Windows NT 10.0; Win64; x64) AppleWebKit/537.36 (KHTML, like Gecko) Chrome/88.0.4240.193 Safari/537.36"
34.28.178.61 - - [03/Sep/2025:16:13:56 +0200] "POST //xmlrpc.php HTTP/1.1" 200 401 "-" "Mozilla/5.0 (Windows NT 10.0; Win64; x64) AppleWebKit/537.36 (KHTML, like Gecko) Chrome/88.0.4240.193 Safari/537.36"
34.28.178.61 - - [03/Sep/2025:16:13:59 +0200] "POST //xmlrpc.php HTTP/1.1" 200 401 "-" "Mozilla/5.0 (Windows NT 10.0; Win64; x64) AppleWebKit/537.36 (KHTML, like Gecko) Chrome/88.0.4240.193 Safari/537.36"
169.1.20.187 - - [03/Sep/2025:16:14:02 +0200] "POST /wp-cron.php?doing_wp_cron=1756908842.3136160373687744140625 HTTP/1.1" 200 - "-" "WordPress/6.8.2; https://vanloggeneral.squareroot.co.za"
34.28.178.61 - - [03/Sep/2025:16:14:03 +0200] "POST //xmlrpc.php HTTP/1.1" 200 401 "-" "Mozilla/5.0 (Windows NT 10.0; Win64; x64) AppleWebKit/537.36 (KHTML, like Gecko) Chrome/88.0.4240.193 Safari/537.36"
34.28.178.61 - - [03/Sep/2025:16:14:06 +0200] "POST //xmlrpc.php HTTP/1.1" 200 401 "-" "Mozilla/5.0 (Windows NT 10.0; Win64; x64) AppleWebKit/537.36 (KHTML, like Gecko) Chrome/88.0.4240.193 Safari/537.36"
34.28.178.61 - - [03/Sep/2025:16:14:10 +0200] "POST //xmlrpc.php HTTP/1.1" 200 401 "-" "Mozilla/5.0 (Windows NT 10.0; Win64; x64) AppleWebKit/537.36 (KHTML, like Gecko) Chrome/88.0.4240.193 Safari/537.36"
34.28.178.61 - - [03/Sep/2025:16:14:12 +0200] "POST //xmlrpc.php HTTP/1.1" 200 401 "-" "Mozilla/5.0 (Windows NT 10.0; Win64; x64) AppleWebKit/537.36 (KHTML, like Gecko) Chrome/88.0.4240.193 Safari/537.36"
34.28.178.61 - - [03/Sep/2025:16:14:14 +0200] "POST //xmlrpc.php HTTP/1.1" 200 401 "-" "Mozilla/5.0 (Windows NT 10.0; Win64; x64) AppleWebKit/537.36 (KHTML, like Gecko) Chrome/88.0.4240.193 Safari/537.36"
34.28.178.61 - - [03/Sep/2025:16:14:16 +0200] "POST //xmlrpc.php HTTP/1.1" 200 401 "-" "Mozilla/5.0 (Windows NT 10.0; Win64; x64) AppleWebKit/537.36 (KHTML, like Gecko) Chrome/88.0.4240.193 Safari/537.36"
35.227.74.9 - - [09/Sep/2025:17:47:21 +0200] "GET /.git/config HTTP/1.1" 301 - "-" "-"
169.1.20.187 - - [09/Sep/2025:17:47:46 +0200] "POST /wp-cron.php HTTP/1.1" 200 - "-" "WordPress/6.8.2; https://vanloggeneral.squareroot.co.za"
169.1.20.187 - - [09/Sep/2025:17:47:46 +0200] "GET / HTTP/1.1" 200 153846 "-" "WordPress/6.8.2; https://vanloggeneral.squareroot.co.za"
169.1.20.187 - - [09/Sep/2025:17:47:30 +0200] "POST /wp-cron.php?doing_wp_cron=1757432849.6683559417724609375000 HTTP/1.1" 200 - "-" "WordPress/6.8.2; https://vanloggeneral.squareroot.co.za"
54.75.37.157 - - [10/Sep/2025:16:34:43 +0200] "GET / HTTP/1.1" 200 153846 "-" "Mozilla/5.0 (compatible; NetcraftSurveyAgent/1.0; +info@netcraft.com)"
169.1.20.187 - - [10/Sep/2025:16:34:50 +0200] "POST /wp-cron.php?doing_wp_cron=1757514890.8732020854949951171875 HTTP/1.1" 200 - "-" "WordPress/6.8.2; https://vanloggeneral.squareroot.co.za"
18.202.178.199 - - [10/Sep/2025:18:13:08 +0200] "GET / HTTP/1.1" 301 - "-" "Mozilla/5.0 (compatible; NetcraftSurveyAgent/1.0; +info@netcraft.com)"
169.1.20.187 - - [10/Sep/2025:18:13:16 +0200] "POST /wp-cron.php?doing_wp_cron=1757520796.6196799278259277343750 HTTP/1.1" 200 - "-" "WordPress/6.8.2; https://vanloggeneral.squareroot.co.za"
44.250.156.206 - - [10/Sep/2025:23:43:58 +0200] "GET /robots.txt HTTP/1.1" 301 - "-" "Mozilla/5.0 (compatible; wpbot/1.3; +https://forms.gle/ajBaxygz9jSR8p8G9)"
44.250.156.206 - - [10/Sep/2025:23:44:06 +0200] "GET /robots.txt HTTP/1.1" 200 67 "-" "Mozilla/5.0 (compatible; wpbot/1.3; +https://forms.gle/ajBaxygz9jSR8p8G9)"
44.250.156.206 - - [10/Sep/2025:23:44:09 +0200] "GET / HTTP/1.1" 200 153846 "-" "Mozilla/5.0 (compatible; wpbot/1.3; +https://forms.gle/ajBaxygz9jSR8p8G9)"
169.1.20.187 - - [10/Sep/2025:23:44:05 +0200] "POST /wp-cron.php?doing_wp_cron=1757540645.1813189983367919921875 HTTP/1.1" 200 - "-" "WordPress/6.8.2; https://vanloggeneral.squareroot.co.za"
64.23.237.116 - - [12/Sep/2025:16:40:16 +0200] "GET / HTTP/1.1" 200 31682 "-" "Mozilla/5.0 (X11; Linux x86_64) AppleWebKit/537.36 (KHTML, like Gecko) Chrome/139.0.0.0 Safari/537.36"
169.1.20.187 - - [12/Sep/2025:16:40:20 +0200] "POST /wp-cron.php?doing_wp_cron=1757688020.0215570926666259765625 HTTP/1.1" 200 - "-" "WordPress/6.8.2; https://vanloggeneral.squareroot.co.za"
138.197.87.223 - - [13/Sep/2025:04:20:27 +0200] "GET / HTTP/1.1" 301 - "-" "Mozilla/5.0 (X11; Linux x86_64; rv:139.0) Gecko/20100101 Firefox/139.0"
169.1.20.187 - - [13/Sep/2025:04:20:30 +0200] "POST /wp-cron.php?doing_wp_cron=1757730029.8269178867340087890625 HTTP/1.1" 200 - "-" "WordPress/6.8.2; https://vanloggeneral.squareroot.co.za"
169.1.20.187 - - [13/Sep/2025:04:20:46 +0200] "GET / HTTP/1.1" 200 153846 "-" "WordPress/6.8.2; https://vanloggeneral.squareroot.co.za"
3.84.89.67 - - [20/Sep/2025:07:48:48 +0200] "GET / HTTP/1.1" 301 - "-" "Mozilla/5.0 (Windows NT 10.0; Win64; x64) AppleWebKit/537.36 (KHTML, like Gecko) Chrome/104.0.0.0 Safari/537.36"
169.1.20.187 - - [20/Sep/2025:07:49:24 +0200] "POST /wp-cron.php HTTP/1.1" 200 - "-" "WordPress/6.8.2; https://vanloggeneral.squareroot.co.za"
169.1.20.187 - - [20/Sep/2025:07:49:24 +0200] "GET / HTTP/1.1" 200 153846 "-" "WordPress/6.8.2; https://vanloggeneral.squareroot.co.za"
169.1.20.187 - - [20/Sep/2025:07:49:01 +0200] "POST /wp-cron.php?doing_wp_cron=1758347341.1117570400238037109375 HTTP/1.1" 200 - "-" "WordPress/6.8.2; https://vanloggeneral.squareroot.co.za"
169.1.20.187 - - [23/Sep/2025:10:16:07 +0200] "GET / HTTP/1.1" 200 153846 "-" "WordPress/6.8.2; https://vanloggeneral.squareroot.co.za"
167.71.81.48 - - [26/Sep/2025:06:18:49 +0200] "GET / HTTP/1.1" 200 153846 "-" "Mozilla/5.0 (X11; Linux x86_64) AppleWebKit/537.36 (KHTML, like Gecko) Chrome/139.0.0.0 Safari/537.36"
147.182.135.209 - - [27/Sep/2025:12:26:13 +0200] "GET / HTTP/1.1" 301 - "-" "Mozilla/5.0 (X11; Linux x86_64; rv:139.0) Gecko/20100101 Firefox/139.0"
169.1.20.187 - - [27/Sep/2025:12:26:19 +0200] "POST /wp-cron.php?doing_wp_cron=1758968778.9553589820861816406250 HTTP/1.1" 200 - "-" "WordPress/6.8.2; https://vanloggeneral.squareroot.co.za"
47.82.11.142 - - [29/Sep/2025:10:09:37 +0200] "GET /wp-content/uploads/elementor/css/post-6338.css HTTP/1.1" 200 12235 "-" "Mozilla/5.0 (Macintosh; Intel Mac OS X 10_15_7) AppleWebKit/537.36 (KHTML, like Gecko) Chrome/135.0.0.0 Safari/537.36"
47.82.11.114 - - [29/Sep/2025:10:11:01 +0200] "GET /wp-content/plugins/revslider/public/assets/css/rs6.css HTTP/1.1" 200 58327 "-" "Mozilla/5.0 (Windows NT 10.0; Win64; x64; rv:137.0) Gecko/20100101 Firefox/137.0"
47.82.11.81 - - [29/Sep/2025:10:13:39 +0200] "GET /wp-content/uploads/elementor/css/post-4163.css HTTP/1.1" 200 3821 "-" "Mozilla/5.0 (Windows NT 10.0; Win64; x64) AppleWebKit/537.36 (KHTML, like Gecko) Chrome/134.0.0.0 Safari/537.36"
47.82.11.77 - - [29/Sep/2025:10:13:44 +0200] "GET /wp-content/uploads/elementor/css/post-7.css HTTP/1.1" 200 1483 "-" "Mozilla/5.0 (Windows NT 10.0; Win64; x64; rv:136.0) Gecko/20100101 Firefox/136.0"
47.82.11.81 - - [29/Sep/2025:10:13:46 +0200] "GET /wp-content/uploads/elementor/css/post-789.css HTTP/1.1" 200 9625 "-" "Mozilla/5.0 (Windows NT 10.0; Win64; x64) AppleWebKit/537.36 (KHTML, like Gecko) Chrome/134.0.0.0 Safari/537.36"
47.82.11.115 - - [29/Sep/2025:10:14:54 +0200] "GET /wp-content/themes/tombuild/assets/js/animsition.js HTTP/1.1" 200 5535 "-" "Mozilla/5.0 (Windows NT 10.0; Win64; x64) AppleWebKit/537.36 (KHTML, like Gecko) Chrome/135.0.0.0 Safari/537.36"
47.82.11.111 - - [29/Sep/2025:10:14:54 +0200] "GET /wp-includes/js/underscore.min.js HTTP/1.1" 200 18905 "-" "Mozilla/5.0 (Windows NT 10.0; Win64; x64) AppleWebKit/537.36 (KHTML, like Gecko) Chrome/134.0.0.0 Safari/537.36 Edg/134.0.0.0"
47.82.11.142 - - [29/Sep/2025:10:14:54 +0200] "GET /wp-content/plugins/elementor/assets/lib/waypoints/waypoints.min.js HTTP/1.1" 200 12198 "-" "Mozilla/5.0 (Macintosh; Intel Mac OS X 10_15_7) AppleWebKit/537.36 (KHTML, like Gecko) Chrome/135.0.0.0 Safari/537.36"
47.82.11.57 - - [29/Sep/2025:10:17:07 +0200] "GET /wp-content/themes/tombuild/assets/js/cursor.js HTTP/1.1" 200 890 "-" "Mozilla/5.0 (Macintosh; Intel Mac OS X 10_15_7) AppleWebKit/537.36 (KHTML, like Gecko) Chrome/135.0.0.0 Safari/537.36"
47.82.11.49 - - [29/Sep/2025:10:17:10 +0200] "GET /wp-content/plugins/masterlayer-addons-for-elementor/assets/js/gsap.min.js HTTP/1.1" 200 63372 "-" "Mozilla/5.0 (Windows NT 10.0; Win64; x64) AppleWebKit/537.36 (KHTML, like Gecko) Chrome/135.0.0.0 Safari/537.36"
47.82.11.172 - - [29/Sep/2025:10:17:11 +0200] "GET /wp-includes/js/wp-util.min.js HTTP/1.1" 200 1426 "-" "Mozilla/5.0 (Macintosh; Intel Mac OS X 10_15_7) AppleWebKit/537.36 (KHTML, like Gecko) Chrome/135.0.0.0 Safari/537.36"
47.82.11.58 - - [29/Sep/2025:10:17:13 +0200] "GET /wp-content/plugins/elementor/assets/js/webpack.runtime.min.js HTTP/1.1" 200 4997 "-" "Mozilla/5.0 (Windows NT 10.0; Win64; x64) AppleWebKit/537.36 (KHTML, like Gecko) Chrome/135.0.0.0 Safari/537.36 Edg/135.0.0.0"
47.82.11.58 - - [29/Sep/2025:10:17:16 +0200] "GET /wp-includes/js/jquery/ui/core.min.js HTTP/1.1" 200 21464 "-" "Mozilla/5.0 (Windows NT 10.0; Win64; x64) AppleWebKit/537.36 (KHTML, like Gecko) Chrome/135.0.0.0 Safari/537.36"
47.82.11.103 - - [29/Sep/2025:10:17:16 +0200] "GET /wp-content/plugins/contact-form-7/includes/js/index.js HTTP/1.1" 200 13054 "-" "Mozilla/5.0 (Windows NT 10.0; Win64; x64) AppleWebKit/537.36 (KHTML, like Gecko) Chrome/135.0.0.0 Safari/537.36 Edg/135.0.0.0"
47.82.11.83 - - [29/Sep/2025:10:17:19 +0200] "GET /wp-content/plugins/masterlayer-addons-for-elementor/assets/js/init.js HTTP/1.1" 200 53991 "-" "Mozilla/5.0 (Macintosh; Intel Mac OS X 10_15_7) AppleWebKit/537.36 (KHTML, like Gecko) Chrome/134.0.0.0 Safari/537.36"
47.82.11.83 - - [29/Sep/2025:10:17:20 +0200] "GET /wp-content/plugins/masterlayer-addons-for-elementor/assets/js/waitforimages.js HTTP/1.1" 200 1960 "-" "Mozilla/5.0 (Windows NT 10.0; Win64; x64) AppleWebKit/537.36 (KHTML, like Gecko) Chrome/135.0.0.0 Safari/537.36"
47.82.11.53 - - [29/Sep/2025:10:19:05 +0200] "GET /wp-content/themes/tombuild/assets/js/main.js HTTP/1.1" 200 14088 "-" "Mozilla/5.0 (Windows NT 10.0; Win64; x64; rv:137.0) Gecko/20100101 Firefox/137.0"
47.82.11.111 - - [29/Sep/2025:10:19:05 +0200] "GET /wp-content/plugins/elementor/assets/js/frontend.min.js HTTP/1.1" 200 40254 "-" "Mozilla/5.0 (Macintosh; Intel Mac OS X 10_15_7) AppleWebKit/537.36 (KHTML, like Gecko) Chrome/134.0.0.0 Safari/537.36"
47.82.11.83 - - [29/Sep/2025:10:19:08 +0200] "GET /wp-content/plugins/contact-form-7/includes/swv/js/index.js HTTP/1.1" 200 11513 "-" "Mozilla/5.0 (Macintosh; Intel Mac OS X 10_15_7) AppleWebKit/537.36 (KHTML, like Gecko) Chrome/134.0.0.0 Safari/537.36"
47.82.11.83 - - [29/Sep/2025:10:19:09 +0200] "GET /wp-content/themes/tombuild/assets/js/fitvids.js HTTP/1.1" 200 2164 "-" "Mozilla/5.0 (Macintosh; Intel Mac OS X 10_15_7) AppleWebKit/537.36 (KHTML, like Gecko) Chrome/134.0.0.0 Safari/537.36"
47.82.11.114 - - [29/Sep/2025:10:20:22 +0200] "GET /wp-content/plugins/masterlayer-addons-for-elementor/assets/css/splitting.css HTTP/1.1" 200 888 "-" "Mozilla/5.0 (Windows NT 10.0; Win64; x64) AppleWebKit/537.36 (KHTML, like Gecko) Chrome/135.0.0.0 Safari/537.36"
47.82.11.111 - - [29/Sep/2025:10:20:23 +0200] "GET /wp-content/plugins/masterlayer-addons-for-elementor/assets/css/flickity.css HTTP/1.1" 200 1796 "-" "Mozilla/5.0 (Macintosh; Intel Mac OS X 10_15_7) AppleWebKit/605.1.15 (KHTML, like Gecko) Version/18.4 Safari/605.1.15"
47.82.11.103 - - [29/Sep/2025:10:23:23 +0200] "GET /wp-content/uploads/elementor/css/post-6340.css HTTP/1.1" 200 12240 "-" "Mozilla/5.0 (Macintosh; Intel Mac OS X 10_15_7) AppleWebKit/605.1.15 (KHTML, like Gecko) Version/17.5 Safari/605.1.15"
47.82.11.66 - - [29/Sep/2025:10:23:24 +0200] "GET /wp-content/uploads/elementor/css/post-6341.css HTTP/1.1" 200 12230 "-" "Mozilla/5.0 (Macintosh; Intel Mac OS X 10_15_7) AppleWebKit/605.1.15 (KHTML, like Gecko) Version/18.3.1 Safari/605.1.15"
47.82.11.174 - - [29/Sep/2025:10:23:47 +0200] "GET /wp-content/uploads/elementor/css/post-4453.css HTTP/1.1" 200 12149 "-" "Mozilla/5.0 (Windows NT 10.0; Win64; x64) AppleWebKit/537.36 (KHTML, like Gecko) Chrome/135.0.0.0 Safari/537.36"
47.82.11.175 - - [29/Sep/2025:10:26:14 +0200] "GET /wp-content/plugins/masterlayer-addons-for-elementor/assets/js/countto.js HTTP/1.1" 200 921 "-" "Mozilla/5.0 (Windows NT 10.0; Win64; x64) AppleWebKit/537.36 (KHTML, like Gecko) Chrome/135.0.0.0 Safari/537.36"
47.82.11.115 - - [29/Sep/2025:10:27:48 +0200] "GET /wp-content/plugins/masterlayer-addons-for-elementor/assets/js/splitting.min.js HTTP/1.1" 200 3803 "-" "Mozilla/5.0 (Windows NT 10.0; Win64; x64) AppleWebKit/537.36 (KHTML, like Gecko) Chrome/135.0.0.0 Safari/537.36 Edg/135.0.0.0"
47.82.11.53 - - [29/Sep/2025:10:29:47 +0200] "GET /wp-content/plugins/masterlayer-addons-for-elementor/assets/js/flickity.js HTTP/1.1" 200 53773 "-" "Mozilla/5.0 (X11; CrOS x86_64 14541.0.0) AppleWebKit/537.36 (KHTML, like Gecko) Chrome/132.0.0.0 Safari/537.36"
47.82.11.83 - - [29/Sep/2025:10:29:53 +0200] "GET /wp-content/plugins/masterlayer-addons-for-elementor/assets/js/touchSwipe.min.js HTTP/1.1" 200 20384 "-" "Mozilla/5.0 (Windows NT 10.0; Win64; x64; rv:137.0) Gecko/20100101 Firefox/137.0"
47.82.11.81 - - [29/Sep/2025:10:43:04 +0200] "GET /wp-content/plugins/masterlayer-addons-for-elementor/assets/js/parallax-scroll.js HTTP/1.1" 200 3122 "-" "Mozilla/5.0 (Windows NT 10.0; Win64; x64) AppleWebKit/537.36 (KHTML, like Gecko) Chrome/132.0.0.0 Safari/537.36"
54.217.83.13 - - [03/Oct/2025:03:47:39 +0200] "GET / HTTP/1.1" 200 153846 "-" "Mozilla/5.0 (Linux; Android 13; Pixel 7) AppleWebKit/537.36 (KHTML, like Gecko) Chrome/119.0.0.0 Mobile Safari/537.36"
169.1.20.187 - - [03/Oct/2025:03:48:23 +0200] "POST /wp-admin/upgrade.php?step=upgrade_db HTTP/1.1" 200 1 "-" "WordPress/6.8.2; https://vanloggeneral.squareroot.co.za"
169.1.20.187 - - [03/Oct/2025:03:48:24 +0200] "POST /wp-cron.php?doing_wp_cron=1759456104.4876360893249511718750 HTTP/1.1" 200 - "-" "WordPress/6.8.3; https://vanloggeneral.squareroot.co.za"
169.1.20.187 - - [03/Oct/2025:03:48:35 +0200] "POST /wp-cron.php HTTP/1.1" 200 - "-" "WordPress/6.8.2; https://vanloggeneral.squareroot.co.za"
169.1.20.187 - - [03/Oct/2025:03:48:35 +0200] "GET / HTTP/1.1" 200 153846 "-" "WordPress/6.8.2; https://vanloggeneral.squareroot.co.za"
169.1.20.187 - - [03/Oct/2025:03:47:45 +0200] "POST /wp-cron.php?doing_wp_cron=1759456065.4473121166229248046875 HTTP/1.1" 200 - "-" "WordPress/6.8.2; https://vanloggeneral.squareroot.co.za"
34.86.203.178 - - [03/Oct/2025:23:44:20 +0200] "GET /.git/config HTTP/1.1" 301 - "-" "-"
169.1.20.187 - - [03/Oct/2025:23:44:25 +0200] "POST /wp-cron.php?doing_wp_cron=1759527865.5984458923339843750000 HTTP/1.1" 200 - "-" "WordPress/6.8.3; https://vanloggeneral.squareroot.co.za"
159.65.10.186 - - [08/Oct/2025:10:04:20 +0200] "GET /files.php HTTP/1.1" 404 72086 "www.google.com" "Mozilla/5.0 (Linux; Android 7.0; SM-G892A Build/NRD90M; wv) AppleWebKit/537.36 (KHTML, like Gecko) Version/4.0 Chrome/60.0.3112.107 Mobile Safari/537.36"
169.1.20.187 - - [08/Oct/2025:10:04:30 +0200] "GET / HTTP/1.1" 200 153846 "-" "WordPress/6.8.3; https://vanloggeneral.squareroot.co.za"
159.65.10.186 - - [08/Oct/2025:12:44:28 +0200] "GET /files.php HTTP/1.1" 301 - "www.google.com" "Mozilla/5.0 (Linux; Android 7.0; SM-G892A Build/NRD90M; wv) AppleWebKit/537.36 (KHTML, like Gecko) Version/4.0 Chrome/60.0.3112.107 Mobile Safari/537.36"
159.65.10.186 - - [08/Oct/2025:12:44:35 +0200] "GET /files.php HTTP/1.1" 404 72086 "www.google.com" "Mozilla/5.0 (Linux; Android 7.0; SM-G892A Build/NRD90M; wv) AppleWebKit/537.36 (KHTML, like Gecko) Version/4.0 Chrome/60.0.3112.107 Mobile Safari/537.36"
3.249.206.116 - - [09/Oct/2025:19:48:33 +0200] "GET / HTTP/1.1" 200 153846 "-" "Mozilla/5.0 (compatible; NetcraftSurveyAgent/1.0; +info@netcraft.com)"
138.68.66.187 - - [10/Oct/2025:06:48:16 +0200] "GET / HTTP/1.1" 200 153846 "-" "Mozilla/5.0 (X11; Linux x86_64) AppleWebKit/537.36 (KHTML, like Gecko) Chrome/139.0.0.0 Safari/537.36"
169.1.20.187 - - [10/Oct/2025:06:48:20 +0200] "POST /wp-cron.php?doing_wp_cron=1760071700.3518989086151123046875 HTTP/1.1" 200 - "-" "WordPress/6.8.3; https://vanloggeneral.squareroot.co.za"
3.255.246.239 - - [11/Oct/2025:11:05:53 +0200] "GET / HTTP/1.1" 301 - "-" "Mozilla/5.0 (compatible; NetcraftSurveyAgent/1.0; +info@netcraft.com)"
169.1.20.187 - - [11/Oct/2025:11:06:00 +0200] "POST /wp-cron.php?doing_wp_cron=1760173560.7611379623413085937500 HTTP/1.1" 200 - "-" "WordPress/6.8.3; https://vanloggeneral.squareroot.co.za"
169.1.20.187 - - [11/Oct/2025:12:07:31 +0200] "POST /wp-cron.php?doing_wp_cron=1760177251.2430200576782226562500 HTTP/1.1" 200 - "-" "WordPress/6.8.3; https://vanloggeneral.squareroot.co.za"
52.19.15.168 - - [11/Oct/2025:12:07:26 +0200] "GET / HTTP/1.1" 200 153846 "-" "Mozilla/5.0 (compatible; NetcraftSurveyAgent/1.0; +info@netcraft.com)"
139.59.190.135 - - [11/Oct/2025:16:04:34 +0200] "GET / HTTP/1.1" 301 - "-" "Mozilla/5.0 (X11; Linux x86_64) AppleWebKit/537.36 (KHTML, like Gecko) Chrome/139.0.0.0 Safari/537.36"
139.59.190.135 - - [11/Oct/2025:16:04:41 +0200] "GET /favicon.ico HTTP/1.1" 302 - "https://www.vanloggeneral.squareroot.co.za/" "Mozilla/5.0 (X11; Linux x86_64) AppleWebKit/537.36 (KHTML, like Gecko) Chrome/139.0.0.0 Safari/537.36"
52.210.180.3 - - [13/Oct/2025:03:53:58 +0200] "GET / HTTP/1.1" 301 - "-" "Mozilla/5.0 (compatible; NetcraftSurveyAgent/1.0; +info@netcraft.com)"
169.1.20.187 - - [13/Oct/2025:03:54:18 +0200] "GET / HTTP/1.1" 200 153846 "-" "WordPress/6.8.3; https://vanloggeneral.squareroot.co.za"
169.1.20.187 - - [13/Oct/2025:03:54:06 +0200] "POST /wp-cron.php?doing_wp_cron=1760320445.9514238834381103515625 HTTP/1.1" 200 - "-" "WordPress/6.8.3; https://vanloggeneral.squareroot.co.za"
169.1.20.187 - - [13/Oct/2025:07:05:34 +0200] "POST /wp-cron.php?doing_wp_cron=1760331934.6134610176086425781250 HTTP/1.1" 200 - "-" "WordPress/6.8.3; https://vanloggeneral.squareroot.co.za"
34.247.182.102 - - [13/Oct/2025:07:05:29 +0200] "GET / HTTP/1.1" 200 153846 "-" "Mozilla/5.0 (compatible; NetcraftSurveyAgent/1.0; +info@netcraft.com)"
34.254.163.212 - - [14/Oct/2025:07:20:46 +0200] "GET / HTTP/1.1" 301 - "-" "Mozilla/5.0 (compatible; NetcraftSurveyAgent/1.0; +info@netcraft.com)"
169.1.20.187 - - [14/Oct/2025:07:20:53 +0200] "POST /wp-cron.php?doing_wp_cron=1760419253.1795210838317871093750 HTTP/1.1" 200 - "-" "WordPress/6.8.3; https://vanloggeneral.squareroot.co.za"
169.1.20.187 - - [14/Oct/2025:08:22:34 +0200] "POST /wp-cron.php?doing_wp_cron=1760422954.5252768993377685546875 HTTP/1.1" 200 - "-" "WordPress/6.8.3; https://vanloggeneral.squareroot.co.za"
3.250.236.30 - - [14/Oct/2025:08:22:32 +0200] "GET / HTTP/1.1" 200 153846 "-" "Mozilla/5.0 (compatible; NetcraftSurveyAgent/1.0; +info@netcraft.com)"
93.158.90.166 - - [15/Oct/2025:00:57:30 +0200] "GET / HTTP/1.1" 200 31682 "http://www.vanloggeneral.squareroot.co.za/" "Mozilla/5.0 (Windows NT 10.0; Win64; x64; rv:123.0) Gecko/20100101 Firefox/123"
169.1.20.187 - - [15/Oct/2025:00:57:36 +0200] "GET / HTTP/1.1" 200 153846 "-" "WordPress/6.8.3; https://vanloggeneral.squareroot.co.za"
205.210.31.48 - - [20/Oct/2025:12:43:28 +0200] "GET / HTTP/1.1" 200 47682 "-" "-"
169.1.20.187 - - [20/Oct/2025:12:43:35 +0200] "POST /wp-cron.php?doing_wp_cron=1760957015.1685109138488769531250 HTTP/1.1" 200 - "-" "WordPress/6.8.3; https://vanloggeneral.squareroot.co.za"
169.1.20.187 - - [21/Oct/2025:13:03:31 +0200] "GET / HTTP/1.1" 200 153846 "-" "WordPress/6.8.3; https://vanloggeneral.squareroot.co.za"
188.166.89.144 - - [24/Oct/2025:13:48:21 +0200] "GET / HTTP/1.1" 200 31682 "-" "Mozilla/5.0 (X11; Linux x86_64) AppleWebKit/537.36 (KHTML, like Gecko) Chrome/139.0.0.0 Safari/537.36"
169.1.20.187 - - [24/Oct/2025:13:48:24 +0200] "POST /wp-cron.php?doing_wp_cron=1761306504.7507550716400146484375 HTTP/1.1" 200 - "-" "WordPress/6.8.3; https://vanloggeneral.squareroot.co.za"
205.210.31.51 - - [24/Oct/2025:23:30:26 +0200] "GET / HTTP/1.1" 301 - "-" "-"
205.210.31.51 - - [24/Oct/2025:23:30:34 +0200] "GET / HTTP/1.1" 200 153846 "-" "-"
169.1.20.187 - - [24/Oct/2025:23:30:32 +0200] "POST /wp-cron.php?doing_wp_cron=1761341431.9513709545135498046875 HTTP/1.1" 200 - "-" "WordPress/6.8.3; https://vanloggeneral.squareroot.co.za"
198.211.99.229 - - [25/Oct/2025:09:55:44 +0200] "GET / HTTP/1.1" 301 - "-" "Mozilla/5.0 (X11; Linux x86_64; rv:139.0) Gecko/20100101 Firefox/139.0"
198.211.99.229 - - [25/Oct/2025:09:55:52 +0200] "GET /favicon.ico HTTP/1.1" 302 - "https://www.vanloggeneral.squareroot.co.za/" "Mozilla/5.0 (X11; Linux x86_64; rv:139.0) Gecko/20100101 Firefox/139.0"
185.203.122.233 - - [25/Oct/2025:11:10:03 +0200] "GET / HTTP/1.1" 200 31682 "-" "Mozilla/5.0 (X11; Linux x86_64) AppleWebKit/537.36 (KHTML, like Gecko) Chrome/137.0.0.0 Safari/537.36"
93.119.227.91 - - [25/Oct/2025:16:56:40 +0200] "GET / HTTP/1.1" 301 - "-" "Mozilla/5.0 (Linux; U; Android 4.4.2; en-us; SCH-I535 Build/KOT49H) AppleWebKit/534.30 (KHTML, like Gecko) Version/4.0 Mobile Safari/534.30"
169.1.20.187 - - [25/Oct/2025:16:56:45 +0200] "POST /wp-cron.php?doing_wp_cron=1761404205.7805769443511962890625 HTTP/1.1" 200 - "-" "WordPress/6.8.3; https://vanloggeneral.squareroot.co.za"
169.1.20.187 - - [25/Oct/2025:16:56:45 +0200] "POST /wp-cron.php?doing_wp_cron=1761404205.7798418998718261718750 HTTP/1.1" 200 - "-" "WordPress/6.8.3; https://vanloggeneral.squareroot.co.za"
93.119.227.91 - - [25/Oct/2025:16:56:40 +0200] "GET / HTTP/1.1" 200 153846 "-" "Mozilla/5.0 (Macintosh; Intel Mac OS X 10_12_6) AppleWebKit/537.36 (KHTML, like Gecko) Chrome/64.0.3282.186 Safari/537.36"
93.119.227.91 - - [25/Oct/2025:16:56:47 +0200] "GET / HTTP/1.1" 200 153846 "-" "Mozilla/5.0 (Linux; U; Android 4.4.2; en-us; SCH-I535 Build/KOT49H) AppleWebKit/534.30 (KHTML, like Gecko) Version/4.0 Mobile Safari/534.30"
69.4.87.74 - - [25/Oct/2025:17:07:01 +0200] "GET / HTTP/1.1" 301 - "-" "Mozilla/5.0 (Linux; Android 7.0; SM-G930V Build/NRD90M) AppleWebKit/537.36 (KHTML, like Gecko) Chrome/59.0.3071.125 Mobile Safari/537.36"
69.4.87.74 - - [25/Oct/2025:17:07:01 +0200] "GET / HTTP/1.1" 200 153846 "-" "Mozilla/5.0 (Macintosh; Intel Mac OS X 10_12_6) AppleWebKit/537.36 (KHTML, like Gecko) Chrome/64.0.3282.186 Safari/537.36"
169.1.20.187 - - [25/Oct/2025:17:07:06 +0200] "POST /wp-cron.php?doing_wp_cron=1761404826.1729280948638916015625 HTTP/1.1" 200 - "-" "WordPress/6.8.3; https://vanloggeneral.squareroot.co.za"
69.4.87.74 - - [25/Oct/2025:17:07:07 +0200] "GET / HTTP/1.1" 200 153846 "-" "Mozilla/5.0 (Linux; Android 7.0; SM-G930V Build/NRD90M) AppleWebKit/537.36 (KHTML, like Gecko) Chrome/59.0.3071.125 Mobile Safari/537.36"
143.198.153.189 - - [26/Oct/2025:06:30:43 +0200] "GET / HTTP/1.1" 200 153846 "-" "Mozilla/5.0 (Windows NT 10.0; Win64; x64) AppleWebKit/537.36 (KHTML, like Gecko) Chrome/78.0.3904.108 Safari/537.36"
143.198.153.189 - - [26/Oct/2025:06:30:49 +0200] "GET //wp-includes/wlwmanifest.xml HTTP/1.1" 301 - "-" "Mozilla/5.0 (Windows NT 10.0; Win64; x64) AppleWebKit/537.36 (KHTML, like Gecko) Chrome/78.0.3904.108 Safari/537.36"
143.198.153.189 - - [26/Oct/2025:06:30:52 +0200] "GET //xmlrpc.php?rsd HTTP/1.1" 200 894 "-" "Mozilla/5.0 (Windows NT 10.0; Win64; x64) AppleWebKit/537.36 (KHTML, like Gecko) Chrome/78.0.3904.108 Safari/537.36"
143.198.153.189 - - [26/Oct/2025:06:30:54 +0200] "GET //?author=1 HTTP/1.1" 301 - "-" "Mozilla/5.0 (Windows NT 10.0; Win64; x64) AppleWebKit/537.36 (KHTML, like Gecko) Chrome/78.0.3904.108 Safari/537.36"
143.198.153.189 - - [26/Oct/2025:06:30:56 +0200] "GET //?author=2 HTTP/1.1" 301 - "-" "Mozilla/5.0 (Windows NT 10.0; Win64; x64) AppleWebKit/537.36 (KHTML, like Gecko) Chrome/78.0.3904.108 Safari/537.36"
143.198.153.189 - - [26/Oct/2025:06:30:59 +0200] "GET //wp-json/wp/v2/users/ HTTP/1.1" 403 805 "-" "Mozilla/5.0 (Windows NT 10.0; Win64; x64) AppleWebKit/537.36 (KHTML, like Gecko) Chrome/78.0.3904.108 Safari/537.36"
169.1.20.187 - - [26/Oct/2025:06:31:04 +0200] "POST /wp-cron.php?doing_wp_cron=1761453064.7630650997161865234375 HTTP/1.1" 200 - "-" "WordPress/6.8.3; https://vanloggeneral.squareroot.co.za"
143.198.153.189 - - [26/Oct/2025:06:31:06 +0200] "POST //xmlrpc.php HTTP/1.1" 200 401 "-" "Mozilla/5.0 (Windows NT 10.0; Win64; x64) AppleWebKit/537.36 (KHTML, like Gecko) Chrome/78.0.3904.108 Safari/537.36"
143.198.153.189 - - [26/Oct/2025:06:31:10 +0200] "POST //xmlrpc.php HTTP/1.1" 200 401 "-" "Mozilla/5.0 (Windows NT 10.0; Win64; x64) AppleWebKit/537.36 (KHTML, like Gecko) Chrome/78.0.3904.108 Safari/537.36"
143.198.153.189 - - [26/Oct/2025:06:31:12 +0200] "POST //xmlrpc.php HTTP/1.1" 200 401 "-" "Mozilla/5.0 (Windows NT 10.0; Win64; x64) AppleWebKit/537.36 (KHTML, like Gecko) Chrome/78.0.3904.108 Safari/537.36"
143.198.153.189 - - [26/Oct/2025:06:31:15 +0200] "POST //xmlrpc.php HTTP/1.1" 200 401 "-" "Mozilla/5.0 (Windows NT 10.0; Win64; x64) AppleWebKit/537.36 (KHTML, like Gecko) Chrome/78.0.3904.108 Safari/537.36"
143.198.153.189 - - [26/Oct/2025:06:31:17 +0200] "POST //xmlrpc.php HTTP/1.1" 200 401 "-" "Mozilla/5.0 (Windows NT 10.0; Win64; x64) AppleWebKit/537.36 (KHTML, like Gecko) Chrome/78.0.3904.108 Safari/537.36"
143.198.153.189 - - [26/Oct/2025:06:31:19 +0200] "POST //xmlrpc.php HTTP/1.1" 200 401 "-" "Mozilla/5.0 (Windows NT 10.0; Win64; x64) AppleWebKit/537.36 (KHTML, like Gecko) Chrome/78.0.3904.108 Safari/537.36"
143.198.153.189 - - [26/Oct/2025:06:31:22 +0200] "POST //xmlrpc.php HTTP/1.1" 200 401 "-" "Mozilla/5.0 (Windows NT 10.0; Win64; x64) AppleWebKit/537.36 (KHTML, like Gecko) Chrome/78.0.3904.108 Safari/537.36"
143.198.153.189 - - [26/Oct/2025:06:31:25 +0200] "POST //xmlrpc.php HTTP/1.1" 200 401 "-" "Mozilla/5.0 (Windows NT 10.0; Win64; x64) AppleWebKit/537.36 (KHTML, like Gecko) Chrome/78.0.3904.108 Safari/537.36"
143.198.153.189 - - [26/Oct/2025:06:31:28 +0200] "POST //xmlrpc.php HTTP/1.1" 200 401 "-" "Mozilla/5.0 (Windows NT 10.0; Win64; x64) AppleWebKit/537.36 (KHTML, like Gecko) Chrome/78.0.3904.108 Safari/537.36"
143.198.153.189 - - [26/Oct/2025:06:31:31 +0200] "POST //xmlrpc.php HTTP/1.1" 200 401 "-" "Mozilla/5.0 (Windows NT 10.0; Win64; x64) AppleWebKit/537.36 (KHTML, like Gecko) Chrome/78.0.3904.108 Safari/537.36"
143.198.153.189 - - [26/Oct/2025:06:31:34 +0200] "POST //xmlrpc.php HTTP/1.1" 200 401 "-" "Mozilla/5.0 (Windows NT 10.0; Win64; x64) AppleWebKit/537.36 (KHTML, like Gecko) Chrome/78.0.3904.108 Safari/537.36"
143.198.153.189 - - [26/Oct/2025:06:31:37 +0200] "POST //xmlrpc.php HTTP/1.1" 200 401 "-" "Mozilla/5.0 (Windows NT 10.0; Win64; x64) AppleWebKit/537.36 (KHTML, like Gecko) Chrome/78.0.3904.108 Safari/537.36"
143.198.153.189 - - [26/Oct/2025:06:31:40 +0200] "POST //xmlrpc.php HTTP/1.1" 200 401 "-" "Mozilla/5.0 (Windows NT 10.0; Win64; x64) AppleWebKit/537.36 (KHTML, like Gecko) Chrome/78.0.3904.108 Safari/537.36"
143.198.153.189 - - [26/Oct/2025:06:31:43 +0200] "POST //xmlrpc.php HTTP/1.1" 200 401 "-" "Mozilla/5.0 (Windows NT 10.0; Win64; x64) AppleWebKit/537.36 (KHTML, like Gecko) Chrome/78.0.3904.108 Safari/537.36"
143.198.153.189 - - [26/Oct/2025:06:31:46 +0200] "POST //xmlrpc.php HTTP/1.1" 200 401 "-" "Mozilla/5.0 (Windows NT 10.0; Win64; x64) AppleWebKit/537.36 (KHTML, like Gecko) Chrome/78.0.3904.108 Safari/537.36"
143.198.153.189 - - [26/Oct/2025:06:31:48 +0200] "POST //xmlrpc.php HTTP/1.1" 200 401 "-" "Mozilla/5.0 (Windows NT 10.0; Win64; x64) AppleWebKit/537.36 (KHTML, like Gecko) Chrome/78.0.3904.108 Safari/537.36"
143.198.153.189 - - [26/Oct/2025:06:31:50 +0200] "POST //xmlrpc.php HTTP/1.1" 200 401 "-" "Mozilla/5.0 (Windows NT 10.0; Win64; x64) AppleWebKit/537.36 (KHTML, like Gecko) Chrome/78.0.3904.108 Safari/537.36"
143.198.153.189 - - [26/Oct/2025:06:31:53 +0200] "POST //xmlrpc.php HTTP/1.1" 200 401 "-" "Mozilla/5.0 (Windows NT 10.0; Win64; x64) AppleWebKit/537.36 (KHTML, like Gecko) Chrome/78.0.3904.108 Safari/537.36"
143.198.153.189 - - [26/Oct/2025:06:31:55 +0200] "POST //xmlrpc.php HTTP/1.1" 200 401 "-" "Mozilla/5.0 (Windows NT 10.0; Win64; x64) AppleWebKit/537.36 (KHTML, like Gecko) Chrome/78.0.3904.108 Safari/537.36"
143.198.153.189 - - [26/Oct/2025:06:31:58 +0200] "POST //xmlrpc.php HTTP/1.1" 200 401 "-" "Mozilla/5.0 (Windows NT 10.0; Win64; x64) AppleWebKit/537.36 (KHTML, like Gecko) Chrome/78.0.3904.108 Safari/537.36"
169.1.20.187 - - [26/Oct/2025:06:32:00 +0200] "POST /wp-cron.php?doing_wp_cron=1761453120.6506650447845458984375 HTTP/1.1" 200 - "-" "WordPress/6.8.3; https://vanloggeneral.squareroot.co.za"
143.198.153.189 - - [26/Oct/2025:06:32:02 +0200] "POST //xmlrpc.php HTTP/1.1" 200 401 "-" "Mozilla/5.0 (Windows NT 10.0; Win64; x64) AppleWebKit/537.36 (KHTML, like Gecko) Chrome/78.0.3904.108 Safari/537.36"
143.198.153.189 - - [26/Oct/2025:06:32:08 +0200] "POST //xmlrpc.php HTTP/1.1" 200 401 "-" "Mozilla/5.0 (Windows NT 10.0; Win64; x64) AppleWebKit/537.36 (KHTML, like Gecko) Chrome/78.0.3904.108 Safari/537.36"
143.198.153.189 - - [26/Oct/2025:06:32:10 +0200] "POST //xmlrpc.php HTTP/1.1" 200 401 "-" "Mozilla/5.0 (Windows NT 10.0; Win64; x64) AppleWebKit/537.36 (KHTML, like Gecko) Chrome/78.0.3904.108 Safari/537.36"
