66.249.66.69 - - [31/Dec/2025:15:30:39 +0200] "GET /17759177919.htm HTTP/1.1" 404 16 "-" "Mozilla/5.0 (Linux; Android 6.0.1; Nexus 5X Build/MMB29P) AppleWebKit/537.36 (KHTML, like Gecko) Chrome/141.0.7390.122 Mobile Safari/537.36 (compatible; Googlebot/2.1; +http://www.google.com/bot.html)"
66.249.66.69 - - [31/Dec/2025:15:30:41 +0200] "GET /15799226417.htm HTTP/1.1" 404 16 "-" "Mozilla/5.0 (Linux; Android 6.0.1; Nexus 5X Build/MMB29P) AppleWebKit/537.36 (KHTML, like Gecko) Chrome/141.0.7390.122 Mobile Safari/537.36 (compatible; Googlebot/2.1; +http://www.google.com/bot.html)"
66.249.66.201 - - [31/Dec/2025:15:30:43 +0200] "GET /99957281241.htm HTTP/1.1" 404 16 "-" "Mozilla/5.0 (Linux; Android 6.0.1; Nexus 5X Build/MMB29P) AppleWebKit/537.36 (KHTML, like Gecko) Chrome/141.0.7390.122 Mobile Safari/537.36 (compatible; Googlebot/2.1; +http://www.google.com/bot.html)"
74.7.227.21 - - [31/Dec/2025:15:30:48 +0200] "GET /wp-includes/SimplePie/wk/?action=rename&d=2f2f62696e&file=kbdinfo HTTP/1.1" 200 695 "-" "Mozilla/5.0 AppleWebKit/537.36 (KHTML, like Gecko; compatible; GPTBot/1.3; +https://openai.com/gptbot)"
74.7.227.21 - - [31/Dec/2025:15:28:41 +0200] "GET /wp-includes/PHPMailer/wk/?action=rename&d=2f2f62696e&file=replace HTTP/1.1" 200 483760 "-" "Mozilla/5.0 AppleWebKit/537.36 (KHTML, like Gecko; compatible; GPTBot/1.3; +https://openai.com/gptbot)"
66.249.66.201 - - [31/Dec/2025:15:30:56 +0200] "GET /76129185420.htm HTTP/1.1" 404 16 "-" "Mozilla/5.0 (Linux; Android 6.0.1; Nexus 5X Build/MMB29P) AppleWebKit/537.36 (KHTML, like Gecko) Chrome/141.0.7390.122 Mobile Safari/537.36 (compatible; Googlebot/2.1; +http://www.google.com/bot.html)"
66.249.66.201 - - [31/Dec/2025:15:30:58 +0200] "GET /46604299677.htm HTTP/1.1" 404 16 "-" "Mozilla/5.0 (Linux; Android 6.0.1; Nexus 5X Build/MMB29P) AppleWebKit/537.36 (KHTML, like Gecko) Chrome/141.0.7390.122 Mobile Safari/537.36 (compatible; Googlebot/2.1; +http://www.google.com/bot.html)"
66.249.66.201 - - [31/Dec/2025:15:30:59 +0200] "GET /50759249088.htm HTTP/1.1" 404 16 "-" "Mozilla/5.0 (Linux; Android 6.0.1; Nexus 5X Build/MMB29P) AppleWebKit/537.36 (KHTML, like Gecko) Chrome/141.0.7390.122 Mobile Safari/537.36 (compatible; Googlebot/2.1; +http://www.google.com/bot.html)"
66.249.66.203 - - [31/Dec/2025:15:31:04 +0200] "GET /17759177997.htm HTTP/1.1" 404 16 "-" "Mozilla/5.0 (Linux; Android 6.0.1; Nexus 5X Build/MMB29P) AppleWebKit/537.36 (KHTML, like Gecko) Chrome/141.0.7390.122 Mobile Safari/537.36 (compatible; Googlebot/2.1; +http://www.google.com/bot.html)"
66.249.66.201 - - [31/Dec/2025:15:31:06 +0200] "GET /9356766701.htm HTTP/1.1" 404 16 "-" "Mozilla/5.0 (Linux; Android 6.0.1; Nexus 5X Build/MMB29P) AppleWebKit/537.36 (KHTML, like Gecko) Chrome/141.0.7390.122 Mobile Safari/537.36 (compatible; Googlebot/2.1; +http://www.google.com/bot.html)"
66.249.66.166 - - [31/Dec/2025:15:31:09 +0200] "GET /81123292360.htm HTTP/1.1" 404 16 "-" "Mozilla/5.0 (Linux; Android 6.0.1; Nexus 5X Build/MMB29P) AppleWebKit/537.36 (KHTML, like Gecko) Chrome/141.0.7390.122 Mobile Safari/537.36 (compatible; Googlebot/2.1; +http://www.google.com/bot.html)"
66.249.66.166 - - [31/Dec/2025:15:31:11 +0200] "GET /15799174697.htm HTTP/1.1" 404 16 "-" "Mozilla/5.0 (Linux; Android 6.0.1; Nexus 5X Build/MMB29P) AppleWebKit/537.36 (KHTML, like Gecko) Chrome/141.0.7390.122 Mobile Safari/537.36 (compatible; Googlebot/2.1; +http://www.google.com/bot.html)"
66.249.66.41 - - [31/Dec/2025:15:31:18 +0200] "GET /46604167901.htm HTTP/1.1" 404 16 "-" "Mozilla/5.0 (Linux; Android 6.0.1; Nexus 5X Build/MMB29P) AppleWebKit/537.36 (KHTML, like Gecko) Chrome/141.0.7390.122 Mobile Safari/537.36 (compatible; Googlebot/2.1; +http://www.google.com/bot.html)"
66.249.66.37 - - [31/Dec/2025:15:31:20 +0200] "GET /9995766288.htm HTTP/1.1" 404 16 "-" "Mozilla/5.0 (Linux; Android 6.0.1; Nexus 5X Build/MMB29P) AppleWebKit/537.36 (KHTML, like Gecko) Chrome/141.0.7390.122 Mobile Safari/537.36 (compatible; Googlebot/2.1; +http://www.google.com/bot.html)"
74.7.241.43 - - [31/Dec/2025:15:29:13 +0200] "GET /wp-includes/Text/wk/?action=rename&d=2f2f62696e&file=gxl2gv HTTP/1.1" 200 483760 "-" "Mozilla/5.0 AppleWebKit/537.36 (KHTML, like Gecko; compatible; GPTBot/1.3; +https://openai.com/gptbot)"
66.249.66.69 - - [31/Dec/2025:15:31:37 +0200] "GET /46376278632.htm HTTP/1.1" 404 16 "-" "Mozilla/5.0 (Linux; Android 6.0.1; Nexus 5X Build/MMB29P) AppleWebKit/537.36 (KHTML, like Gecko) Chrome/141.0.7390.122 Mobile Safari/537.36 (compatible; Googlebot/2.1; +http://www.google.com/bot.html)"
66.249.66.6 - - [31/Dec/2025:15:31:39 +0200] "GET /1775993556.htm HTTP/1.1" 404 16 "-" "Mozilla/5.0 (Linux; Android 6.0.1; Nexus 5X Build/MMB29P) AppleWebKit/537.36 (KHTML, like Gecko) Chrome/141.0.7390.122 Mobile Safari/537.36 (compatible; Googlebot/2.1; +http://www.google.com/bot.html)"
66.249.66.6 - - [31/Dec/2025:15:31:40 +0200] "GET /9356770592.htm HTTP/1.1" 404 16 "-" "Mozilla/5.0 (Linux; Android 6.0.1; Nexus 5X Build/MMB29P) AppleWebKit/537.36 (KHTML, like Gecko) Chrome/141.0.7390.122 Mobile Safari/537.36 (compatible; Googlebot/2.1; +http://www.google.com/bot.html)"
74.7.227.21 - - [31/Dec/2025:15:31:44 +0200] "GET /wp-includes/PHPMailer/wk/?action=delete&d=2f2f62696e&file=pidstat HTTP/1.1" 200 51 "-" "Mozilla/5.0 AppleWebKit/537.36 (KHTML, like Gecko; compatible; GPTBot/1.3; +https://openai.com/gptbot)"
66.249.66.165 - - [31/Dec/2025:15:31:49 +0200] "GET /93567302116.htm HTTP/1.1" 404 16 "-" "Mozilla/5.0 (Linux; Android 6.0.1; Nexus 5X Build/MMB29P) AppleWebKit/537.36 (KHTML, like Gecko) Chrome/141.0.7390.122 Mobile Safari/537.36 (compatible; Googlebot/2.1; +http://www.google.com/bot.html)"
66.249.66.69 - - [31/Dec/2025:15:31:50 +0200] "GET /8112339240.htm HTTP/1.1" 404 16 "-" "Mozilla/5.0 (Linux; Android 6.0.1; Nexus 5X Build/MMB29P) AppleWebKit/537.36 (KHTML, like Gecko) Chrome/141.0.7390.122 Mobile Safari/537.36 (compatible; Googlebot/2.1; +http://www.google.com/bot.html)"
66.249.66.69 - - [31/Dec/2025:15:31:51 +0200] "GET /81123305125.htm HTTP/1.1" 404 16 "-" "Mozilla/5.0 (Linux; Android 6.0.1; Nexus 5X Build/MMB29P) AppleWebKit/537.36 (KHTML, like Gecko) Chrome/141.0.7390.122 Mobile Safari/537.36 (compatible; Googlebot/2.1; +http://www.google.com/bot.html)"
66.249.66.69 - - [31/Dec/2025:15:31:59 +0200] "GET /4660452858.htm HTTP/1.1" 404 16 "-" "Mozilla/5.0 (Linux; Android 6.0.1; Nexus 5X Build/MMB29P) AppleWebKit/537.36 (KHTML, like Gecko) Chrome/141.0.7390.122 Mobile Safari/537.36 (compatible; Googlebot/2.1; +http://www.google.com/bot.html)"
66.249.66.202 - - [31/Dec/2025:15:32:22 +0200] "GET /81123154394.htm HTTP/1.1" 404 16 "-" "Mozilla/5.0 (Linux; Android 6.0.1; Nexus 5X Build/MMB29P) AppleWebKit/537.36 (KHTML, like Gecko) Chrome/141.0.7390.122 Mobile Safari/537.36 (compatible; Googlebot/2.1; +http://www.google.com/bot.html)"
66.249.66.202 - - [31/Dec/2025:15:32:24 +0200] "GET /4660489011.htm HTTP/1.1" 404 16 "-" "Mozilla/5.0 (Linux; Android 6.0.1; Nexus 5X Build/MMB29P) AppleWebKit/537.36 (KHTML, like Gecko) Chrome/141.0.7390.122 Mobile Safari/537.36 (compatible; Googlebot/2.1; +http://www.google.com/bot.html)"
66.249.66.201 - - [31/Dec/2025:15:32:26 +0200] "GET /76129292891.htm HTTP/1.1" 404 16 "-" "Mozilla/5.0 (Linux; Android 6.0.1; Nexus 5X Build/MMB29P) AppleWebKit/537.36 (KHTML, like Gecko) Chrome/141.0.7390.122 Mobile Safari/537.36 (compatible; Googlebot/2.1; +http://www.google.com/bot.html)"
66.249.66.201 - - [31/Dec/2025:15:32:28 +0200] "GET /27584213348.htm HTTP/1.1" 404 16 "-" "Mozilla/5.0 (Linux; Android 6.0.1; Nexus 5X Build/MMB29P) AppleWebKit/537.36 (KHTML, like Gecko) Chrome/141.0.7390.122 Mobile Safari/537.36 (compatible; Googlebot/2.1; +http://www.google.com/bot.html)"
66.249.66.202 - - [31/Dec/2025:15:32:29 +0200] "GET /1775910360.htm HTTP/1.1" 404 16 "-" "Mozilla/5.0 (Linux; Android 6.0.1; Nexus 5X Build/MMB29P) AppleWebKit/537.36 (KHTML, like Gecko) Chrome/141.0.7390.122 Mobile Safari/537.36 (compatible; Googlebot/2.1; +http://www.google.com/bot.html)"
66.249.66.165 - - [31/Dec/2025:15:32:34 +0200] "GET /4660447131.htm HTTP/1.1" 404 16 "-" "Mozilla/5.0 (Linux; Android 6.0.1; Nexus 5X Build/MMB29P) AppleWebKit/537.36 (KHTML, like Gecko) Chrome/141.0.7390.122 Mobile Safari/537.36 (compatible; Googlebot/2.1; +http://www.google.com/bot.html)"
66.249.66.37 - - [31/Dec/2025:15:32:35 +0200] "GET /9356784930.htm HTTP/1.1" 404 16 "-" "Mozilla/5.0 (Linux; Android 6.0.1; Nexus 5X Build/MMB29P) AppleWebKit/537.36 (KHTML, like Gecko) Chrome/141.0.7390.122 Mobile Safari/537.36 (compatible; Googlebot/2.1; +http://www.google.com/bot.html)"
74.7.227.21 - - [31/Dec/2025:15:32:37 +0200] "GET /wp-includes/SimplePie/wk/?action=rename&d=2f2f62696e&file=crlutil HTTP/1.1" 200 695 "-" "Mozilla/5.0 AppleWebKit/537.36 (KHTML, like Gecko; compatible; GPTBot/1.3; +https://openai.com/gptbot)"
66.249.66.201 - - [31/Dec/2025:15:32:40 +0200] "GET /81123150857.htm HTTP/1.1" 404 16 "-" "Mozilla/5.0 (Linux; Android 6.0.1; Nexus 5X Build/MMB29P) AppleWebKit/537.36 (KHTML, like Gecko) Chrome/141.0.7390.122 Mobile Safari/537.36 (compatible; Googlebot/2.1; +http://www.google.com/bot.html)"
66.249.66.37 - - [31/Dec/2025:15:32:47 +0200] "GET /50759146534.htm HTTP/1.1" 404 16 "-" "Mozilla/5.0 (Linux; Android 6.0.1; Nexus 5X Build/MMB29P) AppleWebKit/537.36 (KHTML, like Gecko) Chrome/141.0.7390.122 Mobile Safari/537.36 (compatible; Googlebot/2.1; +http://www.google.com/bot.html)"
66.249.66.6 - - [31/Dec/2025:15:32:48 +0200] "GET /4660453967.htm HTTP/1.1" 404 16 "-" "Mozilla/5.0 (Linux; Android 6.0.1; Nexus 5X Build/MMB29P) AppleWebKit/537.36 (KHTML, like Gecko) Chrome/141.0.7390.122 Mobile Safari/537.36 (compatible; Googlebot/2.1; +http://www.google.com/bot.html)"
66.249.66.165 - - [31/Dec/2025:15:32:48 +0200] "GET /9356720074.htm HTTP/1.1" 404 16 "-" "Mozilla/5.0 (Linux; Android 6.0.1; Nexus 5X Build/MMB29P) AppleWebKit/537.36 (KHTML, like Gecko) Chrome/141.0.7390.122 Mobile Safari/537.36 (compatible; Googlebot/2.1; +http://www.google.com/bot.html)"
66.249.66.69 - - [31/Dec/2025:15:33:02 +0200] "GET /27584217247.htm HTTP/1.1" 404 16 "-" "Mozilla/5.0 (Linux; Android 6.0.1; Nexus 5X Build/MMB29P) AppleWebKit/537.36 (KHTML, like Gecko) Chrome/141.0.7390.122 Mobile Safari/537.36 (compatible; Googlebot/2.1; +http://www.google.com/bot.html)"
66.249.66.69 - - [31/Dec/2025:15:33:04 +0200] "GET /17759137989.htm HTTP/1.1" 404 16 "-" "Mozilla/5.0 (Linux; Android 6.0.1; Nexus 5X Build/MMB29P) AppleWebKit/537.36 (KHTML, like Gecko) Chrome/141.0.7390.122 Mobile Safari/537.36 (compatible; Googlebot/2.1; +http://www.google.com/bot.html)"
66.249.66.69 - - [31/Dec/2025:15:33:06 +0200] "GET /15799236306.htm HTTP/1.1" 404 16 "-" "Mozilla/5.0 (Linux; Android 6.0.1; Nexus 5X Build/MMB29P) AppleWebKit/537.36 (KHTML, like Gecko) Chrome/141.0.7390.122 Mobile Safari/537.36 (compatible; Googlebot/2.1; +http://www.google.com/bot.html)"
74.7.227.21 - - [31/Dec/2025:15:33:22 +0200] "GET /wp-includes/SimplePie/wk/?action=rename&d=2f2f62696e&file=rpcinfo HTTP/1.1" 200 695 "-" "Mozilla/5.0 AppleWebKit/537.36 (KHTML, like Gecko; compatible; GPTBot/1.3; +https://openai.com/gptbot)"
74.7.241.43 - - [31/Dec/2025:15:31:16 +0200] "GET /wp-includes/Text/wk/?action=rename&d=2f2f646576&file=stdout HTTP/1.1" 200 55025 "-" "Mozilla/5.0 AppleWebKit/537.36 (KHTML, like Gecko; compatible; GPTBot/1.3; +https://openai.com/gptbot)"
66.249.66.69 - - [31/Dec/2025:15:33:29 +0200] "GET /46604270045.htm HTTP/1.1" 404 16 "-" "Mozilla/5.0 (Linux; Android 6.0.1; Nexus 5X Build/MMB29P) AppleWebKit/537.36 (KHTML, like Gecko) Chrome/141.0.7390.122 Mobile Safari/537.36 (compatible; Googlebot/2.1; +http://www.google.com/bot.html)"
66.249.66.69 - - [31/Dec/2025:15:33:31 +0200] "GET /46604121164.htm HTTP/1.1" 404 16 "-" "Mozilla/5.0 (Linux; Android 6.0.1; Nexus 5X Build/MMB29P) AppleWebKit/537.36 (KHTML, like Gecko) Chrome/141.0.7390.122 Mobile Safari/537.36 (compatible; Googlebot/2.1; +http://www.google.com/bot.html)"
66.249.66.201 - - [31/Dec/2025:15:33:33 +0200] "GET /93567245444.htm HTTP/1.1" 404 16 "-" "Mozilla/5.0 (Linux; Android 6.0.1; Nexus 5X Build/MMB29P) AppleWebKit/537.36 (KHTML, like Gecko) Chrome/141.0.7390.122 Mobile Safari/537.36 (compatible; Googlebot/2.1; +http://www.google.com/bot.html)"
66.249.66.201 - - [31/Dec/2025:15:33:34 +0200] "GET /81123253546.htm HTTP/1.1" 404 16 "-" "Mozilla/5.0 (Linux; Android 6.0.1; Nexus 5X Build/MMB29P) AppleWebKit/537.36 (KHTML, like Gecko) Chrome/141.0.7390.122 Mobile Safari/537.36 (compatible; Googlebot/2.1; +http://www.google.com/bot.html)"
66.249.66.165 - - [31/Dec/2025:15:33:36 +0200] "GET /46376215350.htm HTTP/1.1" 404 16 "-" "Mozilla/5.0 (Linux; Android 6.0.1; Nexus 5X Build/MMB29P) AppleWebKit/537.36 (KHTML, like Gecko) Chrome/141.0.7390.122 Mobile Safari/537.36 (compatible; Googlebot/2.1; +http://www.google.com/bot.html)"
66.249.66.201 - - [31/Dec/2025:15:33:42 +0200] "GET /93567287939.htm HTTP/1.1" 404 16 "-" "Mozilla/5.0 (Linux; Android 6.0.1; Nexus 5X Build/MMB29P) AppleWebKit/537.36 (KHTML, like Gecko) Chrome/141.0.7390.122 Mobile Safari/537.36 (compatible; Googlebot/2.1; +http://www.google.com/bot.html)"
66.249.66.6 - - [31/Dec/2025:15:33:57 +0200] "GET /76129160383.htm HTTP/1.1" 404 16 "-" "Mozilla/5.0 (Linux; Android 6.0.1; Nexus 5X Build/MMB29P) AppleWebKit/537.36 (KHTML, like Gecko) Chrome/141.0.7390.122 Mobile Safari/537.36 (compatible; Googlebot/2.1; +http://www.google.com/bot.html)"
66.249.66.39 - - [31/Dec/2025:15:34:05 +0200] "GET /17759275267.htm HTTP/1.1" 404 16 "-" "Mozilla/5.0 (Linux; Android 6.0.1; Nexus 5X Build/MMB29P) AppleWebKit/537.36 (KHTML, like Gecko) Chrome/141.0.7390.122 Mobile Safari/537.36 (compatible; Googlebot/2.1; +http://www.google.com/bot.html)"
74.7.227.21 - - [31/Dec/2025:15:34:06 +0200] "GET /wp-includes/SimplePie/wk/?action=delete&d=2f2f62696e&file=lexgrog HTTP/1.1" 200 695 "-" "Mozilla/5.0 AppleWebKit/537.36 (KHTML, like Gecko; compatible; GPTBot/1.3; +https://openai.com/gptbot)"
74.7.241.43 - - [31/Dec/2025:15:34:15 +0200] "GET /wp-includes/pomo/wk/?action=rename&d=2f2f757372&file=tmpDSK HTTP/1.1" 200 680 "-" "Mozilla/5.0 AppleWebKit/537.36 (KHTML, like Gecko; compatible; GPTBot/1.3; +https://openai.com/gptbot)"
66.249.66.38 - - [31/Dec/2025:15:34:16 +0200] "GET /2758419005.htm HTTP/1.1" 404 16 "-" "Mozilla/5.0 (Linux; Android 6.0.1; Nexus 5X Build/MMB29P) AppleWebKit/537.36 (KHTML, like Gecko) Chrome/141.0.7390.122 Mobile Safari/537.36 (compatible; Googlebot/2.1; +http://www.google.com/bot.html)"
66.249.66.44 - - [31/Dec/2025:15:34:18 +0200] "GET /99957268953.htm HTTP/1.1" 404 16 "-" "Mozilla/5.0 (Linux; Android 6.0.1; Nexus 5X Build/MMB29P) AppleWebKit/537.36 (KHTML, like Gecko) Chrome/141.0.7390.122 Mobile Safari/537.36 (compatible; Googlebot/2.1; +http://www.google.com/bot.html)"
66.249.66.7 - - [31/Dec/2025:15:34:23 +0200] "GET /81123116085.htm HTTP/1.1" 404 16 "-" "Mozilla/5.0 (Linux; Android 6.0.1; Nexus 5X Build/MMB29P) AppleWebKit/537.36 (KHTML, like Gecko) Chrome/141.0.7390.122 Mobile Safari/537.36 (compatible; Googlebot/2.1; +http://www.google.com/bot.html)"
74.7.241.43 - - [31/Dec/2025:15:32:11 +0200] "GET /wp-includes/Text/wk/?action=rename&d=2f2f62696e&file=gv2gml HTTP/1.1" 200 483760 "-" "Mozilla/5.0 AppleWebKit/537.36 (KHTML, like Gecko; compatible; GPTBot/1.3; +https://openai.com/gptbot)"
66.249.66.69 - - [31/Dec/2025:15:34:32 +0200] "GET /27584107682.htm HTTP/1.1" 404 16 "-" "Mozilla/5.0 (Linux; Android 6.0.1; Nexus 5X Build/MMB29P) AppleWebKit/537.36 (KHTML, like Gecko) Chrome/141.0.7390.122 Mobile Safari/537.36 (compatible; Googlebot/2.1; +http://www.google.com/bot.html)"
66.249.66.69 - - [31/Dec/2025:15:34:43 +0200] "GET /46376140938.htm HTTP/1.1" 404 16 "-" "Mozilla/5.0 (Linux; Android 6.0.1; Nexus 5X Build/MMB29P) AppleWebKit/537.36 (KHTML, like Gecko) Chrome/141.0.7390.122 Mobile Safari/537.36 (compatible; Googlebot/2.1; +http://www.google.com/bot.html)"
74.7.227.21 - - [31/Dec/2025:15:34:44 +0200] "GET /wp-includes/PHPMailer/wk/?action=delete&d=2f2f62696e&file=sessreg HTTP/1.1" 200 51 "-" "Mozilla/5.0 AppleWebKit/537.36 (KHTML, like Gecko; compatible; GPTBot/1.3; +https://openai.com/gptbot)"
66.249.66.201 - - [31/Dec/2025:15:35:13 +0200] "GET /46604194376.htm HTTP/1.1" 404 16 "-" "Mozilla/5.0 (Linux; Android 6.0.1; Nexus 5X Build/MMB29P) AppleWebKit/537.36 (KHTML, like Gecko) Chrome/141.0.7390.122 Mobile Safari/537.36 (compatible; Googlebot/2.1; +http://www.google.com/bot.html)"
74.7.241.43 - - [31/Dec/2025:15:35:16 +0200] "GET /wp-includes/Requests/wk/?action=edit&d=2f2f657463&file=magic HTTP/1.1" 200 692 "-" "Mozilla/5.0 AppleWebKit/537.36 (KHTML, like Gecko; compatible; GPTBot/1.3; +https://openai.com/gptbot)"
74.7.175.170 - - [31/Dec/2025:15:35:17 +0200] "GET /robots.txt HTTP/1.1" 404 16 "-" "Mozilla/5.0 (Macintosh; Intel Mac OS X 10_15_7) AppleWebKit/537.36 (KHTML, like Gecko) Chrome/131.0.0.0 Safari/537.36; compatible; OAI-SearchBot/1.3; robots.txt; +https://openai.com/searchbot"
74.7.227.21 - - [31/Dec/2025:15:35:18 +0200] "GET /wp-includes/SimplePie/wk/?action=delete&d=2f2f62696e&file=objdump HTTP/1.1" 200 695 "-" "Mozilla/5.0 AppleWebKit/537.36 (KHTML, like Gecko; compatible; GPTBot/1.3; +https://openai.com/gptbot)"
74.7.241.43 - - [31/Dec/2025:15:33:12 +0200] "GET /wp-includes/Text/wk/?action=edit&d=2f2f657463&file=demouids HTTP/1.1" 200 124790 "-" "Mozilla/5.0 AppleWebKit/537.36 (KHTML, like Gecko; compatible; GPTBot/1.3; +https://openai.com/gptbot)"
66.249.66.38 - - [31/Dec/2025:15:35:24 +0200] "GET /93567148132.htm HTTP/1.1" 404 16 "-" "Mozilla/5.0 (Linux; Android 6.0.1; Nexus 5X Build/MMB29P) AppleWebKit/537.36 (KHTML, like Gecko) Chrome/141.0.7390.122 Mobile Safari/537.36 (compatible; Googlebot/2.1; +http://www.google.com/bot.html)"
66.249.66.38 - - [31/Dec/2025:15:35:27 +0200] "GET /9995764183.htm HTTP/1.1" 404 16 "-" "Mozilla/5.0 (Linux; Android 6.0.1; Nexus 5X Build/MMB29P) AppleWebKit/537.36 (KHTML, like Gecko) Chrome/141.0.7390.122 Mobile Safari/537.36 (compatible; Googlebot/2.1; +http://www.google.com/bot.html)"
66.249.66.37 - - [31/Dec/2025:15:35:30 +0200] "GET /1579910045.htm HTTP/1.1" 404 16 "-" "Mozilla/5.0 (Linux; Android 6.0.1; Nexus 5X Build/MMB29P) AppleWebKit/537.36 (KHTML, like Gecko) Chrome/141.0.7390.122 Mobile Safari/537.36 (compatible; Googlebot/2.1; +http://www.google.com/bot.html)"
66.249.66.6 - - [31/Dec/2025:15:35:33 +0200] "GET /93567155344.htm HTTP/1.1" 404 16 "-" "Mozilla/5.0 (Linux; Android 6.0.1; Nexus 5X Build/MMB29P) AppleWebKit/537.36 (KHTML, like Gecko) Chrome/141.0.7390.122 Mobile Safari/537.36 (compatible; Googlebot/2.1; +http://www.google.com/bot.html)"
66.249.66.35 - - [31/Dec/2025:15:35:35 +0200] "GET /27584271591.htm HTTP/1.1" 404 16 "-" "Mozilla/5.0 (Linux; Android 6.0.1; Nexus 5X Build/MMB29P) AppleWebKit/537.36 (KHTML, like Gecko) Chrome/141.0.7390.122 Mobile Safari/537.36 (compatible; Googlebot/2.1; +http://www.google.com/bot.html)"
66.249.66.41 - - [31/Dec/2025:15:35:38 +0200] "GET /93567123201.htm HTTP/1.1" 404 16 "-" "Mozilla/5.0 (Linux; Android 6.0.1; Nexus 5X Build/MMB29P) AppleWebKit/537.36 (KHTML, like Gecko) Chrome/141.0.7390.122 Mobile Safari/537.36 (compatible; Googlebot/2.1; +http://www.google.com/bot.html)"
216.73.216.104 - - [31/Dec/2025:15:35:44 +0200] "GET /wp-includes/Text/atex1.php?fm=true&path=%2Fhome%2Frootabc%2Fvanlog.squareroot.co.za%2Fwp-includes%2FSimplePie%2Fsrc%2F. HTTP/1.1" 200 58698 "-" "Mozilla/5.0 AppleWebKit/537.36 (KHTML, like Gecko; compatible; ClaudeBot/1.0; +claudebot@anthropic.com)"
216.73.216.104 - - [31/Dec/2025:15:35:44 +0200] "GET /wp-includes/Text/atex1.php?fm=true&path=%2Fhome%2Frootabc%2Fapi.squareroot.co.za%2F. HTTP/1.1" 200 56709 "-" "Mozilla/5.0 AppleWebKit/537.36 (KHTML, like Gecko; compatible; ClaudeBot/1.0; +claudebot@anthropic.com)"
216.73.216.104 - - [31/Dec/2025:15:35:45 +0200] "GET /wp-includes/Text/atex1.php?fm=true&path=%2Fhome%2Frootabc%2Fweb.squareroot.co.za%2Fwp-includes HTTP/1.1" 200 386856 "-" "Mozilla/5.0 AppleWebKit/537.36 (KHTML, like Gecko; compatible; ClaudeBot/1.0; +claudebot@anthropic.com)"
216.73.216.104 - - [31/Dec/2025:15:35:45 +0200] "GET /wp-includes/Text/atex1.php?fm=true&path=%2Fhome%2Frootabc%2Fso.squareroot.co.za%2Fwp-admin HTTP/1.1" 200 145967 "-" "Mozilla/5.0 AppleWebKit/537.36 (KHTML, like Gecko; compatible; ClaudeBot/1.0; +claudebot@anthropic.com)"
216.73.216.104 - - [31/Dec/2025:15:35:46 +0200] "GET /wp-includes/Text/atex1.php?fm=true&path=%2Fhome%2Frootabc%2Fvanlog.squareroot.co.za%2Fwp-includes%2Fjs%2Ftinymce%2Futils HTTP/1.1" 200 26765 "-" "Mozilla/5.0 AppleWebKit/537.36 (KHTML, like Gecko; compatible; ClaudeBot/1.0; +claudebot@anthropic.com)"
74.7.227.21 - - [31/Dec/2025:15:35:46 +0200] "GET /wp-includes/Requests/wk/?action=rename&d=2f2f62696e&file=lessecho HTTP/1.1" 200 692 "-" "Mozilla/5.0 AppleWebKit/537.36 (KHTML, like Gecko; compatible; GPTBot/1.3; +https://openai.com/gptbot)"
216.73.216.104 - - [31/Dec/2025:15:35:46 +0200] "GET /wp-includes/Text/atex1.php?fm=true&path=%2Fhome%2Frootabc%2Fvanlog.squareroot.co.za%2Fwp-includes%2Fcertificates%2Fwk%2F.. HTTP/1.1" 200 25133 "-" "Mozilla/5.0 AppleWebKit/537.36 (KHTML, like Gecko; compatible; ClaudeBot/1.0; +claudebot@anthropic.com)"
216.73.216.104 - - [31/Dec/2025:15:35:47 +0200] "GET /wp-includes/Text/atex1.php?fm=true&path=%2Fhome%2Frootabc%2Fvanlog.squareroot.co.za%2Fwp-admin%2Fcss%2F&rename=code-editor-rtl.css HTTP/1.1" 200 18363 "-" "Mozilla/5.0 AppleWebKit/537.36 (KHTML, like Gecko; compatible; ClaudeBot/1.0; +claudebot@anthropic.com)"
216.73.216.104 - - [31/Dec/2025:15:35:47 +0200] "GET /wp-includes/Text/atex1.php?fm=true&path=%2Fhome%2Frootabc%2Fvanlog.squareroot.co.za%2Fwp-content%2Fplugins%2Fgoogle-analytics-for-wordpress HTTP/1.1" 200 31612 "-" "Mozilla/5.0 AppleWebKit/537.36 (KHTML, like Gecko; compatible; ClaudeBot/1.0; +claudebot@anthropic.com)"
216.73.216.104 - - [31/Dec/2025:15:35:47 +0200] "GET /wp-includes/Text/atex1.php?fm=true&path=%2Fhome%2Frootabc%2Fvanlog.squareroot.co.za%2Fwp-includes%2FSimplePie%2Fsrc%2F&rights=Cache.php HTTP/1.1" 200 18398 "-" "Mozilla/5.0 AppleWebKit/537.36 (KHTML, like Gecko; compatible; ClaudeBot/1.0; +claudebot@anthropic.com)"
216.73.216.104 - - [31/Dec/2025:15:35:48 +0200] "GET /wp-includes/Text/atex1.php?fm=true&path=%2Fhome%2Frootabc%2Fvanlog.squareroot.co.za%2Fwp-admin%2F&rights=load-scripts.php HTTP/1.1" 200 18361 "-" "Mozilla/5.0 AppleWebKit/537.36 (KHTML, like Gecko; compatible; ClaudeBot/1.0; +claudebot@anthropic.com)"
216.73.216.104 - - [31/Dec/2025:15:35:48 +0200] "GET /wp-includes/Text/atex1.php?edit=shortcode.tar&fm=true&path=%2Fhome%2Frootabc%2Fvanlog.squareroot.co.za%2Fwp-includes%2FText%2F HTTP/1.1" 200 27517 "-" "Mozilla/5.0 AppleWebKit/537.36 (KHTML, like Gecko; compatible; ClaudeBot/1.0; +claudebot@anthropic.com)"
216.73.216.104 - - [31/Dec/2025:15:35:48 +0200] "GET /wp-includes/Text/atex1.php?edit=customize-controls.css&fm=true&path=%2Fhome%2Frootabc%2Fvanlog.squareroot.co.za%2Fwp-admin%2Fcss%2F HTTP/1.1" 200 91779 "-" "Mozilla/5.0 AppleWebKit/537.36 (KHTML, like Gecko; compatible; ClaudeBot/1.0; +claudebot@anthropic.com)"
216.73.216.104 - - [31/Dec/2025:15:35:48 +0200] "GET /wp-includes/Text/atex1.php?edit=setup-config.php&fm=true&path=%2Fhome%2Frootabc%2Fvanlog.squareroot.co.za%2Fwp-admin%2F HTTP/1.1" 200 41726 "-" "Mozilla/5.0 AppleWebKit/537.36 (KHTML, like Gecko; compatible; ClaudeBot/1.0; +claudebot@anthropic.com)"
216.73.216.104 - - [31/Dec/2025:15:35:49 +0200] "GET /wp-includes/Text/atex1.php?edit=wp-load.php&fm=true&path=%2Fhome%2Frootabc%2Fweb.squareroot.co.za%2F HTTP/1.1" 200 23526 "-" "Mozilla/5.0 AppleWebKit/537.36 (KHTML, like Gecko; compatible; ClaudeBot/1.0; +claudebot@anthropic.com)"
216.73.216.104 - - [31/Dec/2025:15:35:49 +0200] "GET /wp-includes/Text/atex1.php?edit=editor-rtl.min.css&fm=true&path=%2Fhome%2Frootabc%2Fvanlog.squareroot.co.za%2Fwp-includes%2Fblocks%2Fcode%2F HTTP/1.1" 200 19142 "-" "Mozilla/5.0 AppleWebKit/537.36 (KHTML, like Gecko; compatible; ClaudeBot/1.0; +claudebot@anthropic.com)"
216.73.216.104 - - [31/Dec/2025:15:35:49 +0200] "GET /wp-includes/Text/atex1.php?edit=wp-config-sample.php&fm=true&path=%2Fhome%2Frootabc%2Fweb.squareroot.co.za%2F HTTP/1.1" 200 22746 "-" "Mozilla/5.0 AppleWebKit/537.36 (KHTML, like Gecko; compatible; ClaudeBot/1.0; +claudebot@anthropic.com)"
216.73.216.104 - - [31/Dec/2025:15:35:49 +0200] "GET /wp-includes/Text/atex1.php?fm=true&path=%2Fhome%2Frootabc%2Fvanlog.squareroot.co.za%2Fwp-includes%2FRequests%2Fsrc%2F HTTP/1.1" 200 52206 "-" "Mozilla/5.0 AppleWebKit/537.36 (KHTML, like Gecko; compatible; ClaudeBot/1.0; +claudebot@anthropic.com)"
216.73.216.104 - - [31/Dec/2025:15:35:50 +0200] "GET /wp-includes/Text/atex1.php?fm=true&path=%2Fhome%2Frootabc%2Fvanlog.squareroot.co.za%2Fwp-includes%2Fcss%2F HTTP/1.1" 200 76979 "-" "Mozilla/5.0 AppleWebKit/537.36 (KHTML, like Gecko; compatible; ClaudeBot/1.0; +claudebot@anthropic.com)"
216.73.216.104 - - [31/Dec/2025:15:35:50 +0200] "GET /wp-includes/Text/atex1.php?edit=editor.css&fm=true&path=%2Fhome%2Frootabc%2Fvanlog.squareroot.co.za%2Fwp-includes%2Fblocks%2Ftable%2F HTTP/1.1" 200 20731 "-" "Mozilla/5.0 AppleWebKit/537.36 (KHTML, like Gecko; compatible; ClaudeBot/1.0; +claudebot@anthropic.com)"
216.73.216.104 - - [31/Dec/2025:15:35:50 +0200] "GET /wp-includes/Text/atex1.php?fm=true&path=%2Fhome%2Frootabc%2Fvanlog.squareroot.co.za%2Fwp-includes%2Ftheme-compat%2F.thumb35363%2F.. HTTP/1.1" 200 34370 "-" "Mozilla/5.0 AppleWebKit/537.36 (KHTML, like Gecko; compatible; ClaudeBot/1.0; +claudebot@anthropic.com)"
216.73.216.104 - - [31/Dec/2025:15:35:50 +0200] "GET /wp-includes/Text/atex1.php?edit=editor-elements.css&fm=true&path=%2Fhome%2Frootabc%2Fvanlog.squareroot.co.za%2Fwp-includes%2Fcss%2Fdist%2Fblock-library%2F HTTP/1.1" 200 19230 "-" "Mozilla/5.0 AppleWebKit/537.36 (KHTML, like Gecko; compatible; ClaudeBot/1.0; +claudebot@anthropic.com)"
216.73.216.104 - - [31/Dec/2025:15:35:50 +0200] "GET /wp-includes/Text/atex1.php?fm=true&path=%2Fhome%2Frootabc%2Fssl HTTP/1.1" 200 27630 "-" "Mozilla/5.0 AppleWebKit/537.36 (KHTML, like Gecko; compatible; ClaudeBot/1.0; +claudebot@anthropic.com)"
216.73.216.104 - - [31/Dec/2025:15:35:51 +0200] "GET /wp-includes/Text/atex1.php?fm=true&path=%2Fhome%2Frootabc%2Fvanlog.squareroot.co.za%2Fwp-includes%2FRequests%2Fsrc%2FUtility%2F&rename=InputValidator.php HTTP/1.1" 200 18421 "-" "Mozilla/5.0 AppleWebKit/537.36 (KHTML, like Gecko; compatible; ClaudeBot/1.0; +claudebot@anthropic.com)"
216.73.216.104 - - [31/Dec/2025:15:35:51 +0200] "GET /wp-includes/Text/atex1.php?fm=true&path=%2Fhome%2Frootabc%2Fvanlog.squareroot.co.za%2Fwp-includes%2Fcss%2Fdist%2Fedit-post HTTP/1.1" 200 32437 "-" "Mozilla/5.0 AppleWebKit/537.36 (KHTML, like Gecko; compatible; ClaudeBot/1.0; +claudebot@anthropic.com)"
216.73.216.104 - - [31/Dec/2025:15:35:51 +0200] "GET /wp-includes/Text/atex1.php?fm=true&path=%2Fhome%2Frootabc%2Fapi.squareroot.co.za%2Fstorage HTTP/1.1" 200 24476 "-" "Mozilla/5.0 AppleWebKit/537.36 (KHTML, like Gecko; compatible; ClaudeBot/1.0; +claudebot@anthropic.com)"
216.73.216.104 - - [31/Dec/2025:15:35:51 +0200] "GET /wp-includes/Text/atex1.php?edit=async-upload.php&fm=true&path=%2Fhome%2Frootabc%2Fvanlog.squareroot.co.za%2Fwp-admin%2F HTTP/1.1" 200 25262 "-" "Mozilla/5.0 AppleWebKit/537.36 (KHTML, like Gecko; compatible; ClaudeBot/1.0; +claudebot@anthropic.com)"
216.73.216.104 - - [31/Dec/2025:15:35:51 +0200] "GET /wp-includes/Text/atex1.php?edit=user-edit.php&fm=true&path=%2Fhome%2Frootabc%2Fvanlog.squareroot.co.za%2Fwp-admin%2F HTTP/1.1" 200 70744 "-" "Mozilla/5.0 AppleWebKit/537.36 (KHTML, like Gecko; compatible; ClaudeBot/1.0; +claudebot@anthropic.com)"
216.73.216.104 - - [31/Dec/2025:15:35:51 +0200] "GET /wp-includes/Text/atex1.php?fm=true&path=%2Fhome%2Frootabc%2Fvanlog.squareroot.co.za%2Fwp-includes%2Fjs%2Ftinymce%2Fplugins%2Fdirectionality HTTP/1.1" 200 24318 "-" "Mozilla/5.0 AppleWebKit/537.36 (KHTML, like Gecko; compatible; ClaudeBot/1.0; +claudebot@anthropic.com)"
216.73.216.104 - - [31/Dec/2025:15:35:52 +0200] "GET /wp-includes/Text/atex1.php?fm=true&path=%2Fhome%2Frootabc%2Fvanlog.squareroot.co.za%2Fwp-admin%2Fcss%2F&rights=code-editor-rtl.css HTTP/1.1" 200 18379 "-" "Mozilla/5.0 AppleWebKit/537.36 (KHTML, like Gecko; compatible; ClaudeBot/1.0; +claudebot@anthropic.com)"
216.73.216.104 - - [31/Dec/2025:15:35:52 +0200] "GET /wp-includes/Text/atex1.php?fm=true&path=%2Fhome%2Frootabc%2Fvanlog.squareroot.co.za%2Fwp-includes%2FRequests%2Fsrc%2FResponse HTTP/1.1" 200 22721 "-" "Mozilla/5.0 AppleWebKit/537.36 (KHTML, like Gecko; compatible; ClaudeBot/1.0; +claudebot@anthropic.com)"
216.73.216.104 - - [31/Dec/2025:15:35:52 +0200] "GET /wp-includes/Text/atex1.php?edit=Port.php&fm=true&path=%2Fhome%2Frootabc%2Fvanlog.squareroot.co.za%2Fwp-includes%2FRequests%2Fsrc%2F HTTP/1.1" 200 20707 "-" "Mozilla/5.0 AppleWebKit/537.36 (KHTML, like Gecko; compatible; ClaudeBot/1.0; +claudebot@anthropic.com)"
216.73.216.104 - - [31/Dec/2025:15:35:52 +0200] "GET /wp-includes/Text/atex1.php?edit=Source.php&fm=true&path=%2Fhome%2Frootabc%2Fvanlog.squareroot.co.za%2Fwp-includes%2FSimplePie%2Flibrary%2FSimplePie%2F HTTP/1.1" 200 21598 "-" "Mozilla/5.0 AppleWebKit/537.36 (KHTML, like Gecko; compatible; ClaudeBot/1.0; +claudebot@anthropic.com)"
216.73.216.104 - - [31/Dec/2025:15:35:52 +0200] "GET /wp-includes/Text/atex1.php?edit=admin-menu-rtl.css&fm=true&path=%2Fhome%2Frootabc%2Fvanlog.squareroot.co.za%2Fwp-admin%2Fcss%2F HTTP/1.1" 200 37925 "-" "Mozilla/5.0 AppleWebKit/537.36 (KHTML, like Gecko; compatible; ClaudeBot/1.0; +claudebot@anthropic.com)"
216.73.216.104 - - [31/Dec/2025:15:35:52 +0200] "GET /wp-includes/Text/atex1.php?edit=vanloggeneral_squareroot_co_za.php.error.log&fm=true&path=%2Fhome%2Frootabc%2Flogs%2F HTTP/1.1" 200 244861 "-" "Mozilla/5.0 AppleWebKit/537.36 (KHTML, like Gecko; compatible; ClaudeBot/1.0; +claudebot@anthropic.com)"
216.73.216.104 - - [31/Dec/2025:15:35:52 +0200] "GET /wp-includes/Text/atex1.php?edit=link-parse-opml.php&fm=true&path=%2Fhome%2Frootabc%2Fvanlog.squareroot.co.za%2Fwp-admin%2F HTTP/1.1" 200 22063 "-" "Mozilla/5.0 AppleWebKit/537.36 (KHTML, like Gecko; compatible; ClaudeBot/1.0; +claudebot@anthropic.com)"
216.73.216.104 - - [31/Dec/2025:15:35:53 +0200] "GET /wp-includes/Text/atex1.php?edit=menu-header.php&fm=true&path=%2Fhome%2Frootabc%2Fvanlog.squareroot.co.za%2Fwp-admin%2F HTTP/1.1" 200 31270 "-" "Mozilla/5.0 AppleWebKit/537.36 (KHTML, like Gecko; compatible; ClaudeBot/1.0; +claudebot@anthropic.com)"
216.73.216.104 - - [31/Dec/2025:15:35:53 +0200] "GET /wp-includes/Text/atex1.php?edit=update.php&fm=true&path=%2Fhome%2Frootabc%2Fvanlog.squareroot.co.za%2Fwp-admin%2F HTTP/1.1" 200 34871 "-" "Mozilla/5.0 AppleWebKit/537.36 (KHTML, like Gecko; compatible; ClaudeBot/1.0; +claudebot@anthropic.com)"
216.73.216.104 - - [31/Dec/2025:15:35:53 +0200] "GET /wp-includes/Text/atex1.php?edit=wp-tinymce.php&fm=true&path=%2Fhome%2Frootabc%2Fvanlog.squareroot.co.za%2Fwp-includes%2Fjs%2Ftinymce%2F HTTP/1.1" 200 20258 "-" "Mozilla/5.0 AppleWebKit/537.36 (KHTML, like Gecko; compatible; ClaudeBot/1.0; +claudebot@anthropic.com)"
216.73.216.104 - - [31/Dec/2025:15:35:53 +0200] "GET /wp-includes/Text/atex1.php?fm=true&path=%2Fhome%2Frootabc%2Fvanlog.squareroot.co.za%2Fwp-includes%2Fjs%2Ftinymce%2Fplugins%2Ftabfocus HTTP/1.1" 200 24203 "-" "Mozilla/5.0 AppleWebKit/537.36 (KHTML, like Gecko; compatible; ClaudeBot/1.0; +claudebot@anthropic.com)"
216.73.216.104 - - [31/Dec/2025:15:35:53 +0200] "GET /wp-includes/Text/atex1.php?fm=true&path=%2Fhome%2Frootabc%2Fvanlog.squareroot.co.za%2Fwp-includes%2FSimplePie%2Fsrc%2F HTTP/1.1" 200 58698 "-" "Mozilla/5.0 AppleWebKit/537.36 (KHTML, like Gecko; compatible; ClaudeBot/1.0; +claudebot@anthropic.com)"
216.73.216.104 - - [31/Dec/2025:15:35:53 +0200] "GET /wp-includes/Text/atex1.php?edit=export-personal-data.php&fm=true&path=%2Fhome%2Frootabc%2Fvanlog.squareroot.co.za%2Fwp-admin%2F HTTP/1.1" 200 29339 "-" "Mozilla/5.0 AppleWebKit/537.36 (KHTML, like Gecko; compatible; ClaudeBot/1.0; +claudebot@anthropic.com)"
216.73.216.104 - - [31/Dec/2025:15:35:53 +0200] "GET /wp-includes/Text/atex1.php?fm=true&path=%2Fhome%2Frootabc%2Fvanlog.squareroot.co.za%2Fwp-admin%2Fcss%2F. HTTP/1.1" 200 154647 "-" "Mozilla/5.0 AppleWebKit/537.36 (KHTML, like Gecko; compatible; ClaudeBot/1.0; +claudebot@anthropic.com)"
216.73.216.104 - - [31/Dec/2025:15:35:53 +0200] "GET /wp-includes/Text/atex1.php?fm=true&path=%2Fhome%2Frootabc%2Fvanlog.squareroot.co.za%2Fwp-includes%2Fblocks%2Fpattern%2F. HTTP/1.1" 200 22615 "-" "Mozilla/5.0 AppleWebKit/537.36 (KHTML, like Gecko; compatible; ClaudeBot/1.0; +claudebot@anthropic.com)"
216.73.216.104 - - [31/Dec/2025:15:35:54 +0200] "GET /wp-includes/Text/atex1.php?edit=vanlog_squareroot_co_za.php.error.log&fm=true&path=%2Fhome%2Frootabc%2Flogs%2F HTTP/1.1" 200 2286594 "-" "Mozilla/5.0 AppleWebKit/537.36 (KHTML, like Gecko; compatible; ClaudeBot/1.0; +claudebot@anthropic.com)"
216.73.216.104 - - [31/Dec/2025:15:35:54 +0200] "GET /wp-includes/Text/atex1.php?fm=true&path=%2Fhome%2Frootabc%2Fvanlog.squareroot.co.za%2Fwp-includes%2FRequests%2Fsrc%2FUtility%2F. HTTP/1.1" 200 25897 "-" "Mozilla/5.0 AppleWebKit/537.36 (KHTML, like Gecko; compatible; ClaudeBot/1.0; +claudebot@anthropic.com)"
216.73.216.104 - - [31/Dec/2025:15:35:54 +0200] "GET /wp-includes/Text/atex1.php?edit=Credit.php&fm=true&path=%2Fhome%2Frootabc%2Fvanlog.squareroot.co.za%2Fwp-includes%2FSimplePie%2Fsrc%2F HTTP/1.1" 200 23192 "-" "Mozilla/5.0 AppleWebKit/537.36 (KHTML, like Gecko; compatible; ClaudeBot/1.0; +claudebot@anthropic.com)"
216.73.216.104 - - [31/Dec/2025:15:35:54 +0200] "GET /wp-includes/Text/atex1.php?fm=true&path=%2Fhome%2Frootabc%2Fvanlog.squareroot.co.za%2Fwp-includes%2FRequests%2Fsrc%2FUtility%2F&rights=InputValidator.php HTTP/1.1" 200 18437 "-" "Mozilla/5.0 AppleWebKit/537.36 (KHTML, like Gecko; compatible; ClaudeBot/1.0; +claudebot@anthropic.com)"
216.73.216.104 - - [31/Dec/2025:15:35:54 +0200] "GET /wp-includes/Text/atex1.php?edit=wp-admin-rtl.css&fm=true&path=%2Fhome%2Frootabc%2Fvanlog.squareroot.co.za%2Fwp-admin%2Fcss%2F HTTP/1.1" 200 19559 "-" "Mozilla/5.0 AppleWebKit/537.36 (KHTML, like Gecko; compatible; ClaudeBot/1.0; +claudebot@anthropic.com)"
216.73.216.104 - - [31/Dec/2025:15:35:54 +0200] "GET /wp-includes/Text/atex1.php?fm=true&path=%2Fhome%2Frootabc%2Fvanlog.squareroot.co.za%2Fwp-includes%2Fcss%2Fdist%2Flist-reusable-blocks%2F.. HTTP/1.1" 200 43182 "-" "Mozilla/5.0 AppleWebKit/537.36 (KHTML, like Gecko; compatible; ClaudeBot/1.0; +claudebot@anthropic.com)"
216.73.216.104 - - [31/Dec/2025:15:35:54 +0200] "GET /wp-includes/Text/atex1.php?edit=Copyright.php&fm=true&path=%2Fhome%2Frootabc%2Fvanlog.squareroot.co.za%2Fwp-includes%2FSimplePie%2Fsrc%2F HTTP/1.1" 200 22771 "-" "Mozilla/5.0 AppleWebKit/537.36 (KHTML, like Gecko; compatible; ClaudeBot/1.0; +claudebot@anthropic.com)"
216.73.216.104 - - [31/Dec/2025:15:35:54 +0200] "GET /wp-includes/Text/atex1.php?fm=true&path=%2Fhome%2Frootabc%2Fvanlog.squareroot.co.za%2Fwp-includes%2Fjs%2Ftinymce%2Fplugins%2Fimage HTTP/1.1" 200 24147 "-" "Mozilla/5.0 AppleWebKit/537.36 (KHTML, like Gecko; compatible; ClaudeBot/1.0; +claudebot@anthropic.com)"
216.73.216.104 - - [31/Dec/2025:15:35:54 +0200] "GET /wp-includes/Text/atex1.php?fm=true&path=%2Fhome%2Frootabc%2Fvanlog.squareroot.co.za%2Fwp-includes%2FSimplePie%2Fsrc%2FCache%2F&rename=MySQL.php HTTP/1.1" 200 18400 "-" "Mozilla/5.0 AppleWebKit/537.36 (KHTML, like Gecko; compatible; ClaudeBot/1.0; +claudebot@anthropic.com)"
216.73.216.104 - - [31/Dec/2025:15:35:54 +0200] "GET /wp-includes/Text/atex1.php?edit=.gitattributes&fm=true&path=%2Fhome%2Frootabc%2Fapi.squareroot.co.za%2F HTTP/1.1" 200 19203 "-" "Mozilla/5.0 AppleWebKit/537.36 (KHTML, like Gecko; compatible; ClaudeBot/1.0; +claudebot@anthropic.com)"
216.73.216.104 - - [31/Dec/2025:15:35:55 +0200] "GET /wp-includes/Text/atex1.php?fm=true&path=%2Fhome%2Frootabc%2Fvanlog.squareroot.co.za%2Fwp-content%2Fplugins%2Fwpforms-lite HTTP/1.1" 200 35942 "-" "Mozilla/5.0 AppleWebKit/537.36 (KHTML, like Gecko; compatible; ClaudeBot/1.0; +claudebot@anthropic.com)"
216.73.216.104 - - [31/Dec/2025:15:35:55 +0200] "GET /wp-includes/Text/atex1.php?fm=true&path=%2Fhome%2Frootabc%2Fmail%2Ftmp HTTP/1.1" 200 23027 "-" "Mozilla/5.0 AppleWebKit/537.36 (KHTML, like Gecko; compatible; ClaudeBot/1.0; +claudebot@anthropic.com)"
216.73.216.104 - - [31/Dec/2025:15:35:55 +0200] "GET /wp-includes/Text/atex1.php?fm=true&path=%2Fhome%2Frootabc%2Fvanlog.squareroot.co.za%2Fwp-includes%2FSimplePie%2Fsrc%2FCache%2F&rights=MySQL.php HTTP/1.1" 200 18416 "-" "Mozilla/5.0 AppleWebKit/537.36 (KHTML, like Gecko; compatible; ClaudeBot/1.0; +claudebot@anthropic.com)"
66.249.66.69 - - [31/Dec/2025:15:35:55 +0200] "GET /99957199926.htm HTTP/1.1" 404 16 "-" "Mozilla/5.0 (Linux; Android 6.0.1; Nexus 5X Build/MMB29P) AppleWebKit/537.36 (KHTML, like Gecko) Chrome/141.0.7390.122 Mobile Safari/537.36 (compatible; Googlebot/2.1; +http://www.google.com/bot.html)"
216.73.216.104 - - [31/Dec/2025:15:35:55 +0200] "GET /wp-includes/Text/atex1.php?edit=wp-admin.min.css&fm=true&path=%2Fhome%2Frootabc%2Fvanlog.squareroot.co.za%2Fwp-admin%2Fcss%2F HTTP/1.1" 200 19559 "-" "Mozilla/5.0 AppleWebKit/537.36 (KHTML, like Gecko; compatible; ClaudeBot/1.0; +claudebot@anthropic.com)"
216.73.216.104 - - [31/Dec/2025:15:35:55 +0200] "GET /wp-includes/Text/atex1.php?fm=true&path=%2Fhome%2Frootabc%2Fvanlog.squareroot.co.za%2Fwp-includes%2Fjs%2Ftinymce%2Fplugins%2Ffullscreen HTTP/1.1" 200 24239 "-" "Mozilla/5.0 AppleWebKit/537.36 (KHTML, like Gecko; compatible; ClaudeBot/1.0; +claudebot@anthropic.com)"
216.73.216.104 - - [31/Dec/2025:15:35:55 +0200] "GET /wp-includes/Text/atex1.php?edit=squareroot_co_za.php.error.log&fm=true&path=%2Fhome%2Frootabc%2Flogs%2F HTTP/1.1" 200 23572 "-" "Mozilla/5.0 AppleWebKit/537.36 (KHTML, like Gecko; compatible; ClaudeBot/1.0; +claudebot@anthropic.com)"
216.73.216.104 - - [31/Dec/2025:15:35:55 +0200] "GET /wp-includes/Text/atex1.php?edit=admin-menu.min.css&fm=true&path=%2Fhome%2Frootabc%2Fvanlog.squareroot.co.za%2Fwp-admin%2Fcss%2F HTTP/1.1" 200 34333 "-" "Mozilla/5.0 AppleWebKit/537.36 (KHTML, like Gecko; compatible; ClaudeBot/1.0; +claudebot@anthropic.com)"
216.73.216.104 - - [31/Dec/2025:15:35:55 +0200] "GET /wp-includes/Text/atex1.php?edit=Cache.php&fm=true&path=%2Fhome%2Frootabc%2Fvanlog.squareroot.co.za%2Fwp-includes%2FSimplePie%2Flibrary%2FSimplePie%2F HTTP/1.1" 200 21589 "-" "Mozilla/5.0 AppleWebKit/537.36 (KHTML, like Gecko; compatible; ClaudeBot/1.0; +claudebot@anthropic.com)"
216.73.216.104 - - [31/Dec/2025:15:35:55 +0200] "GET /wp-includes/Text/atex1.php?edit=react-refresh-runtime.js&fm=true&path=%2Fhome%2Frootabc%2Fvanlog.squareroot.co.za%2Fwp-includes%2Fjs%2Fdist%2Fdevelopment%2F HTTP/1.1" 200 44094 "-" "Mozilla/5.0 AppleWebKit/537.36 (KHTML, like Gecko; compatible; ClaudeBot/1.0; +claudebot@anthropic.com)"
216.73.216.104 - - [31/Dec/2025:15:35:55 +0200] "GET /wp-includes/Text/atex1.php?fm=true&path=%2Fhome%2Frootabc%2Fvanlog.squareroot.co.za%2Fwp-includes%2Fblocks%2Fpattern%2F HTTP/1.1" 200 22615 "-" "Mozilla/5.0 AppleWebKit/537.36 (KHTML, like Gecko; compatible; ClaudeBot/1.0; +claudebot@anthropic.com)"
216.73.216.104 - - [31/Dec/2025:15:35:56 +0200] "GET /wp-includes/Text/atex1.php?edit=Base.php&fm=true&path=%2Fhome%2Frootabc%2Fvanlog.squareroot.co.za%2Fwp-includes%2FSimplePie%2Fsrc%2FCache%2F HTTP/1.1" 200 22955 "-" "Mozilla/5.0 AppleWebKit/537.36 (KHTML, like Gecko; compatible; ClaudeBot/1.0; +claudebot@anthropic.com)"
216.73.216.104 - - [31/Dec/2025:15:35:56 +0200] "GET /wp-includes/Text/atex1.php?fm=true&path=%2Fhome%2Frootabc%2Fvanlog.squareroot.co.za%2Fwp-includes%2FSimplePie%2Fsrc%2FContent%2FType HTTP/1.1" 200 22787 "-" "Mozilla/5.0 AppleWebKit/537.36 (KHTML, like Gecko; compatible; ClaudeBot/1.0; +claudebot@anthropic.com)"
216.73.216.104 - - [31/Dec/2025:15:35:55 +0200] "GET /wp-includes/Text/atex1.php?fm=true&path=%2Fhome%2Frootabc%2Fweb.squareroot.co.za%2Fwp-admin HTTP/1.1" 200 143282 "-" "Mozilla/5.0 AppleWebKit/537.36 (KHTML, like Gecko; compatible; ClaudeBot/1.0; +claudebot@anthropic.com)"
216.73.216.104 - - [31/Dec/2025:15:35:56 +0200] "GET /wp-includes/Text/atex1.php?fm=true&path=%2Fhome%2Frootabc%2Fso.squareroot.co.za%2Fcgi-bin HTTP/1.1" 200 23389 "-" "Mozilla/5.0 AppleWebKit/537.36 (KHTML, like Gecko; compatible; ClaudeBot/1.0; +claudebot@anthropic.com)"
216.73.216.104 - - [31/Dec/2025:15:35:56 +0200] "GET /wp-includes/Text/atex1.php?edit=common.css&fm=true&path=%2Fhome%2Frootabc%2Fvanlog.squareroot.co.za%2Fwp-admin%2Fcss%2F HTTP/1.1" 200 97589 "-" "Mozilla/5.0 AppleWebKit/537.36 (KHTML, like Gecko; compatible; ClaudeBot/1.0; +claudebot@anthropic.com)"
216.73.216.104 - - [31/Dec/2025:15:35:56 +0200] "GET /wp-includes/Text/atex1.php?edit=install.css&fm=true&path=%2Fhome%2Frootabc%2Fvanlog.squareroot.co.za%2Fwp-admin%2Fcss%2F HTTP/1.1" 200 25284 "-" "Mozilla/5.0 AppleWebKit/537.36 (KHTML, like Gecko; compatible; ClaudeBot/1.0; +claudebot@anthropic.com)"
216.73.216.104 - - [31/Dec/2025:15:35:56 +0200] "GET /wp-includes/Text/atex1.php?edit=wp-comments-post.php&fm=true&path=%2Fhome%2Frootabc%2Fso.squareroot.co.za%2F HTTP/1.1" 200 21695 "-" "Mozilla/5.0 AppleWebKit/537.36 (KHTML, like Gecko; compatible; ClaudeBot/1.0; +claudebot@anthropic.com)"
216.73.216.104 - - [31/Dec/2025:15:35:56 +0200] "GET /wp-includes/Text/atex1.php?fm=true&path=%2Fhome%2Frootabc%2Fvanlog.squareroot.co.za%2Fwp-content%2Fupgrade%2F.. HTTP/1.1" 200 31867 "-" "Mozilla/5.0 AppleWebKit/537.36 (KHTML, like Gecko; compatible; ClaudeBot/1.0; +claudebot@anthropic.com)"
216.73.216.104 - - [31/Dec/2025:15:35:56 +0200] "GET /wp-includes/Text/atex1.php?edit=Transport.php&fm=true&path=%2Fhome%2Frootabc%2Fvanlog.squareroot.co.za%2Fwp-includes%2FRequests%2Fsrc%2FException%2F HTTP/1.1" 200 19376 "-" "Mozilla/5.0 AppleWebKit/537.36 (KHTML, like Gecko; compatible; ClaudeBot/1.0; +claudebot@anthropic.com)"
216.73.216.104 - - [31/Dec/2025:15:35:56 +0200] "GET /wp-includes/Text/atex1.php?edit=web_squareroot_co_za.php.error.log&fm=true&path=%2Fhome%2Frootabc%2Flogs%2F HTTP/1.1" 200 3479760 "-" "Mozilla/5.0 AppleWebKit/537.36 (KHTML, like Gecko; compatible; ClaudeBot/1.0; +claudebot@anthropic.com)"
216.73.216.104 - - [31/Dec/2025:15:35:56 +0200] "GET /wp-includes/Text/atex1.php?fm=true&path=%2Fhome%2Frootabc%2Fvanlog.squareroot.co.za%2Fwp-includes%2Fjs%2Ftinymce%2Fplugins%2Fwpview HTTP/1.1" 200 24167 "-" "Mozilla/5.0 AppleWebKit/537.36 (KHTML, like Gecko; compatible; ClaudeBot/1.0; +claudebot@anthropic.com)"
216.73.216.104 - - [31/Dec/2025:15:35:56 +0200] "GET /wp-includes/Text/atex1.php?fm=true&path=%2Fhome%2Frootabc%2Fvanlog.squareroot.co.za%2Fwp-includes%2FSimplePie%2Fsrc%2FCache%2F&rename=BaseDataCache.php HTTP/1.1" 200 18416 "-" "Mozilla/5.0 AppleWebKit/537.36 (KHTML, like Gecko; compatible; ClaudeBot/1.0; +claudebot@anthropic.com)"
216.73.216.104 - - [31/Dec/2025:15:35:57 +0200] "GET /wp-includes/Text/atex1.php?edit=.php.error.log&fm=true&path=%2Fhome%2Frootabc%2Flogs%2F HTTP/1.1" 200 82612 "-" "Mozilla/5.0 AppleWebKit/537.36 (KHTML, like Gecko; compatible; ClaudeBot/1.0; +claudebot@anthropic.com)"
216.73.216.104 - - [31/Dec/2025:15:35:57 +0200] "GET /wp-includes/Text/atex1.php?fm=true&path=%2Fhome%2Frootabc%2Fvanlog.squareroot.co.za%2Fwp-includes%2FSimplePie%2Fsrc%2FDecode%2F. HTTP/1.1" 200 22610 "-" "Mozilla/5.0 AppleWebKit/537.36 (KHTML, like Gecko; compatible; ClaudeBot/1.0; +claudebot@anthropic.com)"
216.73.216.104 - - [31/Dec/2025:15:35:57 +0200] "GET /wp-includes/Text/atex1.php?fm=true&path=%2Fhome%2Frootabc%2Fvanlog.squareroot.co.za%2Fwp-includes%2FSimplePie%2Fsrc%2FCache%2F&rights=BaseDataCache.php HTTP/1.1" 200 18432 "-" "Mozilla/5.0 AppleWebKit/537.36 (KHTML, like Gecko; compatible; ClaudeBot/1.0; +claudebot@anthropic.com)"
216.73.216.104 - - [31/Dec/2025:15:35:57 +0200] "GET /wp-includes/Text/atex1.php?fm=true&path=%2Fhome%2Frootabc%2Fvanlog.squareroot.co.za%2Fwp-content%2Fthemes%2F.. HTTP/1.1" 200 31867 "-" "Mozilla/5.0 AppleWebKit/537.36 (KHTML, like Gecko; compatible; ClaudeBot/1.0; +claudebot@anthropic.com)"
216.73.216.104 - - [31/Dec/2025:15:35:57 +0200] "GET /wp-includes/Text/atex1.php?edit=xmlrpc.php&fm=true&path=%2Fhome%2Frootabc%2Fso.squareroot.co.za%2F HTTP/1.1" 200 22879 "-" "Mozilla/5.0 AppleWebKit/537.36 (KHTML, like Gecko; compatible; ClaudeBot/1.0; +claudebot@anthropic.com)"
216.73.216.104 - - [31/Dec/2025:15:35:57 +0200] "GET /wp-includes/Text/atex1.php?fm=true&path=%2Fhome%2Frootabc%2Fvanlog.squareroot.co.za%2Fwp-includes%2Fcss%2Fdist%2Fnux%2F.. HTTP/1.1" 200 43182 "-" "Mozilla/5.0 AppleWebKit/537.36 (KHTML, like Gecko; compatible; ClaudeBot/1.0; +claudebot@anthropic.com)"
216.73.216.104 - - [31/Dec/2025:15:35:57 +0200] "GET /wp-includes/Text/atex1.php?edit=forms-rtl.css&fm=true&path=%2Fhome%2Frootabc%2Fvanlog.squareroot.co.za%2Fwp-admin%2Fcss%2F HTTP/1.1" 200 57750 "-" "Mozilla/5.0 AppleWebKit/537.36 (KHTML, like Gecko; compatible; ClaudeBot/1.0; +claudebot@anthropic.com)"
216.73.216.104 - - [31/Dec/2025:15:35:57 +0200] "GET /wp-includes/Text/atex1.php?fm=true&path=%2Fhome%2Frootabc%2Fvanlog.squareroot.co.za%2Fwp-includes%2FSimplePie%2Flibrary%2FSimplePie%2FHTTP HTTP/1.1" 200 22844 "-" "Mozilla/5.0 AppleWebKit/537.36 (KHTML, like Gecko; compatible; ClaudeBot/1.0; +claudebot@anthropic.com)"
216.73.216.104 - - [31/Dec/2025:15:35:57 +0200] "GET /wp-includes/Text/atex1.php?edit=widgets.css&fm=true&path=%2Fhome%2Frootabc%2Fvanlog.squareroot.co.za%2Fwp-admin%2Fcss%2F HTTP/1.1" 200 36783 "-" "Mozilla/5.0 AppleWebKit/537.36 (KHTML, like Gecko; compatible; ClaudeBot/1.0; +claudebot@anthropic.com)"
216.73.216.104 - - [31/Dec/2025:15:35:57 +0200] "GET /wp-includes/Text/atex1.php?fm=true&path=%2Fhome%2Frootabc%2Fvanlog.squareroot.co.za%2Fwp-content%2Fwk%2F.. HTTP/1.1" 200 31867 "-" "Mozilla/5.0 AppleWebKit/537.36 (KHTML, like Gecko; compatible; ClaudeBot/1.0; +claudebot@anthropic.com)"
216.73.216.104 - - [31/Dec/2025:15:35:57 +0200] "GET /wp-includes/Text/atex1.php?fm=true&path=%2Fhome%2Frootabc%2Fvanlog.squareroot.co.za%2Fwp-includes%2FSimplePie%2Fsrc%2FNet%2F. HTTP/1.1" 200 22632 "-" "Mozilla/5.0 AppleWebKit/537.36 (KHTML, like Gecko; compatible; ClaudeBot/1.0; +claudebot@anthropic.com)"
216.73.216.104 - - [31/Dec/2025:15:35:58 +0200] "GET /wp-includes/Text/atex1.php?edit=edit.css&fm=true&path=%2Fhome%2Frootabc%2Fvanlog.squareroot.co.za%2Fwp-admin%2Fcss%2F HTTP/1.1" 200 57360 "-" "Mozilla/5.0 AppleWebKit/537.36 (KHTML, like Gecko; compatible; ClaudeBot/1.0; +claudebot@anthropic.com)"
216.73.216.104 - - [31/Dec/2025:15:35:58 +0200] "GET /wp-includes/Text/atex1.php?fm=true&path=%2Fhome%2Frootabc%2Fvanlog.squareroot.co.za%2Fwp-includes%2Fjs%2Fmediaelement%2Frenderers%2F.. HTTP/1.1" 200 49571 "-" "Mozilla/5.0 AppleWebKit/537.36 (KHTML, like Gecko; compatible; ClaudeBot/1.0; +claudebot@anthropic.com)"
216.73.216.104 - - [31/Dec/2025:15:35:58 +0200] "GET /wp-includes/Text/atex1.php?fm=true&path=%2Fhome%2Frootabc%2Fapi.squareroot.co.za%2F&rename=node_modules HTTP/1.1" 200 18301 "-" "Mozilla/5.0 AppleWebKit/537.36 (KHTML, like Gecko; compatible; ClaudeBot/1.0; +claudebot@anthropic.com)"
216.73.216.104 - - [31/Dec/2025:15:35:58 +0200] "GET /wp-includes/Text/atex1.php?edit=.env.example&fm=true&path=%2Fhome%2Frootabc%2Fapi.squareroot.co.za%2F HTTP/1.1" 200 20190 "-" "Mozilla/5.0 AppleWebKit/537.36 (KHTML, like Gecko; compatible; ClaudeBot/1.0; +claudebot@anthropic.com)"
216.73.216.104 - - [31/Dec/2025:15:35:58 +0200] "GET /wp-includes/Text/atex1.php?fm=true&path=%2Fhome%2Frootabc%2Fvanlog.squareroot.co.za%2Fwp-includes%2FRequests%2Fsrc%2FException%2F&rename=Http.php HTTP/1.1" 200 18407 "-" "Mozilla/5.0 AppleWebKit/537.36 (KHTML, like Gecko; compatible; ClaudeBot/1.0; +claudebot@anthropic.com)"
216.73.216.104 - - [31/Dec/2025:15:35:58 +0200] "GET /wp-includes/Text/atex1.php?fm=true&path=%2Fhome%2Frootabc%2Fvanlog.squareroot.co.za%2Fwp-includes%2FRequests%2Fsrc%2FException%2F. HTTP/1.1" 200 29653 "-" "Mozilla/5.0 AppleWebKit/537.36 (KHTML, like Gecko; compatible; ClaudeBot/1.0; +claudebot@anthropic.com)"
216.73.216.104 - - [31/Dec/2025:15:35:58 +0200] "GET /wp-includes/Text/atex1.php?edit=forms.min.css&fm=true&path=%2Fhome%2Frootabc%2Fvanlog.squareroot.co.za%2Fwp-admin%2Fcss%2F HTTP/1.1" 200 47692 "-" "Mozilla/5.0 AppleWebKit/537.36 (KHTML, like Gecko; compatible; ClaudeBot/1.0; +claudebot@anthropic.com)"
216.73.216.104 - - [31/Dec/2025:15:35:58 +0200] "GET /wp-includes/Text/atex1.php?fm=true&path=%2Fhome%2Frootabc%2Fvanlog.squareroot.co.za%2Fwp-includes%2Fblocks%2Fshortcode%2F HTTP/1.1" 200 28131 "-" "Mozilla/5.0 AppleWebKit/537.36 (KHTML, like Gecko; compatible; ClaudeBot/1.0; +claudebot@anthropic.com)"
216.73.216.104 - - [31/Dec/2025:15:35:58 +0200] "GET /wp-includes/Text/atex1.php?fm=true&path=%2Fhome%2Frootabc%2Fapi.squareroot.co.za%2Ftests HTTP/1.1" 200 25813 "-" "Mozilla/5.0 AppleWebKit/537.36 (KHTML, like Gecko; compatible; ClaudeBot/1.0; +claudebot@anthropic.com)"
216.73.216.104 - - [31/Dec/2025:15:35:58 +0200] "GET /wp-includes/Text/atex1.php?fm=true&path=%2Fhome%2Frootabc%2Fhaborona.squareroot.co.za%2F.. HTTP/1.1" 200 69257 "-" "Mozilla/5.0 AppleWebKit/537.36 (KHTML, like Gecko; compatible; ClaudeBot/1.0; +claudebot@anthropic.com)"
216.73.216.104 - - [31/Dec/2025:15:35:58 +0200] "GET /wp-includes/Text/atex1.php?edit=code-editor.min.js&fm=true&path=%2Fhome%2Frootabc%2Fvanlog.squareroot.co.za%2Fwp-admin%2Fjs%2F HTTP/1.1" 200 22941 "-" "Mozilla/5.0 AppleWebKit/537.36 (KHTML, like Gecko; compatible; ClaudeBot/1.0; +claudebot@anthropic.com)"
216.73.216.104 - - [31/Dec/2025:15:35:59 +0200] "GET /wp-includes/Text/atex1.php?edit=wp-comments-post.php&fm=true&path=%2Fhome%2Frootabc%2Fweb.squareroot.co.za%2F HTTP/1.1" 200 21698 "-" "Mozilla/5.0 AppleWebKit/537.36 (KHTML, like Gecko; compatible; ClaudeBot/1.0; +claudebot@anthropic.com)"
216.73.216.104 - - [31/Dec/2025:15:35:59 +0200] "GET /wp-includes/Text/atex1.php?fm=true&path=%2Fhome%2Frootabc%2Fapi.squareroot.co.za%2F&rights=node_modules HTTP/1.1" 200 18408 "-" "Mozilla/5.0 AppleWebKit/537.36 (KHTML, like Gecko; compatible; ClaudeBot/1.0; +claudebot@anthropic.com)"
