File manager - Edit - /var/log/apache2/domlogs/rootabc/sneakeroutlet.squareroot.co.za
Back
157.230.107.8 - - [03/Oct/2025:06:15:20 +0200] "GET / HTTP/1.1" 200 1 "-" "Mozilla/5.0 (X11; Linux x86_64; rv:139.0) Gecko/20100101 Firefox/139.0"
169.1.20.187 - - [03/Oct/2025:06:15:32 +0200] "POST /wp-cron.php?doing_wp_cron=1759464931.3827509880065917968750 HTTP/1.1" 200 1 "-" "WordPress/6.8.3; https://sneakeroutlet.squareroot.co.za"
35.198.230.164 - - [04/Oct/2025:09:20:41 +0200] "GET / HTTP/1.1" 200 1 "-" "Mozilla/5.0 (Linux; Android 5.1.1; SM-J111F)"
169.1.20.187 - - [04/Oct/2025:09:20:53 +0200] "POST /wp-cron.php?doing_wp_cron=1759562453.4530599117279052734375 HTTP/1.1" 200 1 "-" "WordPress/6.8.3; https://sneakeroutlet.squareroot.co.za"
34.72.147.95 - - [04/Oct/2025:16:05:36 +0200] "GET / HTTP/1.1" 200 1 "-" "Mozilla/5.0 (compatible; CMS-Checker/1.0; +https://example.com)"
169.1.20.187 - - [04/Oct/2025:16:05:47 +0200] "POST /wp-cron.php?doing_wp_cron=1759586747.7885429859161376953125 HTTP/1.1" 200 1 "-" "WordPress/6.8.3; https://sneakeroutlet.squareroot.co.za"
34.42.178.209 - - [04/Oct/2025:17:43:19 +0200] "GET / HTTP/1.1" 200 1 "-" "Mozilla/5.0 (compatible; CMS-Checker/1.0; +https://example.com)"
169.1.20.187 - - [04/Oct/2025:17:43:30 +0200] "POST /wp-cron.php?doing_wp_cron=1759592610.2696099281311035156250 HTTP/1.1" 200 1 "-" "WordPress/6.8.3; https://sneakeroutlet.squareroot.co.za"
34.63.204.159 - - [04/Oct/2025:17:47:16 +0200] "GET / HTTP/1.1" 200 1 "-" "Mozilla/5.0 (compatible; CMS-Checker/1.0; +https://example.com)"
169.1.20.187 - - [04/Oct/2025:17:47:19 +0200] "POST /wp-cron.php?doing_wp_cron=1759592839.0999948978424072265625 HTTP/1.1" 200 1 "-" "WordPress/6.8.3; https://sneakeroutlet.squareroot.co.za"
35.226.85.160 - - [04/Oct/2025:17:47:24 +0200] "GET / HTTP/1.1" 200 1 "-" "Mozilla/5.0 (compatible; CMS-Checker/1.0; +https://example.com)"
100.26.111.230 - - [05/Oct/2025:16:04:16 +0200] "GET / HTTP/1.1" 200 1 "-" "-"
169.1.20.187 - - [05/Oct/2025:16:04:29 +0200] "POST /wp-cron.php?doing_wp_cron=1759673069.3258860111236572265625 HTTP/1.1" 200 1 "-" "WordPress/6.8.3; https://sneakeroutlet.squareroot.co.za"
160.250.70.40 - - [05/Oct/2025:21:36:09 +0200] "GET /.git/config HTTP/1.1" 403 1 "-" "Mozilla/5.0 (X11; Linux x86_64) AppleWebKit/537.36"
169.1.20.187 - - [05/Oct/2025:21:36:16 +0200] "POST /wp-cron.php?doing_wp_cron=1759692976.7007999420166015625000 HTTP/1.1" 200 1 "-" "WordPress/6.8.3; https://sneakeroutlet.squareroot.co.za"
34.135.105.231 - - [06/Oct/2025:00:14:25 +0200] "GET / HTTP/1.1" 200 1 "-" "Mozilla/5.0 (compatible; CMS-Checker/1.0; +https://example.com)"
169.1.20.187 - - [06/Oct/2025:00:14:29 +0200] "POST /wp-cron.php?doing_wp_cron=1759702469.6804881095886230468750 HTTP/1.1" 200 1 "-" "WordPress/6.8.3; https://sneakeroutlet.squareroot.co.za"
34.133.201.182 - - [06/Oct/2025:00:46:59 +0200] "GET / HTTP/1.1" 200 1 "-" "Mozilla/5.0 (compatible; CMS-Checker/1.0; +https://example.com)"
169.1.20.187 - - [06/Oct/2025:00:47:03 +0200] "POST /wp-cron.php?doing_wp_cron=1759704423.4535479545593261718750 HTTP/1.1" 200 1 "-" "WordPress/6.8.3; https://sneakeroutlet.squareroot.co.za"
34.66.28.6 - - [06/Oct/2025:21:22:33 +0200] "GET / HTTP/1.1" 200 1 "-" "Mozilla/5.0 (compatible; CMS-Checker/1.0; +https://example.com)"
169.1.20.187 - - [06/Oct/2025:21:22:36 +0200] "POST /wp-cron.php?doing_wp_cron=1759778556.8095920085906982421875 HTTP/1.1" 200 1 "-" "WordPress/6.8.3; https://sneakeroutlet.squareroot.co.za"
34.42.250.227 - - [06/Oct/2025:21:34:17 +0200] "GET / HTTP/1.1" 200 1 "-" "Mozilla/5.0 (compatible; CMS-Checker/1.0; +https://example.com)"
169.1.20.187 - - [06/Oct/2025:21:34:20 +0200] "POST /wp-cron.php?doing_wp_cron=1759779260.3408980369567871093750 HTTP/1.1" 200 1 "-" "WordPress/6.8.3; https://sneakeroutlet.squareroot.co.za"
145.220.91.19 - - [08/Oct/2025:15:41:20 +0200] "GET / HTTP/1.1" 200 1 "-" "Mozilla/5.0 (Macintosh; Intel Mac OS X 10.15; rv:122.0) Gecko/20100101 Firefox/122.0"
169.1.20.187 - - [08/Oct/2025:15:41:40 +0200] "POST /wp-cron.php?doing_wp_cron=1759930900.4425439834594726562500 HTTP/1.1" 200 1 "-" "WordPress/6.8.3; https://sneakeroutlet.squareroot.co.za"
34.76.210.122 - - [12/Oct/2025:10:47:14 +0200] "GET / HTTP/1.1" 200 1 "-" "python-requests/2.32.5"
169.1.20.187 - - [12/Oct/2025:10:47:23 +0200] "POST /wp-cron.php?doing_wp_cron=1760258843.5493121147155761718750 HTTP/1.1" 200 1 "-" "WordPress/6.8.3; https://sneakeroutlet.squareroot.co.za"
205.169.39.18 - - [12/Oct/2025:14:09:11 +0200] "GET / HTTP/1.1" 200 1 "-" "Mozilla/5.0 (Windows NT 10.0; Win64; x64) AppleWebKit/537.36 (KHTML, like Gecko) Chrome/117.0.5938.132 Safari/537.36"
64.247.196.45 - - [14/Oct/2025:00:05:32 +0200] "GET /.git/config HTTP/1.1" 403 1 "-" "Mozilla/5.0 (Linux; Android 8.1.0; Moto G (5S)) AppleWebKit/537.36 (KHTML, like Gecko) Chrome/76.0.3809.111 Mobile Safari/537.36"
169.1.20.187 - - [14/Oct/2025:00:05:42 +0200] "POST /wp-cron.php?doing_wp_cron=1760393142.4164140224456787109375 HTTP/1.1" 200 1 "-" "WordPress/6.8.3; https://sneakeroutlet.squareroot.co.za"
159.65.87.36 - - [14/Oct/2025:04:09:19 +0200] "GET / HTTP/1.1" 200 1 "-" "Mozilla/5.0 (X11; Linux x86_64) AppleWebKit/537.36 (KHTML, like Gecko) Chrome/139.0.0.0 Safari/537.36"
169.1.20.187 - - [14/Oct/2025:04:09:28 +0200] "POST /wp-cron.php?doing_wp_cron=1760407768.4678730964660644531250 HTTP/1.1" 200 1 "-" "WordPress/6.8.3; https://sneakeroutlet.squareroot.co.za"
64.227.176.35 - - [17/Oct/2025:11:10:17 +0200] "GET / HTTP/1.1" 200 1 "-" "Mozilla/5.0 (X11; Linux x86_64) AppleWebKit/537.36 (KHTML, like Gecko) Chrome/139.0.0.0 Safari/537.36"
169.1.20.187 - - [17/Oct/2025:11:10:28 +0200] "POST /wp-cron.php?doing_wp_cron=1760692228.3280229568481445312500 HTTP/1.1" 200 1 "-" "WordPress/6.8.3; https://sneakeroutlet.squareroot.co.za"
172.182.215.130 - - [19/Oct/2025:15:16:00 +0200] "GET /robots.txt HTTP/1.1" 200 68 "-" "Mozilla/5.0 AppleWebKit/537.36 (KHTML, like Gecko; compatible; GPTBot/1.0; +https://openai.com/gptbot)"
169.1.20.187 - - [19/Oct/2025:15:16:14 +0200] "POST /wp-cron.php?doing_wp_cron=1760879774.5991868972778320312500 HTTP/1.1" 200 1 "-" "WordPress/6.8.3; https://sneakeroutlet.squareroot.co.za"
208.84.101.102 - - [23/Oct/2025:09:19:31 +0200] "GET /wp-admin/setup-config.php HTTP/1.1" 409 2665 "-" "Mozilla/5.0 (Windows NT 10.0; Win64; x64)"
44.199.250.218 - - [25/Oct/2025:10:53:19 +0200] "GET / HTTP/1.1" 200 1 "-" "Mozilla/5.0 (Windows NT 10.0; Win64; x64) AppleWebKit/537.36 (KHTML, like Gecko) Chrome/104.0.0.0 Safari/537.36"
169.1.20.187 - - [25/Oct/2025:10:53:22 +0200] "POST /wp-cron.php?doing_wp_cron=1761382402.5356910228729248046875 HTTP/1.1" 200 1 "-" "WordPress/6.8.3; https://sneakeroutlet.squareroot.co.za"
172.192.51.163 - - [25/Oct/2025:21:39:47 +0200] "GET /wp-content/plugins/hellopress/wp_filemanager.php HTTP/1.1" 200 1 "-" "-"
169.1.20.187 - - [25/Oct/2025:21:39:50 +0200] "POST /wp-cron.php?doing_wp_cron=1761421190.8223619461059570312500 HTTP/1.1" 200 1 "-" "WordPress/6.8.3; https://sneakeroutlet.squareroot.co.za"
172.192.51.163 - - [25/Oct/2025:21:39:52 +0200] "GET /atomlib.php HTTP/1.1" 200 1 "-" "-"
172.192.51.163 - - [25/Oct/2025:21:39:55 +0200] "GET /a.php HTTP/1.1" 200 1 "-" "-"
169.1.20.187 - - [25/Oct/2025:21:39:58 +0200] "POST /wp-cron.php?doing_wp_cron=1761421198.8270499706268310546875 HTTP/1.1" 200 1 "-" "WordPress/6.8.3; https://sneakeroutlet.squareroot.co.za"
172.192.51.163 - - [25/Oct/2025:21:40:00 +0200] "GET /v.php HTTP/1.1" 200 1 "-" "-"
172.192.51.163 - - [25/Oct/2025:21:40:08 +0200] "GET /d2.php HTTP/1.1" 200 1 "-" "-"
172.192.51.163 - - [25/Oct/2025:21:40:11 +0200] "GET /xc.php HTTP/1.1" 200 1 "-" "-"
172.192.51.163 - - [25/Oct/2025:21:40:14 +0200] "GET /g.php HTTP/1.1" 200 1 "-" "-"
172.192.51.163 - - [25/Oct/2025:21:40:18 +0200] "GET /gmo.php HTTP/1.1" 200 1 "-" "-"
172.192.51.163 - - [25/Oct/2025:21:40:21 +0200] "GET /11.php HTTP/1.1" 200 1 "-" "-"
172.192.51.163 - - [25/Oct/2025:21:40:24 +0200] "GET /20.php HTTP/1.1" 200 1 "-" "-"
172.192.51.163 - - [25/Oct/2025:21:40:27 +0200] "GET /f35.php HTTP/1.1" 200 1 "-" "-"
172.192.51.163 - - [25/Oct/2025:21:40:31 +0200] "GET /1.php HTTP/1.1" 200 1 "-" "-"
172.192.51.163 - - [25/Oct/2025:21:40:34 +0200] "GET /c.php HTTP/1.1" 200 1 "-" "-"
172.192.51.163 - - [25/Oct/2025:21:40:37 +0200] "GET /build.php HTTP/1.1" 200 1 "-" "-"
172.192.51.163 - - [25/Oct/2025:21:40:41 +0200] "GET /bless.php HTTP/1.1" 200 1 "-" "-"
172.192.51.163 - - [25/Oct/2025:21:40:45 +0200] "GET /admin/upload/css.php HTTP/1.1" 200 1 "-" "-"
172.192.51.163 - - [25/Oct/2025:21:40:49 +0200] "GET /lock360.php HTTP/1.1" 200 1 "-" "-"
172.192.51.163 - - [25/Oct/2025:21:40:52 +0200] "GET /4.php?p= HTTP/1.1" 200 1 "-" "-"
172.192.51.163 - - [25/Oct/2025:21:40:55 +0200] "GET /about.php HTTP/1.1" 200 1 "-" "-"
169.1.20.187 - - [25/Oct/2025:21:40:58 +0200] "POST /wp-cron.php?doing_wp_cron=1761421258.4470810890197753906250 HTTP/1.1" 200 1 "-" "WordPress/6.8.3; https://sneakeroutlet.squareroot.co.za"
172.192.51.163 - - [25/Oct/2025:21:40:59 +0200] "GET /r.php HTTP/1.1" 200 1 "-" "-"
172.192.51.163 - - [25/Oct/2025:21:41:07 +0200] "GET /v4.php HTTP/1.1" 200 1 "-" "-"
172.192.51.163 - - [25/Oct/2025:21:41:11 +0200] "GET /wp-22.php HTTP/1.1" 200 1 "-" "-"
172.192.51.163 - - [25/Oct/2025:21:41:14 +0200] "GET /makeasmtp.php?p= HTTP/1.1" 200 1 "-" "-"
172.192.51.163 - - [25/Oct/2025:21:41:18 +0200] "GET /system_log.php HTTP/1.1" 200 1 "-" "-"
172.192.51.163 - - [25/Oct/2025:21:41:22 +0200] "GET /NewFile.php HTTP/1.1" 200 1 "-" "-"
172.192.51.163 - - [25/Oct/2025:21:41:26 +0200] "GET /t.php?p= HTTP/1.1" 200 1 "-" "-"
172.192.51.163 - - [25/Oct/2025:21:41:29 +0200] "GET /ee.php HTTP/1.1" 200 1 "-" "-"
172.192.51.163 - - [25/Oct/2025:21:41:33 +0200] "GET /2.php HTTP/1.1" 200 1 "-" "-"
172.192.51.163 - - [25/Oct/2025:21:41:37 +0200] "GET //gmo.php HTTP/1.1" 200 1 "-" "-"
172.192.51.163 - - [25/Oct/2025:21:41:40 +0200] "GET /6.php HTTP/1.1" 200 1 "-" "-"
172.192.51.163 - - [25/Oct/2025:21:41:44 +0200] "GET /12.php HTTP/1.1" 200 1 "-" "-"
172.192.51.163 - - [25/Oct/2025:21:41:48 +0200] "GET /0.php HTTP/1.1" 200 1 "-" "-"
172.192.51.163 - - [25/Oct/2025:21:41:52 +0200] "GET /wp-admin/css/wp-conflg.php?p= HTTP/1.1" 200 1 "-" "-"
172.192.51.163 - - [25/Oct/2025:21:41:56 +0200] "GET /wp-includes/js/codemirror/index.php HTTP/1.1" 200 1 "-" "-"
169.1.20.187 - - [25/Oct/2025:21:41:59 +0200] "POST /wp-cron.php?doing_wp_cron=1761421319.7491900920867919921875 HTTP/1.1" 200 1 "-" "WordPress/6.8.3; https://sneakeroutlet.squareroot.co.za"
172.192.51.163 - - [25/Oct/2025:21:42:01 +0200] "GET /02.php HTTP/1.1" 200 1 "-" "-"
172.192.51.163 - - [25/Oct/2025:21:42:11 +0200] "GET /w.php HTTP/1.1" 200 1 "-" "-"
172.192.51.163 - - [25/Oct/2025:21:42:16 +0200] "GET /go.php?p= HTTP/1.1" 200 1 "-" "-"
172.192.51.163 - - [25/Oct/2025:21:42:19 +0200] "GET /public_html HTTP/1.1" 200 1 "-" "-"
172.192.51.163 - - [25/Oct/2025:21:42:23 +0200] "GET /r.php HTTP/1.1" 200 1 "-" "-"
172.192.51.163 - - [25/Oct/2025:21:42:26 +0200] "GET /ee.php HTTP/1.1" 200 1 "-" "-"
172.192.51.163 - - [25/Oct/2025:21:42:30 +0200] "GET /an.php HTTP/1.1" 200 1 "-" "-"
172.192.51.163 - - [25/Oct/2025:21:42:33 +0200] "GET /wp.php HTTP/1.1" 200 1 "-" "-"
172.192.51.163 - - [25/Oct/2025:21:42:36 +0200] "GET /wp-content/plugins/TOPXOH/wDR.php HTTP/1.1" 200 1 "-" "-"
172.192.51.163 - - [25/Oct/2025:21:42:39 +0200] "GET /admin.php HTTP/1.1" 200 1 "-" "-"
172.192.51.163 - - [25/Oct/2025:21:42:43 +0200] "GET /admin.php HTTP/1.1" 200 1 "-" "-"
172.192.51.163 - - [25/Oct/2025:21:42:46 +0200] "GET /wp-includes/Text/Diff/Engine/about.php HTTP/1.1" 200 1 "-" "-"
172.192.51.163 - - [25/Oct/2025:21:42:51 +0200] "GET /index/function.php HTTP/1.1" 200 1 "-" "-"
172.192.51.163 - - [25/Oct/2025:21:42:56 +0200] "GET /wp-includes/ID3/rk2.php HTTP/1.1" 200 1 "-" "-"
169.1.20.187 - - [25/Oct/2025:21:42:58 +0200] "POST /wp-cron.php?doing_wp_cron=1761421378.9502410888671875000000 HTTP/1.1" 200 1 "-" "WordPress/6.8.3; https://sneakeroutlet.squareroot.co.za"
172.192.51.163 - - [25/Oct/2025:21:43:00 +0200] "GET /license.php HTTP/1.1" 200 1 "-" "-"
172.192.51.163 - - [25/Oct/2025:21:43:06 +0200] "GET /radio.php HTTP/1.1" 200 1 "-" "-"
172.192.51.163 - - [25/Oct/2025:21:43:10 +0200] "GET /info.php HTTP/1.1" 200 1 "-" "-"
172.192.51.163 - - [25/Oct/2025:21:43:13 +0200] "GET /alfanew.php HTTP/1.1" 200 1 "-" "-"
172.192.51.163 - - [25/Oct/2025:21:43:16 +0200] "GET /inputs.php HTTP/1.1" 200 1 "-" "-"
172.192.51.163 - - [25/Oct/2025:21:43:20 +0200] "GET /admin/function.php HTTP/1.1" 200 1 "-" "-"
172.192.51.163 - - [25/Oct/2025:21:43:23 +0200] "GET /wp-includes/assets/index.php HTTP/1.1" 200 1 "-" "-"
172.192.51.163 - - [25/Oct/2025:21:43:27 +0200] "GET /wp-admin/images/index.php HTTP/1.1" 200 1 "-" "-"
172.192.51.163 - - [25/Oct/2025:21:43:30 +0200] "GET /default.php HTTP/1.1" 200 1 "-" "-"
172.192.51.163 - - [25/Oct/2025:21:43:33 +0200] "GET /lv.php HTTP/1.1" 200 1 "-" "-"
172.192.51.163 - - [25/Oct/2025:21:43:36 +0200] "GET /wp-content/themes/wp-pridmag/init.php HTTP/1.1" 200 1 "-" "-"
172.192.51.163 - - [25/Oct/2025:21:43:40 +0200] "GET /marijuana.php HTTP/1.1" 200 1 "-" "-"
172.192.51.163 - - [25/Oct/2025:21:43:43 +0200] "GET /wp-includes/autoload_classmap.php HTTP/1.1" 200 1 "-" "-"
172.192.51.163 - - [25/Oct/2025:21:43:48 +0200] "GET /wp-content/403.php HTTP/1.1" 200 1 "-" "-"
172.192.51.163 - - [25/Oct/2025:21:43:54 +0200] "GET /css/colors/coffee/index.php HTTP/1.1" 200 1 "-" "-"
172.192.51.163 - - [25/Oct/2025:21:43:56 +0200] "GET /css.php HTTP/1.1" 200 1 "-" "-"
169.1.20.187 - - [25/Oct/2025:21:43:59 +0200] "POST /wp-cron.php?doing_wp_cron=1761421439.5344879627227783203125 HTTP/1.1" 200 1 "-" "WordPress/6.8.3; https://sneakeroutlet.squareroot.co.za"
172.192.51.163 - - [25/Oct/2025:21:44:00 +0200] "GET /wp-admin/user/about.php HTTP/1.1" 200 1 "-" "-"
172.192.51.163 - - [25/Oct/2025:21:44:08 +0200] "GET /about.php HTTP/1.1" 200 1 "-" "-"
172.192.51.163 - - [25/Oct/2025:21:44:11 +0200] "GET /1.php? HTTP/1.1" 200 1 "-" "-"
172.192.51.163 - - [25/Oct/2025:21:44:14 +0200] "GET /marijuana.php? HTTP/1.1" 200 1 "-" "-"
172.192.51.163 - - [25/Oct/2025:21:44:17 +0200] "GET /about/function.php? HTTP/1.1" 200 1 "-" "-"
172.192.51.163 - - [25/Oct/2025:21:44:19 +0200] "GET /simple.php HTTP/1.1" 200 1 "-" "-"
172.192.51.163 - - [25/Oct/2025:21:44:23 +0200] "GET /goat1.php HTTP/1.1" 200 1 "-" "-"
172.192.51.163 - - [25/Oct/2025:21:44:26 +0200] "GET /chosen.php? HTTP/1.1" 200 1 "-" "-"
172.192.51.163 - - [25/Oct/2025:21:44:29 +0200] "GET /wp-cron.php? HTTP/1.1" 200 1 "-" "-"
172.192.51.163 - - [25/Oct/2025:21:44:32 +0200] "GET /yanz.php HTTP/1.1" 200 1 "-" "-"
172.192.51.163 - - [25/Oct/2025:21:44:35 +0200] "GET /config.php? HTTP/1.1" 200 1 "-" "-"
172.192.51.163 - - [25/Oct/2025:21:44:38 +0200] "GET /network.php HTTP/1.1" 200 1 "-" "-"
172.192.51.163 - - [25/Oct/2025:21:44:41 +0200] "GET /wp-2019.php? HTTP/1.1" 200 1 "-" "-"
172.192.51.163 - - [25/Oct/2025:21:44:44 +0200] "GET /bypass.php HTTP/1.1" 200 1 "-" "-"
172.192.51.163 - - [25/Oct/2025:21:44:47 +0200] "GET /wp-includes/IXR/admin.php HTTP/1.1" 200 1 "-" "-"
172.192.51.163 - - [25/Oct/2025:21:44:50 +0200] "GET /wp-includes/theme-compat/wp-login.php HTTP/1.1" 200 1 "-" "-"
172.192.51.163 - - [25/Oct/2025:21:44:53 +0200] "GET /tiny.php?p= HTTP/1.1" 200 1 "-" "-"
172.192.51.163 - - [25/Oct/2025:21:44:56 +0200] "GET /lock.php HTTP/1.1" 200 1 "-" "-"
169.1.20.187 - - [25/Oct/2025:21:44:59 +0200] "POST /wp-cron.php?doing_wp_cron=1761421499.0978889465332031250000 HTTP/1.1" 200 1 "-" "WordPress/6.8.3; https://sneakeroutlet.squareroot.co.za"
172.192.51.163 - - [25/Oct/2025:21:45:00 +0200] "GET /mail.php? HTTP/1.1" 200 1 "-" "-"
172.192.51.163 - - [25/Oct/2025:21:45:09 +0200] "GET /wp-includes/system_log.php? HTTP/1.1" 200 1 "-" "-"
172.192.51.163 - - [25/Oct/2025:21:45:12 +0200] "GET /file.php? HTTP/1.1" 200 1 "-" "-"
172.192.51.163 - - [25/Oct/2025:21:45:15 +0200] "GET /as.php HTTP/1.1" 200 1 "-" "-"
172.192.51.163 - - [25/Oct/2025:21:45:18 +0200] "GET /.well-known/acme-challenge/index.php HTTP/1.1" 200 1 "-" "-"
172.192.51.163 - - [25/Oct/2025:21:45:22 +0200] "GET /wp-content/themes/wp-pridmag/init.php? HTTP/1.1" 200 1 "-" "-"
172.192.51.163 - - [25/Oct/2025:21:45:26 +0200] "GET /manager.php?p= HTTP/1.1" 200 1 "-" "-"
172.192.51.163 - - [25/Oct/2025:21:45:29 +0200] "GET /plugins/pwnd/as.php HTTP/1.1" 200 1 "-" "-"
172.192.51.163 - - [25/Oct/2025:21:45:32 +0200] "GET /wp-configs.php? HTTP/1.1" 200 1 "-" "-"
172.192.51.163 - - [25/Oct/2025:21:45:36 +0200] "GET /wp-includes/html-api/wp-conflg.php?p= HTTP/1.1" 200 1 "-" "-"
172.192.51.163 - - [25/Oct/2025:21:45:40 +0200] "GET /wp-includes/js/crop/zmFM.php HTTP/1.1" 200 1 "-" "-"
172.192.51.163 - - [25/Oct/2025:21:45:43 +0200] "GET /wp-includes/rest-api/fields/index.php? HTTP/1.1" 200 1 "-" "-"
172.192.51.163 - - [25/Oct/2025:21:45:47 +0200] "GET /index/fucku.php HTTP/1.1" 200 1 "-" "-"
172.192.51.163 - - [25/Oct/2025:21:45:50 +0200] "GET /upload/wp-info.php HTTP/1.1" 200 1 "-" "-"
172.192.51.163 - - [25/Oct/2025:21:45:54 +0200] "GET /post.php HTTP/1.1" 200 1 "-" "-"
172.192.51.163 - - [25/Oct/2025:21:45:57 +0200] "GET /.well-known/acme-challenge/admin.php HTTP/1.1" 200 1 "-" "-"
169.1.20.187 - - [25/Oct/2025:21:46:00 +0200] "POST /wp-cron.php?doing_wp_cron=1761421560.0592648983001708984375 HTTP/1.1" 200 1 "-" "WordPress/6.8.3; https://sneakeroutlet.squareroot.co.za"
103.75.85.204 - - [28/Oct/2025:00:28:54 +0200] "GET / HTTP/1.1" 200 1 "-" "Mozilla/5.0 (Windows NT 10.0; Win64; x64) AppleWebKit/537.36 (KHTML, like Gecko) Chrome/141.0.0.0 Safari/537.36"
169.1.20.187 - - [28/Oct/2025:00:29:07 +0200] "POST /wp-cron.php?doing_wp_cron=1761604147.4242680072784423828125 HTTP/1.1" 200 1 "-" "WordPress/6.8.3; https://sneakeroutlet.squareroot.co.za"
103.75.85.204 - - [28/Oct/2025:00:29:09 +0200] "GET /favicon.ico HTTP/1.1" 200 1 "http://sneakeroutlet.squareroot.co.za/" "Mozilla/5.0 (Windows NT 10.0; Win64; x64) AppleWebKit/537.36 (KHTML, like Gecko) Chrome/141.0.0.0 Safari/537.36"
64.227.167.178 - - [28/Oct/2025:03:40:19 +0200] "GET / HTTP/1.1" 200 1 "-" "Mozilla/5.0 (X11; Linux x86_64) AppleWebKit/537.36 (KHTML, like Gecko) Chrome/139.0.0.0 Safari/537.36"
169.1.20.187 - - [28/Oct/2025:03:40:31 +0200] "POST /wp-cron.php?doing_wp_cron=1761615631.8744819164276123046875 HTTP/1.1" 200 1 "-" "WordPress/6.8.3; https://sneakeroutlet.squareroot.co.za"
128.199.59.214 - - [28/Oct/2025:07:06:00 +0200] "GET / HTTP/1.1" 200 1 "-" "Mozilla/5.0 (Windows NT 10.0; Win64; x64) AppleWebKit/537.36 (KHTML, like Gecko) Chrome/78.0.3904.108 Safari/537.36"
169.1.20.187 - - [28/Oct/2025:07:06:17 +0200] "POST /wp-cron.php?doing_wp_cron=1761627977.4692170619964599609375 HTTP/1.1" 200 1 "-" "WordPress/6.8.3; https://sneakeroutlet.squareroot.co.za"
128.199.59.214 - - [28/Oct/2025:07:06:19 +0200] "GET / HTTP/1.1" 200 1 "-" "Mozilla/5.0 (Windows NT 10.0; Win64; x64) AppleWebKit/537.36 (KHTML, like Gecko) Chrome/78.0.3904.108 Safari/537.36"
128.199.59.214 - - [28/Oct/2025:07:06:24 +0200] "GET /wp-includes/wlwmanifest.xml HTTP/1.1" 200 143186 "-" "Mozilla/5.0 (Windows NT 10.0; Win64; x64) AppleWebKit/537.36 (KHTML, like Gecko) Chrome/78.0.3904.108 Safari/537.36"
128.199.59.214 - - [28/Oct/2025:07:06:31 +0200] "GET /?author=1 HTTP/1.1" 200 1 "-" "Mozilla/5.0 (Windows NT 10.0; Win64; x64) AppleWebKit/537.36 (KHTML, like Gecko) Chrome/78.0.3904.108 Safari/537.36"
128.199.59.214 - - [28/Oct/2025:07:06:34 +0200] "GET /?author=2 HTTP/1.1" 200 1 "-" "Mozilla/5.0 (Windows NT 10.0; Win64; x64) AppleWebKit/537.36 (KHTML, like Gecko) Chrome/78.0.3904.108 Safari/537.36"
128.199.59.214 - - [28/Oct/2025:07:06:38 +0200] "GET /wp-json/wp/v2/users/ HTTP/1.1" 403 2849 "-" "Mozilla/5.0 (Windows NT 10.0; Win64; x64) AppleWebKit/537.36 (KHTML, like Gecko) Chrome/78.0.3904.108 Safari/537.36"
128.199.59.214 - - [28/Oct/2025:07:06:43 +0200] "POST /xmlrpc.php HTTP/1.1" 200 402 "-" "Mozilla/5.0 (Windows NT 10.0; Win64; x64) AppleWebKit/537.36 (KHTML, like Gecko) Chrome/78.0.3904.108 Safari/537.36"
128.199.59.214 - - [28/Oct/2025:07:06:47 +0200] "POST /xmlrpc.php HTTP/1.1" 200 402 "-" "Mozilla/5.0 (Windows NT 10.0; Win64; x64) AppleWebKit/537.36 (KHTML, like Gecko) Chrome/78.0.3904.108 Safari/537.36"
128.199.59.214 - - [28/Oct/2025:07:06:50 +0200] "POST /xmlrpc.php HTTP/1.1" 200 402 "-" "Mozilla/5.0 (Windows NT 10.0; Win64; x64) AppleWebKit/537.36 (KHTML, like Gecko) Chrome/78.0.3904.108 Safari/537.36"
128.199.59.214 - - [28/Oct/2025:07:06:54 +0200] "POST /xmlrpc.php HTTP/1.1" 200 402 "-" "Mozilla/5.0 (Windows NT 10.0; Win64; x64) AppleWebKit/537.36 (KHTML, like Gecko) Chrome/78.0.3904.108 Safari/537.36"
128.199.59.214 - - [28/Oct/2025:07:06:57 +0200] "POST /xmlrpc.php HTTP/1.1" 200 402 "-" "Mozilla/5.0 (Windows NT 10.0; Win64; x64) AppleWebKit/537.36 (KHTML, like Gecko) Chrome/78.0.3904.108 Safari/537.36"
169.1.20.187 - - [28/Oct/2025:07:07:00 +0200] "POST /wp-cron.php?doing_wp_cron=1761628020.7499759197235107421875 HTTP/1.1" 200 1 "-" "WordPress/6.8.3; https://sneakeroutlet.squareroot.co.za"
128.199.59.214 - - [28/Oct/2025:07:07:02 +0200] "POST /xmlrpc.php HTTP/1.1" 200 402 "-" "Mozilla/5.0 (Windows NT 10.0; Win64; x64) AppleWebKit/537.36 (KHTML, like Gecko) Chrome/78.0.3904.108 Safari/537.36"
128.199.59.214 - - [28/Oct/2025:07:07:14 +0200] "POST /xmlrpc.php HTTP/1.1" 200 402 "-" "Mozilla/5.0 (Windows NT 10.0; Win64; x64) AppleWebKit/537.36 (KHTML, like Gecko) Chrome/78.0.3904.108 Safari/537.36"
128.199.59.214 - - [28/Oct/2025:07:07:18 +0200] "POST /xmlrpc.php HTTP/1.1" 200 402 "-" "Mozilla/5.0 (Windows NT 10.0; Win64; x64) AppleWebKit/537.36 (KHTML, like Gecko) Chrome/78.0.3904.108 Safari/537.36"
128.199.59.214 - - [28/Oct/2025:07:07:21 +0200] "POST /xmlrpc.php HTTP/1.1" 200 402 "-" "Mozilla/5.0 (Windows NT 10.0; Win64; x64) AppleWebKit/537.36 (KHTML, like Gecko) Chrome/78.0.3904.108 Safari/537.36"
128.199.59.214 - - [28/Oct/2025:07:07:25 +0200] "POST /xmlrpc.php HTTP/1.1" 200 402 "-" "Mozilla/5.0 (Windows NT 10.0; Win64; x64) AppleWebKit/537.36 (KHTML, like Gecko) Chrome/78.0.3904.108 Safari/537.36"
128.199.59.214 - - [28/Oct/2025:07:07:30 +0200] "POST /xmlrpc.php HTTP/1.1" 200 402 "-" "Mozilla/5.0 (Windows NT 10.0; Win64; x64) AppleWebKit/537.36 (KHTML, like Gecko) Chrome/78.0.3904.108 Safari/537.36"
128.199.59.214 - - [28/Oct/2025:07:07:35 +0200] "POST /xmlrpc.php HTTP/1.1" 200 402 "-" "Mozilla/5.0 (Windows NT 10.0; Win64; x64) AppleWebKit/537.36 (KHTML, like Gecko) Chrome/78.0.3904.108 Safari/537.36"
128.199.59.214 - - [28/Oct/2025:07:07:39 +0200] "POST /xmlrpc.php HTTP/1.1" 200 402 "-" "Mozilla/5.0 (Windows NT 10.0; Win64; x64) AppleWebKit/537.36 (KHTML, like Gecko) Chrome/78.0.3904.108 Safari/537.36"
128.199.59.214 - - [28/Oct/2025:07:07:43 +0200] "POST /xmlrpc.php HTTP/1.1" 200 402 "-" "Mozilla/5.0 (Windows NT 10.0; Win64; x64) AppleWebKit/537.36 (KHTML, like Gecko) Chrome/78.0.3904.108 Safari/537.36"
128.199.59.214 - - [28/Oct/2025:07:07:46 +0200] "POST /xmlrpc.php HTTP/1.1" 200 402 "-" "Mozilla/5.0 (Windows NT 10.0; Win64; x64) AppleWebKit/537.36 (KHTML, like Gecko) Chrome/78.0.3904.108 Safari/537.36"
128.199.59.214 - - [28/Oct/2025:07:07:49 +0200] "POST /xmlrpc.php HTTP/1.1" 200 402 "-" "Mozilla/5.0 (Windows NT 10.0; Win64; x64) AppleWebKit/537.36 (KHTML, like Gecko) Chrome/78.0.3904.108 Safari/537.36"
128.199.59.214 - - [28/Oct/2025:07:07:52 +0200] "POST /xmlrpc.php HTTP/1.1" 200 402 "-" "Mozilla/5.0 (Windows NT 10.0; Win64; x64) AppleWebKit/537.36 (KHTML, like Gecko) Chrome/78.0.3904.108 Safari/537.36"
128.199.59.214 - - [28/Oct/2025:07:07:54 +0200] "POST /xmlrpc.php HTTP/1.1" 200 402 "-" "Mozilla/5.0 (Windows NT 10.0; Win64; x64) AppleWebKit/537.36 (KHTML, like Gecko) Chrome/78.0.3904.108 Safari/537.36"
128.199.59.214 - - [28/Oct/2025:07:07:58 +0200] "POST /xmlrpc.php HTTP/1.1" 200 402 "-" "Mozilla/5.0 (Windows NT 10.0; Win64; x64) AppleWebKit/537.36 (KHTML, like Gecko) Chrome/78.0.3904.108 Safari/537.36"
169.1.20.187 - - [28/Oct/2025:07:08:00 +0200] "POST /wp-cron.php?doing_wp_cron=1761628080.6398561000823974609375 HTTP/1.1" 200 1 "-" "WordPress/6.8.3; https://sneakeroutlet.squareroot.co.za"
128.199.59.214 - - [28/Oct/2025:07:08:02 +0200] "POST /xmlrpc.php HTTP/1.1" 200 402 "-" "Mozilla/5.0 (Windows NT 10.0; Win64; x64) AppleWebKit/537.36 (KHTML, like Gecko) Chrome/78.0.3904.108 Safari/537.36"
128.199.59.214 - - [28/Oct/2025:07:08:09 +0200] "POST /xmlrpc.php HTTP/1.1" 200 402 "-" "Mozilla/5.0 (Windows NT 10.0; Win64; x64) AppleWebKit/537.36 (KHTML, like Gecko) Chrome/78.0.3904.108 Safari/537.36"
128.199.59.214 - - [28/Oct/2025:07:08:13 +0200] "POST /xmlrpc.php HTTP/1.1" 200 402 "-" "Mozilla/5.0 (Windows NT 10.0; Win64; x64) AppleWebKit/537.36 (KHTML, like Gecko) Chrome/78.0.3904.108 Safari/537.36"
128.199.59.214 - - [28/Oct/2025:07:08:18 +0200] "POST /xmlrpc.php HTTP/1.1" 200 402 "-" "Mozilla/5.0 (Windows NT 10.0; Win64; x64) AppleWebKit/537.36 (KHTML, like Gecko) Chrome/78.0.3904.108 Safari/537.36"
128.199.59.214 - - [28/Oct/2025:07:08:21 +0200] "POST /xmlrpc.php HTTP/1.1" 200 402 "-" "Mozilla/5.0 (Windows NT 10.0; Win64; x64) AppleWebKit/537.36 (KHTML, like Gecko) Chrome/78.0.3904.108 Safari/537.36"
128.199.59.214 - - [28/Oct/2025:07:08:25 +0200] "POST /xmlrpc.php HTTP/1.1" 200 402 "-" "Mozilla/5.0 (Windows NT 10.0; Win64; x64) AppleWebKit/537.36 (KHTML, like Gecko) Chrome/78.0.3904.108 Safari/537.36"
128.199.59.214 - - [28/Oct/2025:07:08:29 +0200] "POST /xmlrpc.php HTTP/1.1" 200 402 "-" "Mozilla/5.0 (Windows NT 10.0; Win64; x64) AppleWebKit/537.36 (KHTML, like Gecko) Chrome/78.0.3904.108 Safari/537.36"
128.199.59.214 - - [28/Oct/2025:07:08:33 +0200] "POST /xmlrpc.php HTTP/1.1" 200 402 "-" "Mozilla/5.0 (Windows NT 10.0; Win64; x64) AppleWebKit/537.36 (KHTML, like Gecko) Chrome/78.0.3904.108 Safari/537.36"
128.199.59.214 - - [28/Oct/2025:07:08:39 +0200] "POST /xmlrpc.php HTTP/1.1" 200 402 "-" "Mozilla/5.0 (Windows NT 10.0; Win64; x64) AppleWebKit/537.36 (KHTML, like Gecko) Chrome/78.0.3904.108 Safari/537.36"
128.199.59.214 - - [28/Oct/2025:07:08:44 +0200] "POST /xmlrpc.php HTTP/1.1" 200 402 "-" "Mozilla/5.0 (Windows NT 10.0; Win64; x64) AppleWebKit/537.36 (KHTML, like Gecko) Chrome/78.0.3904.108 Safari/537.36"
128.199.59.214 - - [28/Oct/2025:07:08:48 +0200] "POST /xmlrpc.php HTTP/1.1" 200 402 "-" "Mozilla/5.0 (Windows NT 10.0; Win64; x64) AppleWebKit/537.36 (KHTML, like Gecko) Chrome/78.0.3904.108 Safari/537.36"
128.199.59.214 - - [28/Oct/2025:07:08:52 +0200] "POST /xmlrpc.php HTTP/1.1" 200 402 "-" "Mozilla/5.0 (Windows NT 10.0; Win64; x64) AppleWebKit/537.36 (KHTML, like Gecko) Chrome/78.0.3904.108 Safari/537.36"
164.92.96.224 - - [30/Oct/2025:13:52:57 +0200] "GET /wp-login.php HTTP/1.1" 200 1 "-" "Mozilla/5.0"
169.1.20.187 - - [30/Oct/2025:13:53:11 +0200] "POST /wp-cron.php?doing_wp_cron=1761825191.0406589508056640625000 HTTP/1.1" 200 1 "-" "WordPress/6.8.3; https://sneakeroutlet.squareroot.co.za"
165.227.204.31 - - [31/Oct/2025:15:03:21 +0200] "GET / HTTP/1.1" 200 1 "-" "Mozilla/5.0 (X11; Linux x86_64) AppleWebKit/537.36 (KHTML, like Gecko) Chrome/139.0.0.0 Safari/537.36"
169.1.20.187 - - [31/Oct/2025:15:03:34 +0200] "POST /wp-cron.php?doing_wp_cron=1761915813.9872341156005859375000 HTTP/1.1" 200 1 "-" "WordPress/6.8.3; https://sneakeroutlet.squareroot.co.za"
35.224.148.66 - - [05/Nov/2025:20:57:17 +0200] "GET / HTTP/1.1" 200 1 "-" "Mozilla/5.0 (Windows NT 6.2) AppleWebKit/537.36 (KHTML, like Gecko) Chrome/28.0.1467.0 Safari/537.36"
169.1.20.187 - - [05/Nov/2025:20:57:29 +0200] "POST /wp-cron.php?doing_wp_cron=1762369049.7722270488739013671875 HTTP/1.1" 200 1 "-" "WordPress/6.8.3; https://sneakeroutlet.squareroot.co.za"
35.240.249.37 - - [08/Nov/2025:04:57:30 +0200] "GET /wp-includes/css/dashicons.min.css HTTP/1.1" 200 59016 "-" "Mozilla/5.0 (Windows NT 10.0; Win64; x64) AppleWebKit/537.36"
35.240.249.37 - - [08/Nov/2025:04:57:30 +0200] "GET / HTTP/1.1" 200 1 "-" "Mozilla/5.0 (Windows NT 10.0; Win64; x64) AppleWebKit/537.36"
35.240.249.37 - - [08/Nov/2025:04:57:46 +0200] "GET /wordpress/ HTTP/1.1" 200 143135 "-" "Mozilla/5.0 (Windows NT 10.0; Win64; x64) AppleWebKit/537.36"
169.1.20.187 - - [08/Nov/2025:04:57:45 +0200] "POST /wp-cron.php?doing_wp_cron=1762570665.5042009353637695312500 HTTP/1.1" 200 1 "-" "WordPress/6.8.3; https://sneakeroutlet.squareroot.co.za"
164.92.145.194 - - [11/Nov/2025:17:52:36 +0200] "GET / HTTP/1.1" 200 1 "-" "Mozilla/5.0 (X11; Linux x86_64) AppleWebKit/537.36 (KHTML, like Gecko) Chrome/139.0.0.0 Safari/537.36"
169.1.20.187 - - [11/Nov/2025:17:52:48 +0200] "POST /wp-cron.php?doing_wp_cron=1762876368.1916160583496093750000 HTTP/1.1" 200 1 "-" "WordPress/6.8.3; https://sneakeroutlet.squareroot.co.za"
146.190.24.246 - - [14/Nov/2025:05:54:57 +0200] "GET / HTTP/1.1" 200 1 "-" "Mozilla/5.0 (X11; Linux x86_64) AppleWebKit/537.36 (KHTML, like Gecko) Chrome/139.0.0.0 Safari/537.36"
169.1.20.187 - - [14/Nov/2025:05:55:13 +0200] "POST /wp-cron.php?doing_wp_cron=1763092513.2594709396362304687500 HTTP/1.1" 200 1 "-" "WordPress/6.8.3; https://sneakeroutlet.squareroot.co.za"
169.1.20.187 - - [21/Nov/2025:14:10:02 +0200] "GET /.well-known/acme-challenge/Y0W9LIV4B2_HRANVYNZBVKX88SYR8EAM HTTP/1.1" 200 64 "-" "Cpanel-HTTP-Client/1.0"
169.1.20.187 - - [21/Nov/2025:14:10:02 +0200] "GET /.well-known/acme-challenge/CBX0FPYIHQYYM-0RLDCJP6VIWNRE9RUE HTTP/1.1" 200 64 "-" "Cpanel-HTTP-Client/1.0"
23.178.112.212 - - [21/Nov/2025:14:10:10 +0200] "GET /.well-known/acme-challenge/UTvz957B36vaob2ZceN6QWL6akJvVGsMIhZn9twF_Jk HTTP/1.1" 200 87 "-" "Mozilla/5.0 (compatible; Let's Encrypt validation server; +https://www.letsencrypt.org)"
23.178.112.210 - - [21/Nov/2025:14:10:12 +0200] "GET /.well-known/acme-challenge/IsvQRojx-4NKH01bxvn_wOuOESnTtuh7ecd60alslwE HTTP/1.1" 200 87 "-" "Mozilla/5.0 (compatible; Let's Encrypt validation server; +https://www.letsencrypt.org)"
47.129.8.232 - - [21/Nov/2025:14:10:12 +0200] "GET /.well-known/acme-challenge/UTvz957B36vaob2ZceN6QWL6akJvVGsMIhZn9twF_Jk HTTP/1.1" 200 87 "-" "Mozilla/5.0 (compatible; Let's Encrypt validation server; +https://www.letsencrypt.org)"
91.90.120.14 - - [21/Nov/2025:16:01:33 +0200] "GET / HTTP/1.1" 200 1 "-" "Mozilla/5.0 (X11; Linux x86_64) AppleWebKit/537.36 (KHTML, like Gecko) Chrome/137.0.0.0 Safari/537.36"
169.1.20.187 - - [21/Nov/2025:16:01:38 +0200] "POST /wp-cron.php?doing_wp_cron=1763733698.8876950740814208984375 HTTP/1.1" 200 1 "-" "WordPress/6.8.3; https://sneakeroutlet.squareroot.co.za"
5.253.205.226 - - [22/Nov/2025:04:38:05 +0200] "GET /wp-json/wp/v2/users/ HTTP/1.1" 403 2849 "-" "Mozilla/5.0 (Windows NT 10.0; Win64; x64) AppleWebKit/537.36 (KHTML, like Gecko) Chrome/128.0.0.0 Safari/537.3"
169.1.20.187 - - [22/Nov/2025:04:38:19 +0200] "POST /wp-cron.php?doing_wp_cron=1763779099.0365660190582275390625 HTTP/1.1" 200 1 "-" "WordPress/6.8.3; https://sneakeroutlet.squareroot.co.za"
5.253.205.226 - - [22/Nov/2025:06:21:47 +0200] "GET /wp-json/wp/v2/users/ HTTP/1.1" 403 2849 "-" "Mozilla/5.0 (Windows NT 10.0; Win64; x64) AppleWebKit/537.36 (KHTML, like Gecko) Chrome/128.0.0.0 Safari/537.3"
169.1.20.187 - - [22/Nov/2025:06:22:06 +0200] "POST /wp-cron.php?doing_wp_cron=1763785326.0871191024780273437500 HTTP/1.1" 200 1 "-" "WordPress/6.8.3; https://sneakeroutlet.squareroot.co.za"
146.190.161.150 - - [22/Nov/2025:09:52:35 +0200] "GET / HTTP/1.1" 200 1 "-" "Mozilla/5.0 (X11; Linux x86_64; rv:139.0) Gecko/20100101 Firefox/139.0"
169.1.20.187 - - [22/Nov/2025:09:52:46 +0200] "POST /wp-cron.php?doing_wp_cron=1763797966.5562660694122314453125 HTTP/1.1" 200 1 "-" "WordPress/6.8.3; https://sneakeroutlet.squareroot.co.za"
161.35.160.147 - - [22/Nov/2025:16:16:21 +0200] "GET / HTTP/1.1" 200 1 "-" "Mozilla/5.0 (X11; Linux x86_64) AppleWebKit/537.36 (KHTML, like Gecko) Chrome/139.0.0.0 Safari/537.36"
169.1.20.187 - - [22/Nov/2025:16:16:32 +0200] "POST /wp-cron.php?doing_wp_cron=1763820992.4832360744476318359375 HTTP/1.1" 200 1 "-" "WordPress/6.8.3; https://sneakeroutlet.squareroot.co.za"
34.82.161.182 - - [23/Nov/2025:02:33:43 +0200] "GET / HTTP/1.1" 200 1 "-" "Mozilla/5.0 (compatible; CMS-Checker/1.0; +https://example.com)"
169.1.20.187 - - [23/Nov/2025:02:33:56 +0200] "POST /wp-cron.php?doing_wp_cron=1763858035.9522080421447753906250 HTTP/1.1" 200 1 "-" "WordPress/6.8.3; https://sneakeroutlet.squareroot.co.za"
103.81.231.202 - - [23/Nov/2025:04:28:29 +0200] "GET / HTTP/1.1" 200 1 "-" "Mozilla/5.0 (Windows NT 10.0; Win64; x64) AppleWebKit/537.36 (KHTML, like Gecko) Chrome/137.0.0.0 Safari/537.36"
103.81.231.202 - - [23/Nov/2025:04:28:32 +0200] "GET /favicon.ico HTTP/1.1" 200 1 "-" "Mozilla/5.0 (Windows NT 10.0; Win64; x64) AppleWebKit/537.36 (KHTML, like Gecko) Chrome/137.0.0.0 Safari/537.36"
34.19.125.194 - - [23/Nov/2025:06:57:06 +0200] "GET / HTTP/1.1" 200 1 "-" "Mozilla/5.0 (compatible; CMS-Checker/1.0; +https://example.com)"
169.1.20.187 - - [23/Nov/2025:06:57:18 +0200] "POST /wp-cron.php?doing_wp_cron=1763873838.5026218891143798828125 HTTP/1.1" 200 1 "-" "WordPress/6.8.3; https://sneakeroutlet.squareroot.co.za"
34.139.174.109 - - [23/Nov/2025:17:37:32 +0200] "GET / HTTP/1.1" 200 1 "-" "Mozilla/5.0 (compatible; CMS-Checker/1.0; +https://example.com)"
169.1.20.187 - - [23/Nov/2025:17:37:43 +0200] "POST /wp-cron.php?doing_wp_cron=1763912263.4568779468536376953125 HTTP/1.1" 200 1 "-" "WordPress/6.8.3; https://sneakeroutlet.squareroot.co.za"
103.133.214.127 - - [23/Nov/2025:18:46:35 +0200] "GET /.env HTTP/1.1" 403 16001 "-" "Mozilla/5.0 (X11; Linux x86_64) AppleWebKit/537.36 (KHTML, like Gecko) Chrome/81.0.4044.129 Safari/537.36"
169.1.20.187 - - [23/Nov/2025:18:46:46 +0200] "POST /wp-cron.php?doing_wp_cron=1763916406.9463050365447998046875 HTTP/1.1" 200 1 "-" "WordPress/6.8.3; https://sneakeroutlet.squareroot.co.za"
45.130.203.223 - - [24/Nov/2025:02:05:45 +0200] "GET /.git/HEAD HTTP/1.1" 403 1 "-" "Python-urllib/3.10"
169.1.20.187 - - [24/Nov/2025:02:05:56 +0200] "POST /wp-cron.php?doing_wp_cron=1763942756.3401670455932617187500 HTTP/1.1" 200 1 "-" "WordPress/6.8.3; https://sneakeroutlet.squareroot.co.za"
167.71.37.200 - - [25/Nov/2025:08:39:06 +0200] "GET / HTTP/1.1" 200 1 "-" "Mozilla/5.0 (X11; Linux x86_64) AppleWebKit/537.36 (KHTML, like Gecko) Chrome/139.0.0.0 Safari/537.36"
169.1.20.187 - - [25/Nov/2025:08:39:20 +0200] "POST /wp-cron.php?doing_wp_cron=1764052759.9681220054626464843750 HTTP/1.1" 200 1 "-" "WordPress/6.8.3; https://sneakeroutlet.squareroot.co.za"
208.84.101.102 - - [26/Nov/2025:04:27:50 +0200] "GET / HTTP/1.1" 200 1 "-" "Mozilla/5.0 (Windows NT 10.0; Win64; x64) AppleWebKit/537.36 (KHTML, like Gecko) Chrome/78.0.3904.108 Safari/537.36"
169.1.20.187 - - [26/Nov/2025:04:27:58 +0200] "POST /wp-cron.php?doing_wp_cron=1764124078.7341110706329345703125 HTTP/1.1" 200 1 "-" "WordPress/6.8.3; https://sneakeroutlet.squareroot.co.za"
208.84.101.102 - - [26/Nov/2025:04:28:01 +0200] "GET / HTTP/1.1" 200 1 "-" "Mozilla/5.0 (Windows NT 10.0; Win64; x64) AppleWebKit/537.36 (KHTML, like Gecko) Chrome/78.0.3904.108 Safari/537.36"
208.84.101.102 - - [26/Nov/2025:04:28:05 +0200] "GET /wp-includes/wlwmanifest.xml HTTP/1.1" 200 143186 "-" "Mozilla/5.0 (Windows NT 10.0; Win64; x64) AppleWebKit/537.36 (KHTML, like Gecko) Chrome/78.0.3904.108 Safari/537.36"
208.84.101.102 - - [26/Nov/2025:04:28:13 +0200] "GET /?author=1 HTTP/1.1" 200 1 "-" "Mozilla/5.0 (Windows NT 10.0; Win64; x64) AppleWebKit/537.36 (KHTML, like Gecko) Chrome/78.0.3904.108 Safari/537.36"
208.84.101.102 - - [26/Nov/2025:04:28:17 +0200] "GET /?author=2 HTTP/1.1" 200 1 "-" "Mozilla/5.0 (Windows NT 10.0; Win64; x64) AppleWebKit/537.36 (KHTML, like Gecko) Chrome/78.0.3904.108 Safari/537.36"
208.84.101.102 - - [26/Nov/2025:04:28:21 +0200] "GET /wp-json/wp/v2/users/ HTTP/1.1" 403 2849 "-" "Mozilla/5.0 (Windows NT 10.0; Win64; x64) AppleWebKit/537.36 (KHTML, like Gecko) Chrome/78.0.3904.108 Safari/537.36"
208.84.101.102 - - [26/Nov/2025:04:28:27 +0200] "POST /xmlrpc.php HTTP/1.1" 200 402 "-" "Mozilla/5.0 (Windows NT 10.0; Win64; x64) AppleWebKit/537.36 (KHTML, like Gecko) Chrome/78.0.3904.108 Safari/537.36"
208.84.101.102 - - [26/Nov/2025:04:28:31 +0200] "POST /xmlrpc.php HTTP/1.1" 200 402 "-" "Mozilla/5.0 (Windows NT 10.0; Win64; x64) AppleWebKit/537.36 (KHTML, like Gecko) Chrome/78.0.3904.108 Safari/537.36"
208.84.101.102 - - [26/Nov/2025:04:28:35 +0200] "POST /xmlrpc.php HTTP/1.1" 200 402 "-" "Mozilla/5.0 (Windows NT 10.0; Win64; x64) AppleWebKit/537.36 (KHTML, like Gecko) Chrome/78.0.3904.108 Safari/537.36"
208.84.101.102 - - [26/Nov/2025:04:28:40 +0200] "POST /xmlrpc.php HTTP/1.1" 200 402 "-" "Mozilla/5.0 (Windows NT 10.0; Win64; x64) AppleWebKit/537.36 (KHTML, like Gecko) Chrome/78.0.3904.108 Safari/537.36"
208.84.101.102 - - [26/Nov/2025:04:28:44 +0200] "POST /xmlrpc.php HTTP/1.1" 200 402 "-" "Mozilla/5.0 (Windows NT 10.0; Win64; x64) AppleWebKit/537.36 (KHTML, like Gecko) Chrome/78.0.3904.108 Safari/537.36"
208.84.101.102 - - [26/Nov/2025:04:28:49 +0200] "POST /xmlrpc.php HTTP/1.1" 200 402 "-" "Mozilla/5.0 (Windows NT 10.0; Win64; x64) AppleWebKit/537.36 (KHTML, like Gecko) Chrome/78.0.3904.108 Safari/537.36"
208.84.101.102 - - [26/Nov/2025:04:28:53 +0200] "POST /xmlrpc.php HTTP/1.1" 200 402 "-" "Mozilla/5.0 (Windows NT 10.0; Win64; x64) AppleWebKit/537.36 (KHTML, like Gecko) Chrome/78.0.3904.108 Safari/537.36"
208.84.101.102 - - [26/Nov/2025:04:28:57 +0200] "POST /xmlrpc.php HTTP/1.1" 200 402 "-" "Mozilla/5.0 (Windows NT 10.0; Win64; x64) AppleWebKit/537.36 (KHTML, like Gecko) Chrome/78.0.3904.108 Safari/537.36"
169.1.20.187 - - [26/Nov/2025:04:29:05 +0200] "POST /wp-cron.php?doing_wp_cron=1764124145.7237079143524169921875 HTTP/1.1" 200 1 "-" "WordPress/6.8.3; https://sneakeroutlet.squareroot.co.za"
208.84.101.102 - - [26/Nov/2025:04:29:07 +0200] "POST /xmlrpc.php HTTP/1.1" 200 402 "-" "Mozilla/5.0 (Windows NT 10.0; Win64; x64) AppleWebKit/537.36 (KHTML, like Gecko) Chrome/78.0.3904.108 Safari/537.36"
34.86.33.204 - - [26/Nov/2025:17:10:03 +0200] "GET / HTTP/1.1" 200 1 "-" "Mozilla/5.0 (Windows NT 10.0; Win64; x64) AppleWebKit/537.36 (KHTML, like Gecko) Chrome/78.0.3904.108 Safari/537.36"
34.86.33.204 - - [26/Nov/2025:17:10:16 +0200] "GET / HTTP/1.1" 200 1 "-" "Mozilla/5.0 (Windows NT 10.0; Win64; x64) AppleWebKit/537.36 (KHTML, like Gecko) Chrome/78.0.3904.108 Safari/537.36"
34.86.33.204 - - [26/Nov/2025:17:10:20 +0200] "GET /wp-includes/wlwmanifest.xml HTTP/1.1" 200 143186 "-" "Mozilla/5.0 (Windows NT 10.0; Win64; x64) AppleWebKit/537.36 (KHTML, like Gecko) Chrome/78.0.3904.108 Safari/537.36"
34.86.33.204 - - [26/Nov/2025:17:10:26 +0200] "GET /?author=1 HTTP/1.1" 200 1 "-" "Mozilla/5.0 (Windows NT 10.0; Win64; x64) AppleWebKit/537.36 (KHTML, like Gecko) Chrome/78.0.3904.108 Safari/537.36"
34.86.33.204 - - [26/Nov/2025:17:10:29 +0200] "GET /?author=2 HTTP/1.1" 200 1 "-" "Mozilla/5.0 (Windows NT 10.0; Win64; x64) AppleWebKit/537.36 (KHTML, like Gecko) Chrome/78.0.3904.108 Safari/537.36"
34.86.33.204 - - [26/Nov/2025:17:10:32 +0200] "GET /wp-json/wp/v2/users/ HTTP/1.1" 403 2849 "-" "Mozilla/5.0 (Windows NT 10.0; Win64; x64) AppleWebKit/537.36 (KHTML, like Gecko) Chrome/78.0.3904.108 Safari/537.36"
169.1.20.187 - - [26/Nov/2025:17:10:14 +0200] "POST /wp-cron.php?doing_wp_cron=1764169814.6561770439147949218750 HTTP/1.1" 200 1 "-" "WordPress/6.8.3; https://sneakeroutlet.squareroot.co.za"
34.86.33.204 - - [26/Nov/2025:17:10:36 +0200] "POST /xmlrpc.php HTTP/1.1" 200 402 "-" "Mozilla/5.0 (Windows NT 10.0; Win64; x64) AppleWebKit/537.36 (KHTML, like Gecko) Chrome/78.0.3904.108 Safari/537.36"
34.86.33.204 - - [26/Nov/2025:17:10:40 +0200] "POST /xmlrpc.php HTTP/1.1" 200 402 "-" "Mozilla/5.0 (Windows NT 10.0; Win64; x64) AppleWebKit/537.36 (KHTML, like Gecko) Chrome/78.0.3904.108 Safari/537.36"
169.1.20.187 - - [26/Nov/2025:17:10:42 +0200] "POST /wp-cron.php?doing_wp_cron=1764169842.5806710720062255859375 HTTP/1.1" 200 1 "-" "WordPress/6.8.3; https://sneakeroutlet.squareroot.co.za"
34.86.33.204 - - [26/Nov/2025:17:10:44 +0200] "POST /xmlrpc.php HTTP/1.1" 200 402 "-" "Mozilla/5.0 (Windows NT 10.0; Win64; x64) AppleWebKit/537.36 (KHTML, like Gecko) Chrome/78.0.3904.108 Safari/537.36"
34.86.33.204 - - [26/Nov/2025:17:10:47 +0200] "POST /xmlrpc.php HTTP/1.1" 200 402 "-" "Mozilla/5.0 (Windows NT 10.0; Win64; x64) AppleWebKit/537.36 (KHTML, like Gecko) Chrome/78.0.3904.108 Safari/537.36"
34.86.33.204 - - [26/Nov/2025:17:10:50 +0200] "POST /xmlrpc.php HTTP/1.1" 200 402 "-" "Mozilla/5.0 (Windows NT 10.0; Win64; x64) AppleWebKit/537.36 (KHTML, like Gecko) Chrome/78.0.3904.108 Safari/537.36"
34.86.33.204 - - [26/Nov/2025:17:10:54 +0200] "POST /xmlrpc.php HTTP/1.1" 200 402 "-" "Mozilla/5.0 (Windows NT 10.0; Win64; x64) AppleWebKit/537.36 (KHTML, like Gecko) Chrome/78.0.3904.108 Safari/537.36"
34.86.33.204 - - [26/Nov/2025:17:10:57 +0200] "POST /xmlrpc.php HTTP/1.1" 200 402 "-" "Mozilla/5.0 (Windows NT 10.0; Win64; x64) AppleWebKit/537.36 (KHTML, like Gecko) Chrome/78.0.3904.108 Safari/537.36"
34.86.33.204 - - [26/Nov/2025:17:11:02 +0200] "POST /xmlrpc.php HTTP/1.1" 200 402 "-" "Mozilla/5.0 (Windows NT 10.0; Win64; x64) AppleWebKit/537.36 (KHTML, like Gecko) Chrome/78.0.3904.108 Safari/537.36"
34.86.33.204 - - [26/Nov/2025:17:11:07 +0200] "POST /xmlrpc.php HTTP/1.1" 200 402 "-" "Mozilla/5.0 (Windows NT 10.0; Win64; x64) AppleWebKit/537.36 (KHTML, like Gecko) Chrome/78.0.3904.108 Safari/537.36"
34.86.33.204 - - [26/Nov/2025:17:11:10 +0200] "POST /xmlrpc.php HTTP/1.1" 200 402 "-" "Mozilla/5.0 (Windows NT 10.0; Win64; x64) AppleWebKit/537.36 (KHTML, like Gecko) Chrome/78.0.3904.108 Safari/537.36"
34.86.33.204 - - [26/Nov/2025:17:11:14 +0200] "POST /xmlrpc.php HTTP/1.1" 200 402 "-" "Mozilla/5.0 (Windows NT 10.0; Win64; x64) AppleWebKit/537.36 (KHTML, like Gecko) Chrome/78.0.3904.108 Safari/537.36"
35.193.84.67 - - [26/Nov/2025:22:22:19 +0200] "GET / HTTP/1.1" 200 1 "-" "Mozilla/5.0 (Windows NT 10.0; Win64; x64) AppleWebKit/537.36 (KHTML, like Gecko) Chrome/78.0.3904.108 Safari/537.36"
35.193.84.67 - - [26/Nov/2025:22:22:34 +0200] "GET / HTTP/1.1" 200 1 "-" "Mozilla/5.0 (Windows NT 10.0; Win64; x64) AppleWebKit/537.36 (KHTML, like Gecko) Chrome/78.0.3904.108 Safari/537.36"
35.193.84.67 - - [26/Nov/2025:22:22:37 +0200] "GET /wp-includes/wlwmanifest.xml HTTP/1.1" 200 143186 "-" "Mozilla/5.0 (Windows NT 10.0; Win64; x64) AppleWebKit/537.36 (KHTML, like Gecko) Chrome/78.0.3904.108 Safari/537.36"
35.193.84.67 - - [26/Nov/2025:22:22:44 +0200] "GET /?author=1 HTTP/1.1" 200 1 "-" "Mozilla/5.0 (Windows NT 10.0; Win64; x64) AppleWebKit/537.36 (KHTML, like Gecko) Chrome/78.0.3904.108 Safari/537.36"
35.193.84.67 - - [26/Nov/2025:22:22:48 +0200] "GET /?author=2 HTTP/1.1" 200 1 "-" "Mozilla/5.0 (Windows NT 10.0; Win64; x64) AppleWebKit/537.36 (KHTML, like Gecko) Chrome/78.0.3904.108 Safari/537.36"
169.1.20.187 - - [26/Nov/2025:22:22:31 +0200] "POST /wp-cron.php?doing_wp_cron=1764188551.7200090885162353515625 HTTP/1.1" 200 1 "-" "WordPress/6.8.3; https://sneakeroutlet.squareroot.co.za"
35.193.84.67 - - [26/Nov/2025:22:22:51 +0200] "GET /wp-json/wp/v2/users/ HTTP/1.1" 403 2849 "-" "Mozilla/5.0 (Windows NT 10.0; Win64; x64) AppleWebKit/537.36 (KHTML, like Gecko) Chrome/78.0.3904.108 Safari/537.36"
35.193.84.67 - - [26/Nov/2025:22:22:58 +0200] "POST /xmlrpc.php HTTP/1.1" 200 402 "-" "Mozilla/5.0 (Windows NT 10.0; Win64; x64) AppleWebKit/537.36 (KHTML, like Gecko) Chrome/78.0.3904.108 Safari/537.36"
169.1.20.187 - - [26/Nov/2025:22:23:01 +0200] "POST /wp-cron.php?doing_wp_cron=1764188581.5692050457000732421875 HTTP/1.1" 200 1 "-" "WordPress/6.8.3; https://sneakeroutlet.squareroot.co.za"
35.193.84.67 - - [26/Nov/2025:22:23:03 +0200] "POST /xmlrpc.php HTTP/1.1" 200 402 "-" "Mozilla/5.0 (Windows NT 10.0; Win64; x64) AppleWebKit/537.36 (KHTML, like Gecko) Chrome/78.0.3904.108 Safari/537.36"
35.193.84.67 - - [26/Nov/2025:22:23:06 +0200] "POST /xmlrpc.php HTTP/1.1" 200 402 "-" "Mozilla/5.0 (Windows NT 10.0; Win64; x64) AppleWebKit/537.36 (KHTML, like Gecko) Chrome/78.0.3904.108 Safari/537.36"
35.193.84.67 - - [26/Nov/2025:22:23:09 +0200] "POST /xmlrpc.php HTTP/1.1" 200 402 "-" "Mozilla/5.0 (Windows NT 10.0; Win64; x64) AppleWebKit/537.36 (KHTML, like Gecko) Chrome/78.0.3904.108 Safari/537.36"
35.193.84.67 - - [26/Nov/2025:22:23:13 +0200] "POST /xmlrpc.php HTTP/1.1" 200 402 "-" "Mozilla/5.0 (Windows NT 10.0; Win64; x64) AppleWebKit/537.36 (KHTML, like Gecko) Chrome/78.0.3904.108 Safari/537.36"
35.193.84.67 - - [26/Nov/2025:22:23:16 +0200] "POST /xmlrpc.php HTTP/1.1" 200 402 "-" "Mozilla/5.0 (Windows NT 10.0; Win64; x64) AppleWebKit/537.36 (KHTML, like Gecko) Chrome/78.0.3904.108 Safari/537.36"
35.193.84.67 - - [26/Nov/2025:22:23:19 +0200] "POST /xmlrpc.php HTTP/1.1" 200 402 "-" "Mozilla/5.0 (Windows NT 10.0; Win64; x64) AppleWebKit/537.36 (KHTML, like Gecko) Chrome/78.0.3904.108 Safari/537.36"
35.193.84.67 - - [26/Nov/2025:22:23:22 +0200] "POST /xmlrpc.php HTTP/1.1" 200 402 "-" "Mozilla/5.0 (Windows NT 10.0; Win64; x64) AppleWebKit/537.36 (KHTML, like Gecko) Chrome/78.0.3904.108 Safari/537.36"
35.193.84.67 - - [26/Nov/2025:22:23:25 +0200] "POST /xmlrpc.php HTTP/1.1" 200 402 "-" "Mozilla/5.0 (Windows NT 10.0; Win64; x64) AppleWebKit/537.36 (KHTML, like Gecko) Chrome/78.0.3904.108 Safari/537.36"
35.193.84.67 - - [26/Nov/2025:22:23:27 +0200] "POST /xmlrpc.php HTTP/1.1" 200 402 "-" "Mozilla/5.0 (Windows NT 10.0; Win64; x64) AppleWebKit/537.36 (KHTML, like Gecko) Chrome/78.0.3904.108 Safari/537.36"
35.193.84.67 - - [26/Nov/2025:22:23:30 +0200] "POST /xmlrpc.php HTTP/1.1" 200 402 "-" "Mozilla/5.0 (Windows NT 10.0; Win64; x64) AppleWebKit/537.36 (KHTML, like Gecko) Chrome/78.0.3904.108 Safari/537.36"
35.193.84.67 - - [26/Nov/2025:22:23:33 +0200] "POST /xmlrpc.php HTTP/1.1" 200 402 "-" "Mozilla/5.0 (Windows NT 10.0; Win64; x64) AppleWebKit/537.36 (KHTML, like Gecko) Chrome/78.0.3904.108 Safari/537.36"
35.193.84.67 - - [26/Nov/2025:22:23:36 +0200] "POST /xmlrpc.php HTTP/1.1" 200 402 "-" "Mozilla/5.0 (Windows NT 10.0; Win64; x64) AppleWebKit/537.36 (KHTML, like Gecko) Chrome/78.0.3904.108 Safari/537.36"
35.193.84.67 - - [26/Nov/2025:22:23:39 +0200] "POST /xmlrpc.php HTTP/1.1" 200 402 "-" "Mozilla/5.0 (Windows NT 10.0; Win64; x64) AppleWebKit/537.36 (KHTML, like Gecko) Chrome/78.0.3904.108 Safari/537.36"
35.193.84.67 - - [26/Nov/2025:22:23:42 +0200] "POST /xmlrpc.php HTTP/1.1" 200 402 "-" "Mozilla/5.0 (Windows NT 10.0; Win64; x64) AppleWebKit/537.36 (KHTML, like Gecko) Chrome/78.0.3904.108 Safari/537.36"
35.193.84.67 - - [26/Nov/2025:22:23:48 +0200] "POST /xmlrpc.php HTTP/1.1" 200 402 "-" "Mozilla/5.0 (Windows NT 10.0; Win64; x64) AppleWebKit/537.36 (KHTML, like Gecko) Chrome/78.0.3904.108 Safari/537.36"
35.193.84.67 - - [26/Nov/2025:22:23:54 +0200] "POST /xmlrpc.php HTTP/1.1" 200 402 "-" "Mozilla/5.0 (Windows NT 10.0; Win64; x64) AppleWebKit/537.36 (KHTML, like Gecko) Chrome/78.0.3904.108 Safari/537.36"
35.193.84.67 - - [26/Nov/2025:22:23:57 +0200] "POST /xmlrpc.php HTTP/1.1" 200 402 "-" "Mozilla/5.0 (Windows NT 10.0; Win64; x64) AppleWebKit/537.36 (KHTML, like Gecko) Chrome/78.0.3904.108 Safari/537.36"
169.1.20.187 - - [26/Nov/2025:22:24:00 +0200] "POST /wp-cron.php?doing_wp_cron=1764188639.9987750053405761718750 HTTP/1.1" 200 1 "-" "WordPress/6.8.3; https://sneakeroutlet.squareroot.co.za"
35.193.84.67 - - [26/Nov/2025:22:24:01 +0200] "POST /xmlrpc.php HTTP/1.1" 200 402 "-" "Mozilla/5.0 (Windows NT 10.0; Win64; x64) AppleWebKit/537.36 (KHTML, like Gecko) Chrome/78.0.3904.108 Safari/537.36"
35.193.84.67 - - [26/Nov/2025:22:24:04 +0200] "POST /xmlrpc.php HTTP/1.1" 200 402 "-" "Mozilla/5.0 (Windows NT 10.0; Win64; x64) AppleWebKit/537.36 (KHTML, like Gecko) Chrome/78.0.3904.108 Safari/537.36"
35.193.84.67 - - [26/Nov/2025:22:24:08 +0200] "POST /xmlrpc.php HTTP/1.1" 200 402 "-" "Mozilla/5.0 (Windows NT 10.0; Win64; x64) AppleWebKit/537.36 (KHTML, like Gecko) Chrome/78.0.3904.108 Safari/537.36"
35.193.84.67 - - [26/Nov/2025:22:24:11 +0200] "POST /xmlrpc.php HTTP/1.1" 200 402 "-" "Mozilla/5.0 (Windows NT 10.0; Win64; x64) AppleWebKit/537.36 (KHTML, like Gecko) Chrome/78.0.3904.108 Safari/537.36"
35.193.84.67 - - [26/Nov/2025:22:24:14 +0200] "POST /xmlrpc.php HTTP/1.1" 200 402 "-" "Mozilla/5.0 (Windows NT 10.0; Win64; x64) AppleWebKit/537.36 (KHTML, like Gecko) Chrome/78.0.3904.108 Safari/537.36"
35.193.84.67 - - [26/Nov/2025:22:24:17 +0200] "POST /xmlrpc.php HTTP/1.1" 200 402 "-" "Mozilla/5.0 (Windows NT 10.0; Win64; x64) AppleWebKit/537.36 (KHTML, like Gecko) Chrome/78.0.3904.108 Safari/537.36"
35.193.84.67 - - [26/Nov/2025:22:24:20 +0200] "POST /xmlrpc.php HTTP/1.1" 200 402 "-" "Mozilla/5.0 (Windows NT 10.0; Win64; x64) AppleWebKit/537.36 (KHTML, like Gecko) Chrome/78.0.3904.108 Safari/537.36"
35.193.84.67 - - [26/Nov/2025:22:24:24 +0200] "POST /xmlrpc.php HTTP/1.1" 200 402 "-" "Mozilla/5.0 (Windows NT 10.0; Win64; x64) AppleWebKit/537.36 (KHTML, like Gecko) Chrome/78.0.3904.108 Safari/537.36"
35.193.84.67 - - [26/Nov/2025:22:24:27 +0200] "POST /xmlrpc.php HTTP/1.1" 200 402 "-" "Mozilla/5.0 (Windows NT 10.0; Win64; x64) AppleWebKit/537.36 (KHTML, like Gecko) Chrome/78.0.3904.108 Safari/537.36"
35.193.84.67 - - [26/Nov/2025:22:24:30 +0200] "POST /xmlrpc.php HTTP/1.1" 200 402 "-" "Mozilla/5.0 (Windows NT 10.0; Win64; x64) AppleWebKit/537.36 (KHTML, like Gecko) Chrome/78.0.3904.108 Safari/537.36"
35.193.84.67 - - [26/Nov/2025:22:24:33 +0200] "POST /xmlrpc.php HTTP/1.1" 200 402 "-" "Mozilla/5.0 (Windows NT 10.0; Win64; x64) AppleWebKit/537.36 (KHTML, like Gecko) Chrome/78.0.3904.108 Safari/537.36"
35.193.84.67 - - [26/Nov/2025:22:24:36 +0200] "POST /xmlrpc.php HTTP/1.1" 200 402 "-" "Mozilla/5.0 (Windows NT 10.0; Win64; x64) AppleWebKit/537.36 (KHTML, like Gecko) Chrome/78.0.3904.108 Safari/537.36"
35.193.84.67 - - [26/Nov/2025:22:24:39 +0200] "POST /xmlrpc.php HTTP/1.1" 200 402 "-" "Mozilla/5.0 (Windows NT 10.0; Win64; x64) AppleWebKit/537.36 (KHTML, like Gecko) Chrome/78.0.3904.108 Safari/537.36"
35.193.84.67 - - [26/Nov/2025:22:24:42 +0200] "POST /xmlrpc.php HTTP/1.1" 200 402 "-" "Mozilla/5.0 (Windows NT 10.0; Win64; x64) AppleWebKit/537.36 (KHTML, like Gecko) Chrome/78.0.3904.108 Safari/537.36"
