File manager - Edit - /var/log/apache2/domlogs/rootabc/rudo.squareroot.co.za
Back
169.1.20.187 - - [30/Apr/2025:17:04:46 +0200] "POST /wp-cron.php?doing_wp_cron=1746025486.7625970840454101562500 HTTP/1.1" 200 - "-" "WordPress/6.8; https://rudo.squareroot.co.za"
52.208.151.205 - - [30/Apr/2025:17:04:41 +0200] "GET / HTTP/1.1" 301 - "-" "Mozilla/5.0 (Windows NT 6.2) AppleWebKit/537.36 (KHTML, like Gecko) Chrome/28.0.1467.0 Safari/537.36"
169.1.20.187 - - [03/May/2025:11:10:50 +0200] "GET /.well-known/acme-challenge/VG_KQPFL_AG97QHEO1XAKV5V0WP8JHVP HTTP/1.1" 200 64 "-" "Cpanel-HTTP-Client/1.0"
169.1.20.187 - - [03/May/2025:11:10:50 +0200] "GET /.well-known/acme-challenge/RCW0-S4AXTF7JICB9BGSUH7LCP1YU3MW HTTP/1.1" 200 64 "-" "Cpanel-HTTP-Client/1.0"
23.178.112.109 - - [03/May/2025:11:12:08 +0200] "GET /.well-known/acme-challenge/OHuitF5Ohf-9SSXzE_wMWYzV9sleJNxP1nJmOG7l0ZQ HTTP/1.1" 200 87 "-" "Mozilla/5.0 (compatible; Let's Encrypt validation server; +https://www.letsencrypt.org)"
44.247.214.64 - - [03/May/2025:11:12:10 +0200] "GET /.well-known/acme-challenge/OHuitF5Ohf-9SSXzE_wMWYzV9sleJNxP1nJmOG7l0ZQ HTTP/1.1" 200 87 "-" "Mozilla/5.0 (compatible; Let's Encrypt validation server; +https://www.letsencrypt.org)"
3.250.182.70 - - [03/May/2025:12:57:48 +0200] "GET / HTTP/1.1" 301 - "-" "Mozilla/5.0 (compatible; NetcraftSurveyAgent/1.0; +info@netcraft.com)"
169.1.20.187 - - [03/May/2025:12:58:02 +0200] "POST /wp-cron.php?doing_wp_cron=1746269882.2319819927215576171875 HTTP/1.1" 200 - "-" "WordPress/6.8.1; https://rudo.squareroot.co.za"
162.243.114.171 - - [03/May/2025:16:46:03 +0200] "GET / HTTP/1.1" 301 - "-" "Mozilla/5.0 (compatible; InternetMeasurement/1.0; +https://internet-measurement.com/)"
169.1.20.187 - - [03/May/2025:16:46:07 +0200] "POST /wp-cron.php?doing_wp_cron=1746283567.2487509250640869140625 HTTP/1.1" 200 - "-" "WordPress/6.8.1; https://rudo.squareroot.co.za"
34.116.161.121 - - [04/May/2025:15:05:12 +0200] "GET / HTTP/1.1" 301 - "-" "Mozilla/5.0 (iPhone13,2; U; CPU iPhone OS 14_0 like Mac OS X) AppleWebKit/602.1.50 (KHTML, like Gecko) Version/10.0 Mobile/15E148 Safari/602.1"
169.1.20.187 - - [04/May/2025:15:05:20 +0200] "POST /wp-cron.php?doing_wp_cron=1746363920.7128009796142578125000 HTTP/1.1" 200 - "-" "WordPress/6.8.1; https://rudo.squareroot.co.za"
64.23.143.105 - - [05/May/2025:10:03:28 +0200] "GET / HTTP/1.1" 301 - "-" "Mozilla/5.0 (X11; Linux x86_64; rv:136.0) Gecko/20100101 Firefox/136.0"
169.1.20.187 - - [05/May/2025:10:03:35 +0200] "POST /wp-cron.php?doing_wp_cron=1746432215.2923960685729980468750 HTTP/1.1" 200 - "-" "WordPress/6.8.1; https://rudo.squareroot.co.za"
47.79.98.230 - - [05/May/2025:23:04:43 +0200] "GET / HTTP/1.1" 301 - "http://www.rudo.squareroot.co.za" "Mozilla/5.0 (Windows NT 10.0; Win64; x64) AppleWebKit/537.36 (KHTML, like Gecko) Chrome/114.0.0.0 Safari/537.36 Edg/114.0.1823.43"
169.1.20.187 - - [05/May/2025:23:04:49 +0200] "POST /wp-cron.php?doing_wp_cron=1746479089.6848680973052978515625 HTTP/1.1" 200 - "-" "WordPress/6.8.1; https://rudo.squareroot.co.za"
143.110.238.59 - - [07/May/2025:10:28:58 +0200] "GET / HTTP/1.1" 301 - "-" "Mozilla/5.0 (X11; Linux x86_64) AppleWebKit/537.36 (KHTML, like Gecko) Chrome/135.0.0.0 Safari/537.36"
169.1.20.187 - - [07/May/2025:10:29:00 +0200] "POST /wp-cron.php?doing_wp_cron=1746606540.7130260467529296875000 HTTP/1.1" 200 - "-" "WordPress/6.8.1; https://rudo.squareroot.co.za"
159.203.133.81 - - [07/May/2025:11:30:20 +0200] "GET / HTTP/1.1" 301 - "-" "Mozilla/5.0 (X11; Linux x86_64) AppleWebKit/537.36 (KHTML, like Gecko) Chrome/135.0.0.0 Safari/537.36"
169.1.20.187 - - [07/May/2025:11:30:38 +0200] "POST /wp-cron.php HTTP/1.1" 200 - "-" "WordPress/6.8.1; https://rudo.squareroot.co.za"
169.1.20.187 - - [07/May/2025:11:30:29 +0200] "POST /wp-cron.php?doing_wp_cron=1746610229.7296199798583984375000 HTTP/1.1" 200 - "-" "WordPress/6.8.1; https://rudo.squareroot.co.za"
47.82.0.163 - - [09/May/2025:23:33:51 +0200] "GET / HTTP/1.1" 301 - "http://www.rudo.squareroot.co.za" "Mozilla/5.0 (Windows NT 10.0; Win64; x64) AppleWebKit/537.36 (KHTML, like Gecko) Chrome/114.0.0.0 Safari/537.36 Edg/114.0.1823.43"
169.1.20.187 - - [09/May/2025:23:33:59 +0200] "POST /wp-cron.php?doing_wp_cron=1746826439.2113809585571289062500 HTTP/1.1" 200 - "-" "WordPress/6.8.1; https://rudo.squareroot.co.za"
54.217.83.13 - - [09/May/2025:23:43:48 +0200] "GET / HTTP/1.1" 301 - "-" "Mozilla/5.0 (Windows NT 6.2; Win64; x64; rv:27.0) Gecko/20121011 Firefox/27.0"
169.1.20.187 - - [09/May/2025:23:43:55 +0200] "POST /wp-cron.php?doing_wp_cron=1746827035.5560948848724365234375 HTTP/1.1" 200 - "-" "WordPress/6.8.1; https://rudo.squareroot.co.za"
44.203.74.53 - - [10/May/2025:07:02:35 +0200] "GET / HTTP/1.1" 301 - "-" "Mozilla/5.0 (Windows NT 10.0; Win64; x64) AppleWebKit/537.36 (KHTML, like Gecko) Chrome/104.0.0.0 Safari/537.36"
44.203.74.53 - - [10/May/2025:07:02:42 +0200] "GET / HTTP/1.1" 301 - "-" "Mozilla/5.0 (Windows NT 10.0; Win64; x64) AppleWebKit/537.36 (KHTML, like Gecko) Chrome/104.0.0.0 Safari/537.36"
165.227.102.233 - - [10/May/2025:07:33:41 +0200] "GET / HTTP/1.1" 301 - "-" "Mozilla/5.0 (X11; Linux x86_64) AppleWebKit/537.36 (KHTML, like Gecko) Chrome/135.0.0.0 Safari/537.36"
169.1.20.187 - - [10/May/2025:07:33:50 +0200] "POST /wp-cron.php?doing_wp_cron=1746855230.0967209339141845703125 HTTP/1.1" 200 - "-" "WordPress/6.8.1; https://rudo.squareroot.co.za"
47.82.61.41 - - [10/May/2025:23:05:19 +0200] "GET / HTTP/1.1" 301 - "http://www.rudo.squareroot.co.za" "Mozilla/5.0 (Windows NT 10.0; Win64; x64) AppleWebKit/537.36 (KHTML, like Gecko) Chrome/114.0.0.0 Safari/537.36 Edg/114.0.1823.43"
169.1.20.187 - - [10/May/2025:23:05:26 +0200] "POST /wp-cron.php?doing_wp_cron=1746911126.3780260086059570312500 HTTP/1.1" 200 - "-" "WordPress/6.8.1; https://rudo.squareroot.co.za"
159.203.43.49 - - [13/May/2025:14:50:07 +0200] "GET / HTTP/1.1" 301 - "-" "Mozilla/5.0 (X11; Linux x86_64) AppleWebKit/537.36 (KHTML, like Gecko) Chrome/135.0.0.0 Safari/537.36"
169.1.20.187 - - [13/May/2025:14:50:16 +0200] "POST /wp-cron.php?doing_wp_cron=1747140616.4517168998718261718750 HTTP/1.1" 200 - "-" "WordPress/6.8.1; https://rudo.squareroot.co.za"
52.208.151.205 - - [18/May/2025:23:39:33 +0200] "GET / HTTP/1.1" 301 - "-" "Mozilla/5.0 (compatible; MSIE 9.0; Windows NT 6.0; Trident/4.0; GTB7.4; InfoPath.3; SV1; .NET CLR 3.1.76908; WOW64; en-US)"
169.1.20.187 - - [18/May/2025:23:39:36 +0200] "POST /wp-cron.php?doing_wp_cron=1747604376.1055328845977783203125 HTTP/1.1" 200 - "-" "WordPress/6.8.1; https://rudo.squareroot.co.za"
52.25.33.208 - - [19/May/2025:14:08:27 +0200] "GET / HTTP/1.1" 301 - "-" "Mozilla/5.0 (Windows NT 10.0; Win64; x64) AppleWebKit/537.36 (KHTML, like Gecko) Chrome/78.0.3904.108 Safari/537.36"
169.1.20.187 - - [19/May/2025:14:08:37 +0200] "POST /wp-cron.php?doing_wp_cron=1747656517.2070510387420654296875 HTTP/1.1" 200 - "-" "WordPress/6.8.1; https://rudo.squareroot.co.za"
196.251.88.164 - - [19/May/2025:20:33:12 +0200] "GET /.git/config HTTP/1.1" 301 - "-" "Mozilla/5.0 (Linux; Android 9; Pixel 3 XL) AppleWebKit/537.36 (KHTML, like Gecko) Chrome/76.0.3809.111 Mobile Safari/537.36"
169.1.20.187 - - [19/May/2025:20:33:18 +0200] "POST /wp-cron.php?doing_wp_cron=1747679598.8021929264068603515625 HTTP/1.1" 200 - "-" "WordPress/6.8.1; https://rudo.squareroot.co.za"
196.251.88.164 - - [21/May/2025:20:32:16 +0200] "GET / HTTP/1.1" 301 - "-" "Mozilla/5.0 (Linux; Android 9; Pixel XL) AppleWebKit/537.36 (KHTML, like Gecko) Chrome/76.0.3809.111 Mobile Safari/537.36"
196.251.88.164 - - [21/May/2025:20:32:18 +0200] "GET / HTTP/1.1" 301 - "-" "Screaming Frog SEO Spider/8.1"
169.1.20.187 - - [21/May/2025:20:32:29 +0200] "POST /wp-cron.php HTTP/1.1" 200 - "-" "WordPress/6.8.1; https://rudo.squareroot.co.za"
169.1.20.187 - - [21/May/2025:20:32:20 +0200] "POST /wp-cron.php?doing_wp_cron=1747852340.9524440765380859375000 HTTP/1.1" 200 - "-" "WordPress/6.8.1; https://rudo.squareroot.co.za"
3.84.26.209 - - [23/May/2025:00:23:48 +0200] "GET / HTTP/1.1" 301 - "-" "Mozilla/5.0 (Windows NT 10.0; Win64; x64) AppleWebKit/537.36 (KHTML, like Gecko) Chrome/104.0.0.0 Safari/537.36"
169.1.20.187 - - [23/May/2025:00:24:01 +0200] "POST /wp-cron.php?doing_wp_cron=1747952641.5426809787750244140625 HTTP/1.1" 200 - "-" "WordPress/6.8.1; https://rudo.squareroot.co.za"
3.84.26.209 - - [23/May/2025:00:24:04 +0200] "GET / HTTP/1.1" 301 - "-" "Mozilla/5.0 (Windows NT 10.0; Win64; x64) AppleWebKit/537.36 (KHTML, like Gecko) Chrome/104.0.0.0 Safari/537.36"
142.93.244.232 - - [23/May/2025:09:02:58 +0200] "GET / HTTP/1.1" 301 - "-" "Mozilla/5.0 (X11; Linux x86_64; rv:136.0) Gecko/20100101 Firefox/136.0"
169.1.20.187 - - [23/May/2025:09:03:26 +0200] "POST /wp-cron.php?doing_wp_cron=1747983806.7103729248046875000000 HTTP/1.1" 200 - "-" "WordPress/6.8.1; https://rudo.squareroot.co.za"
18.208.154.219 - - [24/May/2025:00:14:12 +0200] "GET / HTTP/1.1" 301 - "-" "Mozilla/5.0 (Windows NT 10.0; Win64; x64) AppleWebKit/537.36 (KHTML, like Gecko) Chrome/104.0.0.0 Safari/537.36"
169.1.20.187 - - [24/May/2025:00:14:17 +0200] "POST /wp-cron.php?doing_wp_cron=1748038457.4805269241333007812500 HTTP/1.1" 200 - "-" "WordPress/6.8.1; https://rudo.squareroot.co.za"
167.172.19.234 - - [24/May/2025:10:43:48 +0200] "GET / HTTP/1.1" 301 - "-" "Mozilla/5.0 (X11; Linux x86_64; rv:136.0) Gecko/20100101 Firefox/136.0"
68.183.86.118 - - [25/May/2025:08:48:47 +0200] "GET / HTTP/1.1" 301 - "-" "Mozilla/5.0 (X11; Linux x86_64) AppleWebKit/537.36 (KHTML, like Gecko) Chrome/135.0.0.0 Safari/537.36"
169.1.20.187 - - [25/May/2025:08:48:56 +0200] "POST /wp-cron.php?doing_wp_cron=1748155735.9981310367584228515625 HTTP/1.1" 200 - "-" "WordPress/6.8.1; https://rudo.squareroot.co.za"
146.190.53.174 - - [25/May/2025:09:55:20 +0200] "GET / HTTP/1.1" 301 - "-" "Mozilla/5.0 (X11; Linux x86_64; rv:136.0) Gecko/20100101 Firefox/136.0"
169.1.20.187 - - [25/May/2025:09:55:27 +0200] "POST /wp-cron.php?doing_wp_cron=1748159727.6538190841674804687500 HTTP/1.1" 200 - "-" "WordPress/6.8.1; https://rudo.squareroot.co.za"
104.248.4.19 - - [27/May/2025:07:14:49 +0200] "GET / HTTP/1.1" 301 - "-" "Mozilla/5.0 (X11; Linux x86_64; rv:136.0) Gecko/20100101 Firefox/136.0"
169.1.20.187 - - [27/May/2025:07:14:58 +0200] "POST /wp-cron.php?doing_wp_cron=1748322898.1263480186462402343750 HTTP/1.1" 200 - "-" "WordPress/6.8.1; https://rudo.squareroot.co.za"
169.1.20.187 - - [07/Jun/2025:04:36:40 +0200] "GET / HTTP/1.1" 301 - "-" "Mozilla/5.0 (X11; Linux x86_64) AppleWebKit/537.36 (KHTML, like Gecko) Chrome/135.0.0.0 Safari/537.36"
169.1.20.187 - - [07/Jun/2025:04:37:10 +0200] "POST /wp-cron.php?doing_wp_cron=1749263830.0633330345153808593750 HTTP/1.1" 200 - "-" "WordPress/6.8.1; https://rudo.squareroot.co.za"
169.1.20.187 - - [10/Jun/2025:17:39:38 +0200] "GET / HTTP/1.1" 301 - "-" "Mozilla/5.0 (X11; Linux x86_64; rv:136.0) Gecko/20100101 Firefox/136.0"
169.1.20.187 - - [10/Jun/2025:17:39:49 +0200] "POST /wp-cron.php?doing_wp_cron=1749569989.6060009002685546875000 HTTP/1.1" 200 - "-" "WordPress/6.8.1; https://rudo.squareroot.co.za"
169.1.20.187 - - [12/Jun/2025:13:00:15 +0200] "GET / HTTP/1.1" 301 - "-" "Mozilla/5.0 (Windows NT 6.2; rv:22.0) Gecko/20130405 Firefox/23.0"
169.1.20.187 - - [12/Jun/2025:13:00:59 +0200] "POST /wp-cron.php HTTP/1.1" 200 - "-" "WordPress/6.8.1; https://rudo.squareroot.co.za"
169.1.20.187 - - [12/Jun/2025:13:00:42 +0200] "POST /wp-cron.php?doing_wp_cron=1749726042.7855279445648193359375 HTTP/1.1" 200 - "-" "WordPress/6.8.1; https://rudo.squareroot.co.za"
169.1.20.187 - - [15/Jun/2025:02:56:32 +0200] "GET /.env HTTP/1.1" 301 - "-" "Mozilla/5.0 (Macintosh; Intel Mac OS X 10.15; rv:89.0) Gecko/20100101 Firefox/89.0"
169.1.20.187 - - [15/Jun/2025:02:56:43 +0200] "POST /wp-cron.php?doing_wp_cron=1749949003.4492080211639404296875 HTTP/1.1" 200 - "-" "WordPress/6.8.1; https://rudo.squareroot.co.za"
169.1.20.187 - - [20/Jun/2025:08:39:57 +0200] "GET / HTTP/1.1" 301 - "-" "Mozilla/5.0 (Windows NT 10.0; Win64; x64) AppleWebKit/537.36 (KHTML, like Gecko) Chrome/137.0.0.0 Safari/537.36"
169.1.20.187 - - [20/Jun/2025:08:40:07 +0200] "GET / HTTP/1.1" 301 - "-" "Mozilla/5.0 (Windows NT 10.0; Win64; x64) AppleWebKit/537.36 (KHTML, like Gecko) Chrome/137.0.0.0 Safari/537.36"
169.1.20.187 - - [20/Jun/2025:08:40:10 +0200] "POST /wp-cron.php?doing_wp_cron=1750401610.6196510791778564453125 HTTP/1.1" 200 - "-" "WordPress/6.8.1; https://rudo.squareroot.co.za"
169.1.20.187 - - [20/Jun/2025:08:40:18 +0200] "GET / HTTP/1.1" 301 - "-" "Mozilla/5.0 (Windows NT 10.0; Win64; x64) AppleWebKit/537.36 (KHTML, like Gecko) Chrome/137.0.0.0 Safari/537.36"
169.1.20.187 - - [20/Jun/2025:08:40:27 +0200] "GET / HTTP/1.1" 301 - "-" "Mozilla/5.0 (Windows NT 10.0; Win64; x64) AppleWebKit/537.36 (KHTML, like Gecko) Chrome/137.0.0.0 Safari/537.36"
169.1.20.187 - - [20/Jun/2025:08:40:33 +0200] "POST /wp-cron.php HTTP/1.1" 200 - "-" "WordPress/6.8.1; https://rudo.squareroot.co.za"
169.1.20.187 - - [20/Jun/2025:08:40:10 +0200] "POST /wp-cron.php?doing_wp_cron=1750401610.6196489334106445312500 HTTP/1.1" 200 - "-" "WordPress/6.8.1; https://rudo.squareroot.co.za"
169.1.20.187 - - [21/Jun/2025:03:53:30 +0200] "GET / HTTP/1.1" 301 - "-" "Mozilla/5.0 (X11; Linux x86_64) AppleWebKit/537.36 (KHTML, like Gecko) Chrome/137.0.0.0 Safari/537.36"
169.1.20.187 - - [21/Jun/2025:03:53:39 +0200] "POST /wp-cron.php?doing_wp_cron=1750470819.5438408851623535156250 HTTP/1.1" 200 - "-" "WordPress/6.8.1; https://rudo.squareroot.co.za"
169.1.20.187 - - [23/Jun/2025:16:22:02 +0200] "GET / HTTP/1.1" 301 - "http://www.rudo.squareroot.co.za" "Mozilla/5.0 (Windows NT 10.0; Win64; x64) AppleWebKit/537.36 (KHTML, like Gecko) Chrome/114.0.0.0 Safari/537.36 Edg/114.0.1823.43"
169.1.20.187 - - [23/Jun/2025:16:22:17 +0200] "POST /wp-cron.php?doing_wp_cron=1750688537.4814400672912597656250 HTTP/1.1" 200 - "-" "WordPress/6.8.1; https://rudo.squareroot.co.za"
169.1.20.187 - - [25/Jun/2025:17:46:34 +0200] "GET / HTTP/1.1" 301 - "http://www.rudo.squareroot.co.za" "Mozilla/5.0 (Windows NT 10.0; Win64; x64) AppleWebKit/537.36 (KHTML, like Gecko) Chrome/114.0.0.0 Safari/537.36 Edg/114.0.1823.43"
169.1.20.187 - - [25/Jun/2025:17:46:43 +0200] "POST /wp-cron.php?doing_wp_cron=1750866403.3880228996276855468750 HTTP/1.1" 200 - "-" "WordPress/6.8.1; https://rudo.squareroot.co.za"
169.1.20.187 - - [03/Jul/2025:11:09:50 +0200] "GET /.well-known/acme-challenge/OP2J0KJL__B7YXBAV946DEGXW0BXY02J HTTP/1.1" 200 64 "-" "Cpanel-HTTP-Client/1.0"
169.1.20.187 - - [03/Jul/2025:11:09:51 +0200] "GET /.well-known/acme-challenge/G6XXSEZZ4JVW2876R9E_RQH1I4GAPT9P HTTP/1.1" 200 64 "-" "Cpanel-HTTP-Client/1.0"
169.1.20.187 - - [03/Jul/2025:11:10:12 +0200] "GET /.well-known/acme-challenge/Qq3J__uWf8FwE00r97oNcw4yhZQYJpV_5qffX46C09I HTTP/1.1" 200 87 "-" "Mozilla/5.0 (compatible; Let's Encrypt validation server; +https://www.letsencrypt.org)"
169.1.20.187 - - [03/Jul/2025:11:10:13 +0200] "GET /.well-known/acme-challenge/1beXtR4FBi7tsWv1tnLPL1McvKAzg-1QCfYBB865NhY HTTP/1.1" 200 87 "-" "Mozilla/5.0 (compatible; Let's Encrypt validation server; +https://www.letsencrypt.org)"
169.1.20.187 - - [03/Jul/2025:11:10:14 +0200] "GET /.well-known/acme-challenge/Qq3J__uWf8FwE00r97oNcw4yhZQYJpV_5qffX46C09I HTTP/1.1" 200 87 "-" "Mozilla/5.0 (compatible; Let's Encrypt validation server; +https://www.letsencrypt.org)"
169.1.20.187 - - [03/Jul/2025:15:26:21 +0200] "GET / HTTP/1.1" 301 - "-" "libwww-perl/6.68"
169.1.20.187 - - [03/Jul/2025:15:26:16 +0200] "GET / HTTP/1.1" 301 - "-" "libwww-perl/6.68"
169.1.20.187 - - [03/Jul/2025:15:26:25 +0200] "POST /wp-cron.php?doing_wp_cron=1751549185.3255109786987304687500 HTTP/1.1" 200 - "-" "WordPress/6.8.1; https://rudo.squareroot.co.za"
169.1.20.187 - - [03/Jul/2025:15:26:25 +0200] "POST /wp-cron.php?doing_wp_cron=1751549185.3255119323730468750000 HTTP/1.1" 200 - "-" "WordPress/6.8.1; https://rudo.squareroot.co.za"
169.1.20.187 - - [04/Jul/2025:09:33:24 +0200] "GET / HTTP/1.1" 301 - "-" "Mozilla/5.0 (X11; Linux x86_64) AppleWebKit/537.36 (KHTML, like Gecko) Chrome/137.0.0.0 Safari/537.36"
169.1.20.187 - - [04/Jul/2025:09:33:33 +0200] "POST /wp-cron.php?doing_wp_cron=1751614413.8558928966522216796875 HTTP/1.1" 200 - "-" "WordPress/6.8.1; https://rudo.squareroot.co.za"
169.1.20.187 - - [04/Jul/2025:16:11:04 +0200] "GET / HTTP/1.1" 301 - "-" "Mozilla/5.0 (X11; Linux x86_64; rv:137.0) Gecko/20100101 Firefox/137.0"
169.1.20.187 - - [04/Jul/2025:16:11:13 +0200] "POST /wp-cron.php?doing_wp_cron=1751638273.3546900749206542968750 HTTP/1.1" 200 - "-" "WordPress/6.8.1; https://rudo.squareroot.co.za"
169.1.20.187 - - [04/Jul/2025:19:50:25 +0200] "GET / HTTP/1.1" 301 - "-" "Mozilla/5.0 (compatible; CMS-Checker/1.0; +https://example.com)"
169.1.20.187 - - [04/Jul/2025:19:50:35 +0200] "POST /wp-cron.php?doing_wp_cron=1751651435.9171009063720703125000 HTTP/1.1" 200 - "-" "WordPress/6.8.1; https://rudo.squareroot.co.za"
169.1.20.187 - - [04/Jul/2025:19:52:34 +0200] "GET / HTTP/1.1" 301 - "-" "Mozilla/5.0 (compatible; CMS-Checker/1.0; +https://example.com)"
169.1.20.187 - - [04/Jul/2025:19:52:36 +0200] "POST /wp-cron.php?doing_wp_cron=1751651556.2292571067810058593750 HTTP/1.1" 200 - "-" "WordPress/6.8.1; https://rudo.squareroot.co.za"
169.1.20.187 - - [04/Jul/2025:20:43:08 +0200] "GET / HTTP/1.1" 301 - "-" "Mozilla/5.0 (Windows NT 10.0; Win64; x64) AppleWebKit/537.36 (KHTML, like Gecko) Chrome/78.0.3904.108 Safari/537.36"
169.1.20.187 - - [04/Jul/2025:20:43:17 +0200] "POST /wp-cron.php?doing_wp_cron=1751654597.4332890510559082031250 HTTP/1.1" 200 - "-" "WordPress/6.8.1; https://rudo.squareroot.co.za"
169.1.20.187 - - [04/Jul/2025:21:46:03 +0200] "GET / HTTP/1.1" 301 - "-" "Mozilla/5.0 (compatible; CMS-Checker/1.0; +https://example.com)"
169.1.20.187 - - [04/Jul/2025:21:46:11 +0200] "POST /wp-cron.php?doing_wp_cron=1751658371.2603809833526611328125 HTTP/1.1" 200 - "-" "WordPress/6.8.1; https://rudo.squareroot.co.za"
169.1.20.187 - - [04/Jul/2025:21:46:22 +0200] "GET / HTTP/1.1" 301 - "-" "Mozilla/5.0 (compatible; CMS-Checker/1.0; +https://example.com)"
169.1.20.187 - - [04/Jul/2025:23:17:17 +0200] "GET / HTTP/1.1" 301 - "-" "Mozilla/5.0 (compatible; CMS-Checker/1.0; +https://example.com)"
169.1.20.187 - - [04/Jul/2025:23:17:24 +0200] "POST /wp-cron.php?doing_wp_cron=1751663844.7043950557708740234375 HTTP/1.1" 200 - "-" "WordPress/6.8.1; https://rudo.squareroot.co.za"
169.1.20.187 - - [04/Jul/2025:23:23:14 +0200] "GET / HTTP/1.1" 301 - "-" "Mozilla/5.0 (compatible; CMS-Checker/1.0; +https://example.com)"
169.1.20.187 - - [04/Jul/2025:23:23:17 +0200] "POST /wp-cron.php?doing_wp_cron=1751664197.1412661075592041015625 HTTP/1.1" 200 - "-" "WordPress/6.8.1; https://rudo.squareroot.co.za"
169.1.20.187 - - [05/Jul/2025:05:13:12 +0200] "GET / HTTP/1.1" 301 - "-" "Mozilla/5.0 (X11; Linux x86_64; rv:137.0) Gecko/20100101 Firefox/137.0"
169.1.20.187 - - [05/Jul/2025:05:13:22 +0200] "POST /wp-cron.php?doing_wp_cron=1751685202.7076590061187744140625 HTTP/1.1" 200 - "-" "WordPress/6.8.1; https://rudo.squareroot.co.za"
169.1.20.187 - - [06/Jul/2025:10:51:23 +0200] "GET / HTTP/1.1" 301 - "-" "Mozilla/5.0 (X11; Linux x86_64) AppleWebKit/537.36 (KHTML, like Gecko) Chrome/137.0.0.0 Safari/537.36"
169.1.20.187 - - [06/Jul/2025:10:51:32 +0200] "POST /wp-cron.php?doing_wp_cron=1751791892.2446351051330566406250 HTTP/1.1" 200 - "-" "WordPress/6.8.1; https://rudo.squareroot.co.za"
169.1.20.187 - - [06/Jul/2025:15:11:46 +0200] "GET / HTTP/1.1" 301 - "-" "Mozilla/5.0 (X11; Linux x86_64) AppleWebKit/537.36 (KHTML, like Gecko) Chrome/137.0.0.0 Safari/537.36"
169.1.20.187 - - [06/Jul/2025:15:11:52 +0200] "POST /wp-cron.php?doing_wp_cron=1751807512.8193318843841552734375 HTTP/1.1" 200 - "-" "WordPress/6.8.1; https://rudo.squareroot.co.za"
169.1.20.187 - - [08/Jul/2025:17:27:18 +0200] "GET / HTTP/1.1" 301 - "-" "Mozilla/5.0 (X11; Linux x86_64) AppleWebKit/537.36 (KHTML, like Gecko) Chrome/137.0.0.0 Safari/537.36"
169.1.20.187 - - [08/Jul/2025:17:27:26 +0200] "POST /wp-cron.php?doing_wp_cron=1751988446.2596158981323242187500 HTTP/1.1" 200 - "-" "WordPress/6.8.1; https://rudo.squareroot.co.za"
169.1.20.187 - - [11/Jul/2025:20:18:14 +0200] "GET /wp-admin/setup-config.php HTTP/1.1" 409 2665 "-" "Mozilla/5.0 (Windows NT 10.0; Win64; x64)"
169.1.20.187 - - [11/Jul/2025:20:18:17 +0200] "GET /wp/wp-admin/setup-config.php HTTP/1.1" 404 64350 "-" "Mozilla/5.0 (Windows NT 10.0; Win64; x64)"
169.1.20.187 - - [11/Jul/2025:20:18:27 +0200] "GET /blog/wp-admin/setup-config.php HTTP/1.1" 404 64350 "-" "Mozilla/5.0 (Windows NT 10.0; Win64; x64)"
169.1.20.187 - - [11/Jul/2025:20:18:31 +0200] "GET /new/wp-admin/setup-config.php HTTP/1.1" 404 64350 "-" "Mozilla/5.0 (Windows NT 10.0; Win64; x64)"
169.1.20.187 - - [11/Jul/2025:20:18:35 +0200] "POST /wp-cron.php HTTP/1.1" 200 - "-" "WordPress/6.8.1; https://rudo.squareroot.co.za"
169.1.20.187 - - [11/Jul/2025:20:18:23 +0200] "POST /wp-cron.php?doing_wp_cron=1752257903.1118090152740478515625 HTTP/1.1" 200 - "-" "WordPress/6.8.1; https://rudo.squareroot.co.za"
169.1.20.187 - - [13/Jul/2025:21:02:38 +0200] "GET / HTTP/1.1" 301 - "-" "Mozilla/5.0 (compatible; CMS-Checker/1.0; +https://example.com)"
169.1.20.187 - - [13/Jul/2025:21:02:47 +0200] "POST /wp-cron.php?doing_wp_cron=1752433367.2035388946533203125000 HTTP/1.1" 200 - "-" "WordPress/6.8.1; https://rudo.squareroot.co.za"
169.1.20.187 - - [14/Jul/2025:11:33:14 +0200] "GET / HTTP/1.1" 301 - "-" "Mozilla/5.0 (compatible; CMS-Checker/1.0; +https://example.com)"
169.1.20.187 - - [14/Jul/2025:11:33:29 +0200] "POST /wp-cron.php?doing_wp_cron=1752485609.3050940036773681640625 HTTP/1.1" 200 - "-" "WordPress/6.8.1; https://rudo.squareroot.co.za"
47.79.225.173 - - [19/Jul/2025:10:40:07 +0200] "GET / HTTP/1.1" 301 - "http://www.rudo.squareroot.co.za/" "Mozilla/5.0 (Windows NT 10.0; Win64; x64) AppleWebKit/537.36 (KHTML, like Gecko) Chrome/114.0.0.0 Safari/537.36 Edg/114.0.1823.43"
169.1.20.187 - - [19/Jul/2025:10:41:01 +0200] "POST /wp-cron.php HTTP/1.1" 200 - "-" "WordPress/6.8.1; https://rudo.squareroot.co.za"
169.1.20.187 - - [19/Jul/2025:10:40:16 +0200] "POST /wp-cron.php?doing_wp_cron=1752914415.8681449890136718750000 HTTP/1.1" 200 - "-" "WordPress/6.8.1; https://rudo.squareroot.co.za"
157.230.83.209 - - [19/Jul/2025:17:43:40 +0200] "GET / HTTP/1.1" 301 - "-" "Mozilla/5.0 (X11; Linux x86_64) AppleWebKit/537.36 (KHTML, like Gecko) Chrome/137.0.0.0 Safari/537.36"
169.1.20.187 - - [19/Jul/2025:17:43:49 +0200] "POST /wp-cron.php?doing_wp_cron=1752939829.1872739791870117187500 HTTP/1.1" 200 - "-" "WordPress/6.8.2; https://rudo.squareroot.co.za"
47.82.11.125 - - [31/Jul/2025:15:38:13 +0200] "GET / HTTP/1.1" 301 - "http://www.rudo.squareroot.co.za" "Mozilla/5.0 (Windows NT 10.0; Win64; x64) AppleWebKit/537.36 (KHTML, like Gecko) Chrome/114.0.0.0 Safari/537.36 Edg/114.0.1823.43"
169.1.20.187 - - [31/Jul/2025:15:38:20 +0200] "POST /wp-cron.php?doing_wp_cron=1753969100.5325629711151123046875 HTTP/1.1" 200 - "-" "WordPress/6.8.2; https://rudo.squareroot.co.za"
104.236.78.153 - - [31/Jul/2025:17:28:20 +0200] "GET / HTTP/1.1" 301 - "-" "Mozilla/5.0 (Macintosh; Intel Mac OS X 10_15_7) AppleWebKit/605.1.15 (KHTML, like Gecko) Version/17.2 Safari/605.1.15"
144.126.199.60 - - [05/Aug/2025:04:40:53 +0200] "GET / HTTP/1.1" 301 - "-" "Mozilla/5.0 (X11; Linux x86_64) AppleWebKit/537.36 (KHTML, like Gecko) Chrome/137.0.0.0 Safari/537.36"
169.1.20.187 - - [05/Aug/2025:04:41:00 +0200] "POST /wp-cron.php?doing_wp_cron=1754361660.3185360431671142578125 HTTP/1.1" 200 - "-" "WordPress/6.8.2; https://rudo.squareroot.co.za"
35.240.195.154 - - [05/Aug/2025:17:46:23 +0200] "GET /wp-admin/setup-config.ph%70?step=1&language=en_EN HTTP/1.1" 409 2665 "-" "Apache/2.4.34 (Ubuntu) OpenSSL/1.1.1 (internal dummy connection)"
35.232.131.24 - - [05/Aug/2025:19:34:46 +0200] "GET / HTTP/1.1" 301 - "-" "Mozilla/5.0 (compatible; CMS-Checker/1.0; +https://example.com)"
169.1.20.187 - - [05/Aug/2025:19:34:54 +0200] "POST /wp-cron.php?doing_wp_cron=1754415294.5852971076965332031250 HTTP/1.1" 200 - "-" "WordPress/6.8.2; https://rudo.squareroot.co.za"
34.55.31.145 - - [05/Aug/2025:19:38:56 +0200] "GET / HTTP/1.1" 301 - "-" "Mozilla/5.0 (compatible; CMS-Checker/1.0; +https://example.com)"
169.1.20.187 - - [05/Aug/2025:19:38:59 +0200] "POST /wp-cron.php?doing_wp_cron=1754415539.0183680057525634765625 HTTP/1.1" 200 - "-" "WordPress/6.8.2; https://rudo.squareroot.co.za"
35.198.196.37 - - [06/Aug/2025:04:44:59 +0200] "GET /wp-admin/setup-config.ph%70?step=1&language=en_EN HTTP/1.1" 409 2665 "-" "Apache/2.4.34 (Ubuntu) OpenSSL/1.1.1 (internal dummy connection)"
47.82.11.58 - - [07/Aug/2025:15:19:41 +0200] "GET / HTTP/1.1" 301 - "http://www.rudo.squareroot.co.za" "Mozilla/5.0 (Windows NT 10.0; Win64; x64) AppleWebKit/537.36 (KHTML, like Gecko) Chrome/114.0.0.0 Safari/537.36 Edg/114.0.1823.43"
169.1.20.187 - - [07/Aug/2025:15:19:48 +0200] "POST /wp-cron.php?doing_wp_cron=1754572788.6025950908660888671875 HTTP/1.1" 200 - "-" "WordPress/6.8.2; https://rudo.squareroot.co.za"
47.82.11.144 - - [14/Aug/2025:15:12:41 +0200] "GET / HTTP/1.1" 301 - "http://www.rudo.squareroot.co.za" "Mozilla/5.0 (Macintosh; Intel Mac OS X 10_15_7) AppleWebKit/537.36 (KHTML, like Gecko) Chrome/134.0.0.0 Safari/537.36"
169.1.20.187 - - [14/Aug/2025:15:13:08 +0200] "POST /wp-cron.php HTTP/1.1" 200 - "-" "WordPress/6.8.2; https://rudo.squareroot.co.za"
169.1.20.187 - - [14/Aug/2025:15:12:49 +0200] "POST /wp-cron.php?doing_wp_cron=1755177169.5493240356445312500000 HTTP/1.1" 200 - "-" "WordPress/6.8.2; https://rudo.squareroot.co.za"
23.180.120.243 - - [14/Aug/2025:23:00:59 +0200] "GET / HTTP/1.1" 301 - "-" "Mozilla/5.0 (Windows NT 10.0; Win64; x64) AppleWebKit/537.36 Chrome/121.0.0.0"
169.1.20.187 - - [14/Aug/2025:23:01:15 +0200] "POST /wp-cron.php?doing_wp_cron=1755205275.4276890754699707031250 HTTP/1.1" 200 - "-" "WordPress/6.8.2; https://rudo.squareroot.co.za"
174.138.55.15 - - [16/Aug/2025:15:11:09 +0200] "GET / HTTP/1.1" 301 - "-" "Mozilla/5.0 (X11; Linux x86_64) AppleWebKit/537.36 (KHTML, like Gecko) Chrome/139.0.0.0 Safari/537.36"
169.1.20.187 - - [16/Aug/2025:15:11:16 +0200] "POST /wp-cron.php?doing_wp_cron=1755349876.2608449459075927734375 HTTP/1.1" 200 - "-" "WordPress/6.8.2; https://rudo.squareroot.co.za"
18.139.226.247 - - [18/Aug/2025:09:14:15 +0200] "GET / HTTP/1.1" 301 - "-" "Mozilla/5.0 (Windows NT 10.0; Win64; x64) AppleWebKit/537.36 (KHTML, like Gecko) Chrome/78.0.3904.108 Safari/537.36"
169.1.20.187 - - [18/Aug/2025:09:14:22 +0200] "POST /wp-cron.php?doing_wp_cron=1755501262.6893110275268554687500 HTTP/1.1" 200 - "-" "WordPress/6.8.2; https://rudo.squareroot.co.za"
157.245.217.18 - - [19/Aug/2025:12:49:25 +0200] "GET / HTTP/1.1" 301 - "-" "Mozilla/5.0 (X11; Linux x86_64; rv:139.0) Gecko/20100101 Firefox/139.0"
169.1.20.187 - - [19/Aug/2025:12:49:34 +0200] "POST /wp-cron.php?doing_wp_cron=1755600574.2679960727691650390625 HTTP/1.1" 200 - "-" "WordPress/6.8.2; https://rudo.squareroot.co.za"
34.138.62.154 - - [20/Aug/2025:20:04:13 +0200] "GET / HTTP/1.1" 301 - "-" "Mozilla/5.0 (compatible; CMS-Checker/1.0; +https://example.com)"
169.1.20.187 - - [20/Aug/2025:20:04:46 +0200] "POST /wp-cron.php HTTP/1.1" 200 - "-" "WordPress/6.8.2; https://rudo.squareroot.co.za"
169.1.20.187 - - [20/Aug/2025:20:04:30 +0200] "POST /wp-cron.php?doing_wp_cron=1755713070.1968789100646972656250 HTTP/1.1" 200 - "-" "WordPress/6.8.2; https://rudo.squareroot.co.za"
34.10.40.124 - - [20/Aug/2025:20:30:00 +0200] "GET / HTTP/1.1" 301 - "-" "Mozilla/5.0 (compatible; CMS-Checker/1.0; +https://example.com)"
169.1.20.187 - - [20/Aug/2025:20:30:02 +0200] "POST /wp-cron.php?doing_wp_cron=1755714602.0010659694671630859375 HTTP/1.1" 200 - "-" "WordPress/6.8.2; https://rudo.squareroot.co.za"
23.180.120.243 - - [25/Aug/2025:00:36:03 +0200] "GET /wp-content/plugins/sfwd-lms/themes/ld30/assets/js/learndash.js?ver=4.15.2 HTTP/1.1" 200 38325 "-" "Mozilla/5.0 (Windows NT 10.0; Win64; x64) AppleWebKit/537.36 Chrome/121.0.0.0"
139.59.165.25 - - [30/Aug/2025:06:00:40 +0200] "GET / HTTP/1.1" 301 - "-" "Mozilla/5.0 (X11; Linux x86_64) AppleWebKit/537.36 (KHTML, like Gecko) Chrome/139.0.0.0 Safari/537.36"
169.1.20.187 - - [30/Aug/2025:06:00:52 +0200] "POST /wp-cron.php?doing_wp_cron=1756526451.9706239700317382812500 HTTP/1.1" 200 - "-" "WordPress/6.8.2; https://rudo.squareroot.co.za"
34.253.201.2 - - [01/Sep/2025:22:11:28 +0200] "GET / HTTP/1.1" 301 - "-" "Mozilla/5.0 (compatible; NetcraftSurveyAgent/1.0; +info@netcraft.com)"
169.1.20.187 - - [01/Sep/2025:22:11:36 +0200] "POST /wp-cron.php?doing_wp_cron=1756757496.1684739589691162109375 HTTP/1.1" 200 - "-" "WordPress/6.8.2; https://rudo.squareroot.co.za"
139.59.26.66 - - [02/Sep/2025:04:21:57 +0200] "GET / HTTP/1.1" 301 - "-" "Mozilla/5.0 (X11; Linux x86_64) AppleWebKit/537.36 (KHTML, like Gecko) Chrome/139.0.0.0 Safari/537.36"
169.1.20.187 - - [02/Sep/2025:04:22:07 +0200] "POST /wp-cron.php?doing_wp_cron=1756779727.6601219177246093750000 HTTP/1.1" 200 - "-" "WordPress/6.8.2; https://rudo.squareroot.co.za"
169.1.20.187 - - [02/Sep/2025:11:09:55 +0200] "GET /.well-known/acme-challenge/_YG5QIQAER7KUP8WU6GMZH4WV9XSNPXD HTTP/1.1" 200 64 "-" "Cpanel-HTTP-Client/1.0"
169.1.20.187 - - [02/Sep/2025:11:09:55 +0200] "GET /.well-known/acme-challenge/AKTFRIJ6ZDTO6O0C4K36OEC94X69QZXQ HTTP/1.1" 200 64 "-" "Cpanel-HTTP-Client/1.0"
23.178.112.213 - - [02/Sep/2025:11:10:21 +0200] "GET /.well-known/acme-challenge/th0eREeWAhhVXc1S2IzO7KPBAs7mMT9EpWJ1LiLcyGU HTTP/1.1" 200 87 "-" "Mozilla/5.0 (compatible; Let's Encrypt validation server; +https://www.letsencrypt.org)"
23.178.112.213 - - [02/Sep/2025:11:10:22 +0200] "GET /.well-known/acme-challenge/aTTbZwghLgZEKU-qxpLlSJr92X-hTWa_sOn2brReTlk HTTP/1.1" 200 87 "-" "Mozilla/5.0 (compatible; Let's Encrypt validation server; +https://www.letsencrypt.org)"
35.241.193.51 - - [02/Sep/2025:20:59:29 +0200] "GET / HTTP/1.1" 301 - "-" "Mozilla/5.0 (compatible; CMS-Checker/1.0; +https://example.com)"
169.1.20.187 - - [02/Sep/2025:20:59:37 +0200] "POST /wp-cron.php?doing_wp_cron=1756839577.9194180965423583984375 HTTP/1.1" 200 - "-" "WordPress/6.8.2; https://rudo.squareroot.co.za"
35.233.192.109 - - [02/Sep/2025:21:17:36 +0200] "GET / HTTP/1.1" 301 - "-" "Mozilla/5.0 (compatible; CMS-Checker/1.0; +https://example.com)"
169.1.20.187 - - [02/Sep/2025:21:17:38 +0200] "POST /wp-cron.php?doing_wp_cron=1756840658.8455379009246826171875 HTTP/1.1" 200 - "-" "WordPress/6.8.2; https://rudo.squareroot.co.za"
34.21.87.150 - - [02/Sep/2025:21:42:33 +0200] "GET / HTTP/1.1" 301 - "-" "Mozilla/5.0 (compatible; CMS-Checker/1.0; +https://example.com)"
169.1.20.187 - - [02/Sep/2025:21:42:40 +0200] "POST /wp-cron.php?doing_wp_cron=1756842160.3968539237976074218750 HTTP/1.1" 200 - "-" "WordPress/6.8.2; https://rudo.squareroot.co.za"
35.187.48.101 - - [02/Sep/2025:21:47:02 +0200] "GET / HTTP/1.1" 301 - "-" "Mozilla/5.0 (compatible; CMS-Checker/1.0; +https://example.com)"
169.1.20.187 - - [02/Sep/2025:21:47:05 +0200] "POST /wp-cron.php?doing_wp_cron=1756842425.4938039779663085937500 HTTP/1.1" 200 - "-" "WordPress/6.8.2; https://rudo.squareroot.co.za"
54.160.241.218 - - [03/Sep/2025:14:41:40 +0200] "GET /wp-login.php HTTP/1.1" 302 - "-" "Mozilla/5.0"
169.1.20.187 - - [03/Sep/2025:14:41:56 +0200] "POST /wp-cron.php HTTP/1.1" 200 - "-" "WordPress/6.8.2; https://rudo.squareroot.co.za"
169.1.20.187 - - [03/Sep/2025:14:41:50 +0200] "POST /wp-cron.php?doing_wp_cron=1756903310.0640399456024169921875 HTTP/1.1" 200 - "-" "WordPress/6.8.2; https://rudo.squareroot.co.za"
35.245.18.207 - - [03/Sep/2025:17:16:08 +0200] "GET / HTTP/1.1" 301 - "-" "Mozilla/5.0 (compatible; CMS-Checker/1.0; +https://example.com)"
169.1.20.187 - - [03/Sep/2025:17:16:10 +0200] "POST /wp-cron.php?doing_wp_cron=1756912570.2697319984436035156250 HTTP/1.1" 200 - "-" "WordPress/6.8.2; https://rudo.squareroot.co.za"
35.238.18.75 - - [03/Sep/2025:17:31:42 +0200] "GET / HTTP/1.1" 301 - "-" "Mozilla/5.0 (compatible; CMS-Checker/1.0; +https://example.com)"
35.238.18.75 - - [03/Sep/2025:17:31:42 +0200] "GET / HTTP/1.1" 301 - "-" "Mozilla/5.0 (compatible; CMS-Checker/1.0; +https://example.com)"
169.1.20.187 - - [03/Sep/2025:17:31:46 +0200] "POST /wp-cron.php?doing_wp_cron=1756913506.9020519256591796875000 HTTP/1.1" 200 - "-" "WordPress/6.8.2; https://rudo.squareroot.co.za"
35.245.18.207 - - [03/Sep/2025:18:07:18 +0200] "GET / HTTP/1.1" 301 - "-" "Mozilla/5.0 (Windows NT 10.0; Win64; x64) AppleWebKit/537.36 (KHTML, like Gecko) Chrome/78.0.3904.108 Safari/537.36"
169.1.20.187 - - [03/Sep/2025:18:07:20 +0200] "POST /wp-cron.php?doing_wp_cron=1756915640.4783000946044921875000 HTTP/1.1" 200 - "-" "WordPress/6.8.2; https://rudo.squareroot.co.za"
35.238.18.75 - - [03/Sep/2025:18:12:38 +0200] "GET / HTTP/1.1" 301 - "-" "Mozilla/5.0 (Windows NT 10.0; Win64; x64) AppleWebKit/537.36 (KHTML, like Gecko) Chrome/78.0.3904.108 Safari/537.36"
35.229.34.153 - - [03/Sep/2025:20:57:14 +0200] "GET / HTTP/1.1" 301 - "-" "Mozilla/5.0 (Windows NT 10.0; Win64; x64) AppleWebKit/537.36 (KHTML, like Gecko) Chrome/88.0.4240.193 Safari/537.36"
169.1.20.187 - - [03/Sep/2025:20:57:16 +0200] "POST /wp-cron.php?doing_wp_cron=1756925836.8891758918762207031250 HTTP/1.1" 200 - "-" "WordPress/6.8.2; https://rudo.squareroot.co.za"
138.197.131.222 - - [04/Sep/2025:11:25:20 +0200] "GET / HTTP/1.1" 301 - "-" "Mozilla/5.0 (X11; Linux x86_64) AppleWebKit/537.36 (KHTML, like Gecko) Chrome/139.0.0.0 Safari/537.36"
169.1.20.187 - - [04/Sep/2025:11:25:28 +0200] "POST /wp-cron.php?doing_wp_cron=1756977928.0136630535125732421875 HTTP/1.1" 200 - "-" "WordPress/6.8.2; https://rudo.squareroot.co.za"
52.178.193.251 - - [04/Sep/2025:15:19:44 +0200] "GET /wp-content/plugins/hellopress/wp_filemanager.php HTTP/1.1" 301 - "-" "-"
169.1.20.187 - - [04/Sep/2025:15:19:51 +0200] "POST /wp-cron.php?doing_wp_cron=1756991991.7711460590362548828125 HTTP/1.1" 200 - "-" "WordPress/6.8.2; https://rudo.squareroot.co.za"
162.243.162.119 - - [04/Sep/2025:15:37:12 +0200] "GET / HTTP/1.1" 301 - "-" "Mozilla/5.0 (X11; Linux x86_64) AppleWebKit/537.36 (KHTML, like Gecko) Chrome/139.0.0.0 Safari/537.36"
169.1.20.187 - - [04/Sep/2025:15:37:14 +0200] "POST /wp-cron.php?doing_wp_cron=1756993034.7985858917236328125000 HTTP/1.1" 200 - "-" "WordPress/6.8.2; https://rudo.squareroot.co.za"
34.85.222.242 - - [04/Sep/2025:15:50:56 +0200] "GET / HTTP/1.1" 301 - "-" "Mozilla/5.0 (Windows NT 10.0; Win64; x64) AppleWebKit/537.36 (KHTML, like Gecko) Chrome/88.0.4240.193 Safari/537.36"
169.1.20.187 - - [04/Sep/2025:15:50:59 +0200] "POST /wp-cron.php?doing_wp_cron=1756993859.8773970603942871093750 HTTP/1.1" 200 - "-" "WordPress/6.8.2; https://rudo.squareroot.co.za"
34.124.180.42 - - [05/Sep/2025:17:27:57 +0200] "GET / HTTP/1.1" 301 - "-" "Mozilla/5.0 (Linux; Android 5.1.1; SM-J111F) AppleWebKit/537.36 (KHTML, like Gecko) Chrome/73.0.3683.90 Mobile Safari/537.36"
169.1.20.187 - - [05/Sep/2025:17:28:06 +0200] "POST /wp-cron.php?doing_wp_cron=1757086086.3575921058654785156250 HTTP/1.1" 200 - "-" "WordPress/6.8.2; https://rudo.squareroot.co.za"
138.68.156.136 - - [06/Sep/2025:08:44:03 +0200] "GET / HTTP/1.1" 301 - "-" "Mozilla/5.0 (X11; Linux x86_64; rv:139.0) Gecko/20100101 Firefox/139.0"
169.1.20.187 - - [06/Sep/2025:08:44:09 +0200] "POST /wp-cron.php?doing_wp_cron=1757141049.7588040828704833984375 HTTP/1.1" 200 - "-" "WordPress/6.8.2; https://rudo.squareroot.co.za"
172.232.15.116 - - [07/Sep/2025:02:08:47 +0200] "GET //installer.php HTTP/1.1" 301 - "-" "Mozilla/5.0 (iPhone; CPU iPhone OS 18_3_2 like Mac OS X) AppleWebKit/605.1.15 (KHTML, like Gecko) Version/18.3.1 Mobile/15E148 Safari/604.1"
172.232.15.116 - - [07/Sep/2025:02:08:55 +0200] "GET /installer.php HTTP/1.1" 404 64497 "-" "Mozilla/5.0 (iPhone; CPU iPhone OS 18_3_2 like Mac OS X) AppleWebKit/605.1.15 (KHTML, like Gecko) Version/18.3.1 Mobile/15E148 Safari/604.1"
169.1.20.187 - - [07/Sep/2025:02:08:54 +0200] "POST /wp-cron.php?doing_wp_cron=1757203734.1145050525665283203125 HTTP/1.1" 200 - "-" "WordPress/6.8.2; https://rudo.squareroot.co.za"
35.230.14.123 - - [07/Sep/2025:13:54:06 +0200] "GET / HTTP/1.1" 301 - "-" "Mozilla/5.0 (Windows NT 10.0; Win64; x64) AppleWebKit/537.36 (KHTML, like Gecko) Chrome/88.0.4240.193 Safari/537.36"
169.1.20.187 - - [07/Sep/2025:13:54:14 +0200] "POST /wp-cron.php?doing_wp_cron=1757246054.4460821151733398437500 HTTP/1.1" 200 - "-" "WordPress/6.8.2; https://rudo.squareroot.co.za"
194.233.81.136 - - [10/Sep/2025:04:36:10 +0200] "GET /wp-aa.php HTTP/1.1" 404 64497 "-" "Mozilla/5.0 (Macintosh; Intel Mac OS X 10.15; rv:77.0) Gecko/20100101 Firefox/77.0"
194.233.81.136 - - [10/Sep/2025:04:36:32 +0200] "GET /wp-content/plugins/wp-automatic/inc/csv.php HTTP/1.1" 404 64497 "-" "Mozilla/5.0 (Macintosh; Intel Mac OS X 10.15; rv:77.0) Gecko/20100101 Firefox/77.0"
169.1.20.187 - - [10/Sep/2025:04:36:28 +0200] "POST /wp-cron.php?doing_wp_cron=1757471788.3723909854888916015625 HTTP/1.1" 200 - "-" "WordPress/6.8.2; https://rudo.squareroot.co.za"
205.210.31.147 - - [12/Sep/2025:21:56:45 +0200] "GET / HTTP/1.1" 301 - "-" "-"
169.1.20.187 - - [12/Sep/2025:21:56:53 +0200] "POST /wp-cron.php?doing_wp_cron=1757707013.6596701145172119140625 HTTP/1.1" 200 - "-" "WordPress/6.8.2; https://rudo.squareroot.co.za"
138.197.85.114 - - [13/Sep/2025:03:19:00 +0200] "GET / HTTP/1.1" 301 - "-" "Mozilla/5.0 (X11; Linux x86_64) AppleWebKit/537.36 (KHTML, like Gecko) Chrome/139.0.0.0 Safari/537.36"
169.1.20.187 - - [13/Sep/2025:03:19:10 +0200] "POST /wp-cron.php?doing_wp_cron=1757726349.9902191162109375000000 HTTP/1.1" 200 - "-" "WordPress/6.8.2; https://rudo.squareroot.co.za"
134.209.189.193 - - [16/Sep/2025:04:52:46 +0200] "GET / HTTP/1.1" 301 - "-" "Mozilla/5.0 (X11; Linux x86_64) AppleWebKit/537.36 (KHTML, like Gecko) Chrome/139.0.0.0 Safari/537.36"
169.1.20.187 - - [16/Sep/2025:04:52:53 +0200] "POST /wp-cron.php?doing_wp_cron=1757991173.0418291091918945312500 HTTP/1.1" 200 - "-" "WordPress/6.8.2; https://rudo.squareroot.co.za"
18.200.237.141 - - [09/Oct/2025:19:21:05 +0200] "GET / HTTP/1.1" 301 - "-" "Mozilla/5.0 (compatible; NetcraftSurveyAgent/1.0; +info@netcraft.com)"
169.1.20.187 - - [09/Oct/2025:19:21:12 +0200] "POST /wp-cron.php?doing_wp_cron=1760030472.2786350250244140625000 HTTP/1.1" 200 - "-" "WordPress/6.8.3; https://rudo.squareroot.co.za"
146.148.26.145 - - [11/Oct/2025:13:00:19 +0200] "GET / HTTP/1.1" 301 - "-" "python-requests/2.32.5"
169.1.20.187 - - [11/Oct/2025:13:00:25 +0200] "POST /wp-cron.php?doing_wp_cron=1760180425.0983839035034179687500 HTTP/1.1" 200 - "-" "WordPress/6.8.3; https://rudo.squareroot.co.za"
128.199.24.68 - - [11/Oct/2025:17:29:41 +0200] "GET / HTTP/1.1" 301 - "-" "Mozilla/5.0 (X11; Linux x86_64; rv:139.0) Gecko/20100101 Firefox/139.0"
169.1.20.187 - - [11/Oct/2025:17:29:46 +0200] "POST /wp-cron.php?doing_wp_cron=1760196586.5345280170440673828125 HTTP/1.1" 200 - "-" "WordPress/6.8.3; https://rudo.squareroot.co.za"
35.193.98.10 - - [13/Oct/2025:04:20:16 +0200] "GET / HTTP/1.1" 301 - "-" "Mozilla/5.0 (Windows NT 10.0; Win64; x64) AppleWebKit/537.36 (KHTML, like Gecko) Chrome/88.0.4240.193 Safari/537.36"
169.1.20.187 - - [13/Oct/2025:04:20:23 +0200] "POST /wp-cron.php?doing_wp_cron=1760322023.8102331161499023437500 HTTP/1.1" 200 - "-" "WordPress/6.8.3; https://rudo.squareroot.co.za"
167.99.93.181 - - [14/Oct/2025:04:00:52 +0200] "GET / HTTP/1.1" 301 - "-" "Mozilla/5.0 (X11; Linux x86_64; rv:139.0) Gecko/20100101 Firefox/139.0"
169.1.20.187 - - [14/Oct/2025:04:00:58 +0200] "POST /wp-cron.php?doing_wp_cron=1760407258.1391129493713378906250 HTTP/1.1" 200 - "-" "WordPress/6.8.3; https://rudo.squareroot.co.za"
93.158.90.35 - - [17/Oct/2025:10:24:39 +0200] "GET / HTTP/1.1" 301 - "-" "Mozilla/5.0 (Linux; Android 14; SM-S901B) AppleWebKit/537.36 (KHTML, like Gecko) Chrome/120.0.6099.280 Mobile Safari/537.36 OPR/80.4.4244.7786"
169.1.20.187 - - [17/Oct/2025:10:25:04 +0200] "POST /wp-cron.php HTTP/1.1" 200 - "-" "WordPress/6.8.3; https://rudo.squareroot.co.za"
169.1.20.187 - - [17/Oct/2025:10:24:46 +0200] "POST /wp-cron.php?doing_wp_cron=1760689486.8820469379425048828125 HTTP/1.1" 200 - "-" "WordPress/6.8.3; https://rudo.squareroot.co.za"
208.84.101.119 - - [18/Oct/2025:02:20:20 +0200] "GET / HTTP/1.1" 301 - "-" "python-requests/2.27.1"
169.1.20.187 - - [18/Oct/2025:02:20:26 +0200] "POST /wp-cron.php?doing_wp_cron=1760746826.4655740261077880859375 HTTP/1.1" 200 - "-" "WordPress/6.8.3; https://rudo.squareroot.co.za"
208.84.101.119 - - [18/Oct/2025:19:24:42 +0200] "GET / HTTP/1.1" 301 - "-" "Mozilla/5.0 (compatible; CMS-Checker/1.0; +https://example.com)"
169.1.20.187 - - [18/Oct/2025:19:24:50 +0200] "POST /wp-cron.php?doing_wp_cron=1760808290.9030179977416992187500 HTTP/1.1" 200 - "-" "WordPress/6.8.3; https://rudo.squareroot.co.za"
139.59.11.189 - - [21/Oct/2025:12:40:42 +0200] "GET / HTTP/1.1" 301 - "https://www.google.com.br" "Mozilla/5.0 (Macintosh; Intel Mac OS X 10_15_7; rv:125.0.1) Gecko/20100101 Firefox/125.0.1"
169.1.20.187 - - [21/Oct/2025:12:40:49 +0200] "POST /wp-cron.php?doing_wp_cron=1761043249.4200620651245117187500 HTTP/1.1" 200 - "-" "WordPress/6.8.3; https://rudo.squareroot.co.za"
34.140.63.209 - - [21/Oct/2025:16:02:09 +0200] "GET / HTTP/1.1" 301 - "-" "python-requests/2.32.5"
169.1.20.187 - - [21/Oct/2025:16:02:17 +0200] "POST /wp-cron.php?doing_wp_cron=1761055337.8678469657897949218750 HTTP/1.1" 200 - "-" "WordPress/6.8.3; https://rudo.squareroot.co.za"
208.84.101.102 - - [23/Oct/2025:17:48:42 +0200] "GET /wp-admin/setup-config.php HTTP/1.1" 409 2665 "-" "Mozilla/5.0 (Windows NT 10.0; Win64; x64)"
34.1.17.110 - - [24/Oct/2025:07:16:49 +0200] "GET / HTTP/1.1" 301 - "-" "Mozilla/5.0 (Macintosh; Intel Mac OS X 10_15_7) AppleWebKit/537.36 (KHTML, like Gecko) Chrome/135.0.0.0 Safari/537.36"
169.1.20.187 - - [24/Oct/2025:07:17:01 +0200] "POST /wp-cron.php?doing_wp_cron=1761283021.0666279792785644531250 HTTP/1.1" 200 - "-" "WordPress/6.8.3; https://rudo.squareroot.co.za"
34.1.24.138 - - [24/Oct/2025:07:25:31 +0200] "GET / HTTP/1.1" 301 - "-" "Mozilla/5.0 (Macintosh; Intel Mac OS X 10_15_7) AppleWebKit/537.36 (KHTML, like Gecko) Chrome/135.0.0.0 Safari/537.36"
169.1.20.187 - - [24/Oct/2025:07:25:33 +0200] "POST /wp-cron.php?doing_wp_cron=1761283533.4334321022033691406250 HTTP/1.1" 200 - "-" "WordPress/6.8.3; https://rudo.squareroot.co.za"
34.1.24.138 - - [24/Oct/2025:07:25:47 +0200] "GET / HTTP/1.1" 301 - "-" "Mozilla/5.0 (Macintosh; Intel Mac OS X 10_15_7) AppleWebKit/537.36 (KHTML, like Gecko) Chrome/135.0.0.0 Safari/537.36"
34.1.24.138 - - [24/Oct/2025:07:26:00 +0200] "GET / HTTP/1.1" 301 - "-" "Mozilla/5.0 (Macintosh; Intel Mac OS X 10_15_7) AppleWebKit/537.36 (KHTML, like Gecko) Chrome/135.0.0.0 Safari/537.36"
169.1.20.187 - - [24/Oct/2025:07:26:07 +0200] "POST /wp-cron.php?doing_wp_cron=1761283567.1618249416351318359375 HTTP/1.1" 200 - "-" "WordPress/6.8.3; https://rudo.squareroot.co.za"
52.54.227.142 - - [24/Oct/2025:16:08:29 +0200] "GET / HTTP/1.1" 301 - "-" "Mozilla/5.0 (Windows NT 10.0; Win64; x64) AppleWebKit/537.36 (KHTML, like Gecko) Chrome/104.0.0.0 Safari/537.36"
3.237.252.173 - - [25/Oct/2025:00:06:28 +0200] "GET / HTTP/1.1" 301 - "-" "Mozilla/5.0 (Windows NT 10.0; Win64; x64) AppleWebKit/537.36 (KHTML, like Gecko) Chrome/104.0.0.0 Safari/537.36"
165.22.197.109 - - [28/Oct/2025:04:00:56 +0200] "GET / HTTP/1.1" 301 - "-" "Mozilla/5.0 (X11; Linux x86_64) AppleWebKit/537.36 (KHTML, like Gecko) Chrome/139.0.0.0 Safari/537.36"
169.1.20.187 - - [28/Oct/2025:04:01:22 +0200] "POST /wp-cron.php?doing_wp_cron=1761616882.0431649684906005859375 HTTP/1.1" 200 - "-" "WordPress/6.8.3; https://rudo.squareroot.co.za"
172.192.9.236 - - [31/Oct/2025:22:02:06 +0200] "GET /wp-content/plugins/hellopress/wp_filemanager.php HTTP/1.1" 404 64497 "-" "-"
172.192.9.236 - - [31/Oct/2025:22:02:17 +0200] "GET /shoha.php HTTP/1.1" 404 64497 "-" "-"
172.192.9.236 - - [31/Oct/2025:22:02:21 +0200] "GET /atomlib.php HTTP/1.1" 404 64497 "-" "-"
169.1.20.187 - - [31/Oct/2025:22:02:13 +0200] "POST /wp-cron.php?doing_wp_cron=1761940933.7656140327453613281250 HTTP/1.1" 200 - "-" "WordPress/6.8.3; https://rudo.squareroot.co.za"
172.192.9.236 - - [31/Oct/2025:22:02:24 +0200] "GET /cong.php HTTP/1.1" 404 64497 "-" "-"
172.192.9.236 - - [31/Oct/2025:22:02:27 +0200] "GET /g.php HTTP/1.1" 404 64497 "-" "-"
172.192.9.236 - - [31/Oct/2025:22:02:31 +0200] "GET /log.php HTTP/1.1" 404 64497 "-" "-"
172.192.9.236 - - [31/Oct/2025:22:02:35 +0200] "GET /1index.php HTTP/1.1" 404 64497 "-" "-"
172.192.9.236 - - [31/Oct/2025:22:02:38 +0200] "GET /fmk.php HTTP/1.1" 404 64497 "-" "-"
172.192.9.236 - - [31/Oct/2025:22:02:42 +0200] "GET /xl2023.php HTTP/1.1" 404 64497 "-" "-"
172.192.9.236 - - [31/Oct/2025:22:02:45 +0200] "GET /new.php HTTP/1.1" 404 64497 "-" "-"
172.192.9.236 - - [31/Oct/2025:22:02:49 +0200] "GET /AxAo.php HTTP/1.1" 404 64497 "-" "-"
172.192.9.236 - - [31/Oct/2025:22:02:53 +0200] "GET /chosen.php HTTP/1.1" 404 64497 "-" "-"
172.192.9.236 - - [31/Oct/2025:22:02:56 +0200] "GET /update/f35.php HTTP/1.1" 404 64497 "-" "-"
172.192.9.236 - - [31/Oct/2025:22:02:59 +0200] "GET /.well-known/pki-validation/dropdown.php HTTP/1.1" 404 - "-" "-"
172.192.9.236 - - [31/Oct/2025:22:02:59 +0200] "GET /wp-content/packed.php HTTP/1.1" 404 64497 "-" "-"
172.192.9.236 - - [31/Oct/2025:22:03:05 +0200] "GET /v3.php HTTP/1.1" 404 64497 "-" "-"
169.1.20.187 - - [31/Oct/2025:22:03:07 +0200] "POST /wp-cron.php?doing_wp_cron=1761940987.7474739551544189453125 HTTP/1.1" 200 - "-" "WordPress/6.8.3; https://rudo.squareroot.co.za"
172.192.9.236 - - [31/Oct/2025:22:03:10 +0200] "GET /sto.php HTTP/1.1" 404 64497 "-" "-"
172.192.9.236 - - [31/Oct/2025:22:03:13 +0200] "GET /bless.php HTTP/1.1" 404 64497 "-" "-"
172.192.9.236 - - [31/Oct/2025:22:03:16 +0200] "GET /wp-2019.php HTTP/1.1" 404 64497 "-" "-"
172.192.9.236 - - [31/Oct/2025:22:03:20 +0200] "GET /.well-known/log.php HTTP/1.1" 404 64497 "-" "-"
172.192.9.236 - - [31/Oct/2025:22:03:23 +0200] "GET /zhidagen.php HTTP/1.1" 404 64497 "-" "-"
172.192.9.236 - - [31/Oct/2025:22:03:26 +0200] "GET /bb2.php HTTP/1.1" 404 64497 "-" "-"
172.192.9.236 - - [31/Oct/2025:22:03:30 +0200] "GET /nc.php HTTP/1.1" 404 64497 "-" "-"
172.192.9.236 - - [31/Oct/2025:22:03:34 +0200] "GET /er8.php HTTP/1.1" 404 64497 "-" "-"
172.192.9.236 - - [31/Oct/2025:22:03:37 +0200] "GET /file2.php HTTP/1.1" 404 64497 "-" "-"
172.192.9.236 - - [31/Oct/2025:22:03:41 +0200] "GET /xmlrpc.php HTTP/1.1" 405 42 "-" "-"
172.192.9.236 - - [31/Oct/2025:22:03:43 +0200] "GET /wp-head.php HTTP/1.1" 404 64497 "-" "-"
172.192.9.236 - - [31/Oct/2025:22:03:46 +0200] "GET /uploadx.php HTTP/1.1" 404 64497 "-" "-"
172.192.9.236 - - [31/Oct/2025:22:03:49 +0200] "GET /nl.php HTTP/1.1" 404 64497 "-" "-"
172.192.9.236 - - [31/Oct/2025:22:03:52 +0200] "GET /bless2.php HTTP/1.1" 404 64497 "-" "-"
172.192.9.236 - - [31/Oct/2025:22:03:55 +0200] "GET /menu.php HTTP/1.1" 404 64497 "-" "-"
172.192.9.236 - - [31/Oct/2025:22:03:59 +0200] "GET /okxoby.php HTTP/1.1" 404 64497 "-" "-"
172.192.9.236 - - [31/Oct/2025:22:04:03 +0200] "GET /filesss.php HTTP/1.1" 404 64497 "-" "-"
169.1.20.187 - - [31/Oct/2025:22:04:09 +0200] "POST /wp-cron.php?doing_wp_cron=1761941049.2779290676116943359375 HTTP/1.1" 200 - "-" "WordPress/6.8.3; https://rudo.squareroot.co.za"
172.192.9.236 - - [31/Oct/2025:22:04:11 +0200] "GET /af4.php HTTP/1.1" 404 64497 "-" "-"
172.192.9.236 - - [31/Oct/2025:22:04:15 +0200] "GET /about.php HTTP/1.1" 404 64497 "-" "-"
172.192.9.236 - - [31/Oct/2025:22:04:18 +0200] "GET /wp-admin/js/about.php HTTP/1.1" 404 64497 "-" "-"
172.192.9.236 - - [31/Oct/2025:22:04:21 +0200] "GET /.bod/.ll/ss.php HTTP/1.1" 404 64497 "-" "-"
172.192.9.236 - - [31/Oct/2025:22:04:24 +0200] "GET /555.php HTTP/1.1" 404 64497 "-" "-"
172.192.9.236 - - [31/Oct/2025:22:04:28 +0200] "GET /gdn.php HTTP/1.1" 404 64497 "-" "-"
172.192.9.236 - - [31/Oct/2025:22:04:32 +0200] "GET /class17.php HTTP/1.1" 404 64497 "-" "-"
172.192.9.236 - - [31/Oct/2025:22:04:35 +0200] "GET /class.php HTTP/1.1" 404 64497 "-" "-"
172.192.9.236 - - [31/Oct/2025:22:04:39 +0200] "GET /222.php HTTP/1.1" 404 64497 "-" "-"
172.192.9.236 - - [31/Oct/2025:22:04:42 +0200] "GET /wp.php HTTP/1.1" 404 64497 "-" "-"
172.192.9.236 - - [31/Oct/2025:22:04:45 +0200] "GET /makeasmtp.php HTTP/1.1" 404 64497 "-" "-"
172.192.9.236 - - [31/Oct/2025:22:04:50 +0200] "GET /radio.php HTTP/1.1" 404 64497 "-" "-"
172.192.9.236 - - [31/Oct/2025:22:04:53 +0200] "GET /manager.php HTTP/1.1" 404 64497 "-" "-"
172.192.9.236 - - [31/Oct/2025:22:04:57 +0200] "GET /we2.php HTTP/1.1" 404 64497 "-" "-"
172.192.9.236 - - [31/Oct/2025:22:05:00 +0200] "GET /wp-includes/IXR/about.php HTTP/1.1" 404 64497 "-" "-"
169.1.20.187 - - [31/Oct/2025:22:05:07 +0200] "POST /wp-cron.php?doing_wp_cron=1761941107.6301059722900390625000 HTTP/1.1" 200 - "-" "WordPress/6.8.3; https://rudo.squareroot.co.za"
172.192.9.236 - - [31/Oct/2025:22:05:10 +0200] "GET /mar.php HTTP/1.1" 404 64497 "-" "-"
172.192.9.236 - - [31/Oct/2025:22:05:13 +0200] "GET /lv.php HTTP/1.1" 404 64497 "-" "-"
172.192.9.236 - - [31/Oct/2025:22:05:16 +0200] "GET /mail.php HTTP/1.1" 404 64497 "-" "-"
172.192.9.236 - - [31/Oct/2025:22:05:21 +0200] "GET /wp-content/themes/aahana/json.php HTTP/1.1" 404 64497 "-" "-"
172.192.9.236 - - [31/Oct/2025:22:05:24 +0200] "GET /aipoyp.php HTTP/1.1" 404 64497 "-" "-"
172.192.9.236 - - [31/Oct/2025:22:05:27 +0200] "GET /db.php HTTP/1.1" 404 64497 "-" "-"
172.192.9.236 - - [31/Oct/2025:22:05:31 +0200] "GET /m.php HTTP/1.1" 404 64497 "-" "-"
172.192.9.236 - - [31/Oct/2025:22:05:34 +0200] "GET /up.php HTTP/1.1" 404 64497 "-" "-"
172.192.9.236 - - [31/Oct/2025:22:05:38 +0200] "GET /dfre.php HTTP/1.1" 404 64497 "-" "-"
172.192.9.236 - - [31/Oct/2025:22:05:42 +0200] "GET /men.php HTTP/1.1" 404 64497 "-" "-"
172.192.9.236 - - [31/Oct/2025:22:05:45 +0200] "GET /media.php HTTP/1.1" 404 64497 "-" "-"
172.192.9.236 - - [31/Oct/2025:22:05:49 +0200] "GET /wp-content/cong.php HTTP/1.1" 404 64497 "-" "-"
172.192.9.236 - - [31/Oct/2025:22:05:54 +0200] "GET /uplozyu.php HTTP/1.1" 404 64497 "-" "-"
