197.79.64.234 - - [07/Nov/2025:09:28:45 +0200] "POST /wp-admin/admin-ajax.php HTTP/1.1" 200 147 "https://makhado.squareroot.co.za/wp-admin/" "Mozilla/5.0 (Windows NT 10.0; Win64; x64) AppleWebKit/537.36 (KHTML, like Gecko) Chrome/142.0.0.0 Safari/537.36"
169.1.20.187 - - [07/Nov/2025:09:29:48 +0200] "POST /wp-cron.php?doing_wp_cron=1762500588.3341860771179199218750 HTTP/1.1" 200 - "-" "WordPress/6.8.3; https://makhado.squareroot.co.za"
197.79.64.234 - - [07/Nov/2025:09:29:45 +0200] "POST /wp-admin/admin-ajax.php HTTP/1.1" 200 147 "https://makhado.squareroot.co.za/wp-admin/" "Mozilla/5.0 (Windows NT 10.0; Win64; x64) AppleWebKit/537.36 (KHTML, like Gecko) Chrome/142.0.0.0 Safari/537.36"
169.1.20.187 - - [07/Nov/2025:09:30:47 +0200] "POST /wp-cron.php?doing_wp_cron=1762500647.5610029697418212890625 HTTP/1.1" 200 - "-" "WordPress/6.8.3; https://makhado.squareroot.co.za"
197.79.64.234 - - [07/Nov/2025:09:30:45 +0200] "POST /wp-admin/admin-ajax.php HTTP/1.1" 200 147 "https://makhado.squareroot.co.za/wp-admin/" "Mozilla/5.0 (Windows NT 10.0; Win64; x64) AppleWebKit/537.36 (KHTML, like Gecko) Chrome/142.0.0.0 Safari/537.36"
169.1.20.187 - - [07/Nov/2025:09:31:48 +0200] "POST /wp-cron.php?doing_wp_cron=1762500708.3508949279785156250000 HTTP/1.1" 200 - "-" "WordPress/6.8.3; https://makhado.squareroot.co.za"
197.79.64.234 - - [07/Nov/2025:09:31:45 +0200] "POST /wp-admin/admin-ajax.php HTTP/1.1" 200 147 "https://makhado.squareroot.co.za/wp-admin/" "Mozilla/5.0 (Windows NT 10.0; Win64; x64) AppleWebKit/537.36 (KHTML, like Gecko) Chrome/142.0.0.0 Safari/537.36"
169.1.20.187 - - [07/Nov/2025:09:32:47 +0200] "POST /wp-cron.php?doing_wp_cron=1762500767.7401380538940429687500 HTTP/1.1" 200 - "-" "WordPress/6.8.3; https://makhado.squareroot.co.za"
197.79.64.234 - - [07/Nov/2025:09:32:45 +0200] "POST /wp-admin/admin-ajax.php HTTP/1.1" 200 147 "https://makhado.squareroot.co.za/wp-admin/" "Mozilla/5.0 (Windows NT 10.0; Win64; x64) AppleWebKit/537.36 (KHTML, like Gecko) Chrome/142.0.0.0 Safari/537.36"
169.1.20.187 - - [07/Nov/2025:09:33:48 +0200] "POST /wp-cron.php?doing_wp_cron=1762500828.1482770442962646484375 HTTP/1.1" 200 - "-" "WordPress/6.8.3; https://makhado.squareroot.co.za"
197.79.64.234 - - [07/Nov/2025:09:33:45 +0200] "POST /wp-admin/admin-ajax.php HTTP/1.1" 200 147 "https://makhado.squareroot.co.za/wp-admin/" "Mozilla/5.0 (Windows NT 10.0; Win64; x64) AppleWebKit/537.36 (KHTML, like Gecko) Chrome/142.0.0.0 Safari/537.36"
169.1.20.187 - - [07/Nov/2025:09:34:47 +0200] "POST /wp-cron.php?doing_wp_cron=1762500887.5927109718322753906250 HTTP/1.1" 200 - "-" "WordPress/6.8.3; https://makhado.squareroot.co.za"
197.79.64.234 - - [07/Nov/2025:09:34:45 +0200] "POST /wp-admin/admin-ajax.php HTTP/1.1" 200 147 "https://makhado.squareroot.co.za/wp-admin/" "Mozilla/5.0 (Windows NT 10.0; Win64; x64) AppleWebKit/537.36 (KHTML, like Gecko) Chrome/142.0.0.0 Safari/537.36"
169.1.20.187 - - [07/Nov/2025:09:35:49 +0200] "POST /wp-cron.php?doing_wp_cron=1762500949.4410150051116943359375 HTTP/1.1" 200 - "-" "WordPress/6.8.3; https://makhado.squareroot.co.za"
197.79.64.234 - - [07/Nov/2025:09:35:45 +0200] "POST /wp-admin/admin-ajax.php HTTP/1.1" 200 147 "https://makhado.squareroot.co.za/wp-admin/" "Mozilla/5.0 (Windows NT 10.0; Win64; x64) AppleWebKit/537.36 (KHTML, like Gecko) Chrome/142.0.0.0 Safari/537.36"
197.79.64.234 - - [07/Nov/2025:09:36:07 +0200] "GET /wp-admin/admin.php?page=revslider HTTP/1.1" 200 870464 "https://makhado.squareroot.co.za/wp-admin/" "Mozilla/5.0 (Windows NT 10.0; Win64; x64) AppleWebKit/537.36 (KHTML, like Gecko) Chrome/142.0.0.0 Safari/537.36"
197.79.64.234 - - [07/Nov/2025:09:36:12 +0200] "GET /wp-admin/load-styles.php?c=0&dir=ltr&load%5Bchunk_0%5D=dashicons,admin-bar,common,forms,admin-menu,dashboard,list-tables,edit,revisions,media,themes,about,nav-menus,wp-pointer,widgets&load%5Bchunk_1%5D=,site-icon,l10n,buttons,wp-auth-check,wp-jquery-ui-dialog,wp-color-picker,media-views&ver=6.8.3 HTTP/1.1" 200 456333 "https://makhado.squareroot.co.za/wp-admin/admin.php?page=revslider" "Mozilla/5.0 (Windows NT 10.0; Win64; x64) AppleWebKit/537.36 (KHTML, like Gecko) Chrome/142.0.0.0 Safari/537.36"
197.79.64.234 - - [07/Nov/2025:09:36:09 +0200] "POST /wp-admin/admin-ajax.php HTTP/1.1" 200 169 "https://makhado.squareroot.co.za/wp-admin/post.php?post=19&action=elementor" "Mozilla/5.0 (Windows NT 10.0; Win64; x64) AppleWebKit/537.36 (KHTML, like Gecko) Chrome/142.0.0.0 Safari/537.36"
197.79.64.234 - - [07/Nov/2025:09:36:12 +0200] "GET /wp-content/plugins/revslider/admin/assets/css/tp-color-picker.css?ver=6.7.38 HTTP/1.1" 200 36508 "https://makhado.squareroot.co.za/wp-admin/admin.php?page=revslider" "Mozilla/5.0 (Windows NT 10.0; Win64; x64) AppleWebKit/537.36 (KHTML, like Gecko) Chrome/142.0.0.0 Safari/537.36"
197.79.64.234 - - [07/Nov/2025:09:36:13 +0200] "GET /wp-content/plugins/revslider/admin/assets/css/ddTP.css?ver=6.7.38 HTTP/1.1" 200 20449 "https://makhado.squareroot.co.za/wp-admin/admin.php?page=revslider" "Mozilla/5.0 (Windows NT 10.0; Win64; x64) AppleWebKit/537.36 (KHTML, like Gecko) Chrome/142.0.0.0 Safari/537.36"
197.79.64.234 - - [07/Nov/2025:09:36:13 +0200] "GET /wp-content/plugins/revslider/sr6/assets/css/rs6.css?ver=6.7.38 HTTP/1.1" 200 58327 "https://makhado.squareroot.co.za/wp-admin/admin.php?page=revslider" "Mozilla/5.0 (Windows NT 10.0; Win64; x64) AppleWebKit/537.36 (KHTML, like Gecko) Chrome/142.0.0.0 Safari/537.36"
197.79.64.234 - - [07/Nov/2025:09:36:13 +0200] "GET /wp-content/plugins/revslider/sr6/assets/fonts/font-awesome/css/font-awesome.css?ver=6.7.38 HTTP/1.1" 200 36925 "https://makhado.squareroot.co.za/wp-admin/admin.php?page=revslider" "Mozilla/5.0 (Windows NT 10.0; Win64; x64) AppleWebKit/537.36 (KHTML, like Gecko) Chrome/142.0.0.0 Safari/537.36"
197.79.64.234 - - [07/Nov/2025:09:36:13 +0200] "GET /wp-content/plugins/revslider/sr6/assets/fonts/pe-icon-7-stroke/css/pe-icon-7-stroke.css?ver=6.7.38 HTTP/1.1" 200 9742 "https://makhado.squareroot.co.za/wp-admin/admin.php?page=revslider" "Mozilla/5.0 (Windows NT 10.0; Win64; x64) AppleWebKit/537.36 (KHTML, like Gecko) Chrome/142.0.0.0 Safari/537.36"
197.79.64.234 - - [07/Nov/2025:09:36:13 +0200] "GET /wp-content/plugins/revslider/admin/assets/css/basics.css?ver=6.7.38 HTTP/1.1" 200 103492 "https://makhado.squareroot.co.za/wp-admin/admin.php?page=revslider" "Mozilla/5.0 (Windows NT 10.0; Win64; x64) AppleWebKit/537.36 (KHTML, like Gecko) Chrome/142.0.0.0 Safari/537.36"
197.79.64.234 - - [07/Nov/2025:09:36:13 +0200] "GET /wp-content/plugins/revslider/admin/assets/css/builder.css?ver=6.7.38 HTTP/1.1" 200 296061 "https://makhado.squareroot.co.za/wp-admin/admin.php?page=revslider" "Mozilla/5.0 (Windows NT 10.0; Win64; x64) AppleWebKit/537.36 (KHTML, like Gecko) Chrome/142.0.0.0 Safari/537.36"
197.79.64.234 - - [07/Nov/2025:09:36:13 +0200] "GET /wp-content/plugins/one-user-avatar/assets/css/wp-user-avatar.css?ver=2.5.0 HTTP/1.1" 200 1890 "https://makhado.squareroot.co.za/wp-admin/admin.php?page=revslider" "Mozilla/5.0 (Windows NT 10.0; Win64; x64) AppleWebKit/537.36 (KHTML, like Gecko) Chrome/142.0.0.0 Safari/537.36"
197.79.64.234 - - [07/Nov/2025:09:36:13 +0200] "GET /wp-content/plugins/revslider/sr6/assets/js/rbtools.min.js?ver=6.7.38 HTTP/1.1" 200 165339 "https://makhado.squareroot.co.za/wp-admin/admin.php?page=revslider" "Mozilla/5.0 (Windows NT 10.0; Win64; x64) AppleWebKit/537.36 (KHTML, like Gecko) Chrome/142.0.0.0 Safari/537.36"
197.79.64.234 - - [07/Nov/2025:09:36:13 +0200] "GET /wp-content/plugins/revslider/admin/assets/js/modules/admin.min.js?ver=6.7.38 HTTP/1.1" 200 140549 "https://makhado.squareroot.co.za/wp-admin/admin.php?page=revslider" "Mozilla/5.0 (Windows NT 10.0; Win64; x64) AppleWebKit/537.36 (KHTML, like Gecko) Chrome/142.0.0.0 Safari/537.36"
197.79.64.234 - - [07/Nov/2025:09:36:13 +0200] "GET /wp-content/plugins/revslider/admin/assets/js/plugins/utils.min.js?ver=6.7.38 HTTP/1.1" 200 275342 "https://makhado.squareroot.co.za/wp-admin/admin.php?page=revslider" "Mozilla/5.0 (Windows NT 10.0; Win64; x64) AppleWebKit/537.36 (KHTML, like Gecko) Chrome/142.0.0.0 Safari/537.36"
197.79.64.234 - - [07/Nov/2025:09:36:13 +0200] "GET /wp-content/plugins/revslider/admin/assets/js/modules/overview.min.js?ver=6.7.38 HTTP/1.1" 200 92411 "https://makhado.squareroot.co.za/wp-admin/admin.php?page=revslider" "Mozilla/5.0 (Windows NT 10.0; Win64; x64) AppleWebKit/537.36 (KHTML, like Gecko) Chrome/142.0.0.0 Safari/537.36"
197.79.64.234 - - [07/Nov/2025:09:36:13 +0200] "GET /wp-content/plugins/revslider/sr6/assets/js/rs6.min.js?ver=6.7.38 HTTP/1.1" 200 415904 "https://makhado.squareroot.co.za/wp-admin/admin.php?page=revslider" "Mozilla/5.0 (Windows NT 10.0; Win64; x64) AppleWebKit/537.36 (KHTML, like Gecko) Chrome/142.0.0.0 Safari/537.36"
197.79.64.234 - - [07/Nov/2025:09:36:14 +0200] "GET /wp-content/plugins/revslider/admin/views/features/assets/transparent.png HTTP/1.1" 200 122 "https://makhado.squareroot.co.za/wp-admin/admin.php?page=revslider" "Mozilla/5.0 (Windows NT 10.0; Win64; x64) AppleWebKit/537.36 (KHTML, like Gecko) Chrome/142.0.0.0 Safari/537.36"
197.79.64.234 - - [07/Nov/2025:09:36:09 +0200] "GET /wp-json/elementor/v1/checklist/user-progress HTTP/1.1" 403 90 "https://makhado.squareroot.co.za/wp-admin/post.php?post=19&action=elementor" "Mozilla/5.0 (Windows NT 10.0; Win64; x64) AppleWebKit/537.36 (KHTML, like Gecko) Chrome/142.0.0.0 Safari/537.36"
197.79.64.234 - - [07/Nov/2025:09:36:14 +0200] "GET /wp-content/plugins/revslider/admin/views/features/assets/premium_templates.jpg HTTP/1.1" 200 33288 "https://makhado.squareroot.co.za/wp-admin/admin.php?page=revslider" "Mozilla/5.0 (Windows NT 10.0; Win64; x64) AppleWebKit/537.36 (KHTML, like Gecko) Chrome/142.0.0.0 Safari/537.36"
197.79.64.234 - - [07/Nov/2025:09:36:14 +0200] "GET /wp-content/plugins/revslider/admin/views/features/assets/coveraddons.jpg HTTP/1.1" 200 54149 "https://makhado.squareroot.co.za/wp-admin/admin.php?page=revslider" "Mozilla/5.0 (Windows NT 10.0; Win64; x64) AppleWebKit/537.36 (KHTML, like Gecko) Chrome/142.0.0.0 Safari/537.36"
197.79.64.234 - - [07/Nov/2025:09:36:14 +0200] "GET /wp-includes/js/jquery/ui/accordion.min.js?ver=1.13.3 HTTP/1.1" 200 8860 "https://makhado.squareroot.co.za/wp-admin/admin.php?page=revslider" "Mozilla/5.0 (Windows NT 10.0; Win64; x64) AppleWebKit/537.36 (KHTML, like Gecko) Chrome/142.0.0.0 Safari/537.36"
197.79.64.234 - - [07/Nov/2025:09:36:14 +0200] "GET /wp-includes/js/jquery/ui/menu.min.js?ver=1.13.3 HTTP/1.1" 200 10199 "https://makhado.squareroot.co.za/wp-admin/admin.php?page=revslider" "Mozilla/5.0 (Windows NT 10.0; Win64; x64) AppleWebKit/537.36 (KHTML, like Gecko) Chrome/142.0.0.0 Safari/537.36"
197.79.64.234 - - [07/Nov/2025:09:36:14 +0200] "GET /wp-includes/js/jquery/ui/autocomplete.min.js?ver=1.13.3 HTTP/1.1" 200 8536 "https://makhado.squareroot.co.za/wp-admin/admin.php?page=revslider" "Mozilla/5.0 (Windows NT 10.0; Win64; x64) AppleWebKit/537.36 (KHTML, like Gecko) Chrome/142.0.0.0 Safari/537.36"
197.79.64.234 - - [07/Nov/2025:09:36:14 +0200] "GET /wp-includes/js/jquery/ui/droppable.min.js?ver=1.13.3 HTTP/1.1" 200 6665 "https://makhado.squareroot.co.za/wp-admin/admin.php?page=revslider" "Mozilla/5.0 (Windows NT 10.0; Win64; x64) AppleWebKit/537.36 (KHTML, like Gecko) Chrome/142.0.0.0 Safari/537.36"
197.79.64.234 - - [07/Nov/2025:09:36:14 +0200] "GET /wp-includes/js/jquery/ui/tabs.min.js?ver=1.13.3 HTTP/1.1" 200 12008 "https://makhado.squareroot.co.za/wp-admin/admin.php?page=revslider" "Mozilla/5.0 (Windows NT 10.0; Win64; x64) AppleWebKit/537.36 (KHTML, like Gecko) Chrome/142.0.0.0 Safari/537.36"
197.79.64.234 - - [07/Nov/2025:09:36:15 +0200] "GET /wp-includes/js/wpdialog.min.js?ver=6.8.3 HTTP/1.1" 200 281 "https://makhado.squareroot.co.za/wp-admin/admin.php?page=revslider" "Mozilla/5.0 (Windows NT 10.0; Win64; x64) AppleWebKit/537.36 (KHTML, like Gecko) Chrome/142.0.0.0 Safari/537.36"
197.79.64.234 - - [07/Nov/2025:09:36:15 +0200] "GET /wp-content/plugins/one-user-avatar/assets/js/wp-user-avatar.js?ver=2.5.0 HTTP/1.1" 200 5101 "https://makhado.squareroot.co.za/wp-admin/admin.php?page=revslider" "Mozilla/5.0 (Windows NT 10.0; Win64; x64) AppleWebKit/537.36 (KHTML, like Gecko) Chrome/142.0.0.0 Safari/537.36"
197.79.64.234 - - [07/Nov/2025:09:36:16 +0200] "GET /wp-content/plugins/revslider/admin/views/features/assets/coverlibrary.jpg HTTP/1.1" 200 93433 "https://makhado.squareroot.co.za/wp-admin/admin.php?page=revslider" "Mozilla/5.0 (Windows NT 10.0; Win64; x64) AppleWebKit/537.36 (KHTML, like Gecko) Chrome/142.0.0.0 Safari/537.36"
197.79.64.234 - - [07/Nov/2025:09:36:16 +0200] "GET /wp-content/plugins/revslider/admin/views/features/assets/coversupport.jpg HTTP/1.1" 200 50445 "https://makhado.squareroot.co.za/wp-admin/admin.php?page=revslider" "Mozilla/5.0 (Windows NT 10.0; Win64; x64) AppleWebKit/537.36 (KHTML, like Gecko) Chrome/142.0.0.0 Safari/537.36"
197.79.64.234 - - [07/Nov/2025:09:36:17 +0200] "GET /wp-content/plugins/revslider/admin/assets/images/wc2.jpg HTTP/1.1" 200 37385 "https://makhado.squareroot.co.za/wp-content/plugins/revslider/admin/assets/css/basics.css?ver=6.7.38" "Mozilla/5.0 (Windows NT 10.0; Win64; x64) AppleWebKit/537.36 (KHTML, like Gecko) Chrome/142.0.0.0 Safari/537.36"
197.79.64.234 - - [07/Nov/2025:09:36:17 +0200] "GET /wp-content/plugins/revslider/admin/assets/images/rocketbg-tooltip.jpg HTTP/1.1" 200 21497 "https://makhado.squareroot.co.za/wp-content/plugins/revslider/admin/assets/css/basics.css?ver=6.7.38" "Mozilla/5.0 (Windows NT 10.0; Win64; x64) AppleWebKit/537.36 (KHTML, like Gecko) Chrome/142.0.0.0 Safari/537.36"
197.79.64.234 - - [07/Nov/2025:09:36:18 +0200] "GET /wp-content/plugins/revslider/admin/assets/images/wc_logo2.png HTTP/1.1" 200 5524 "https://makhado.squareroot.co.za/wp-content/plugins/revslider/admin/assets/css/basics.css?ver=6.7.38" "Mozilla/5.0 (Windows NT 10.0; Win64; x64) AppleWebKit/537.36 (KHTML, like Gecko) Chrome/142.0.0.0 Safari/537.36"
197.79.64.234 - - [07/Nov/2025:09:36:13 +0200] "GET /wp-json/wp/v2/users/me?context=edit&_locale=user HTTP/1.1" 200 6765 "https://makhado.squareroot.co.za/wp-admin/admin.php?page=revslider" "Mozilla/5.0 (Windows NT 10.0; Win64; x64) AppleWebKit/537.36 (KHTML, like Gecko) Chrome/142.0.0.0 Safari/537.36"
197.79.64.234 - - [07/Nov/2025:09:36:18 +0200] "GET /wp-content/plugins/revslider/admin/assets/images/socials/youtube.png HTTP/1.1" 200 2056 "https://makhado.squareroot.co.za/wp-content/plugins/revslider/admin/assets/css/builder.css?ver=6.7.38" "Mozilla/5.0 (Windows NT 10.0; Win64; x64) AppleWebKit/537.36 (KHTML, like Gecko) Chrome/142.0.0.0 Safari/537.36"
197.79.64.234 - - [07/Nov/2025:09:36:18 +0200] "GET /wp-content/plugins/revslider/admin/assets/images/socials/twitter.png HTTP/1.1" 200 3801 "https://makhado.squareroot.co.za/wp-content/plugins/revslider/admin/assets/css/builder.css?ver=6.7.38" "Mozilla/5.0 (Windows NT 10.0; Win64; x64) AppleWebKit/537.36 (KHTML, like Gecko) Chrome/142.0.0.0 Safari/537.36"
197.79.64.234 - - [07/Nov/2025:09:36:18 +0200] "GET /wp-content/plugins/revslider/admin/assets/images/socials/facebook.png HTTP/1.1" 200 2741 "https://makhado.squareroot.co.za/wp-content/plugins/revslider/admin/assets/css/builder.css?ver=6.7.38" "Mozilla/5.0 (Windows NT 10.0; Win64; x64) AppleWebKit/537.36 (KHTML, like Gecko) Chrome/142.0.0.0 Safari/537.36"
197.79.64.234 - - [07/Nov/2025:09:36:18 +0200] "GET /wp-content/plugins/revslider/admin/assets/images/socials/dribbble.png HTTP/1.1" 200 9613 "https://makhado.squareroot.co.za/wp-content/plugins/revslider/admin/assets/css/builder.css?ver=6.7.38" "Mozilla/5.0 (Windows NT 10.0; Win64; x64) AppleWebKit/537.36 (KHTML, like Gecko) Chrome/142.0.0.0 Safari/537.36"
197.79.64.234 - - [07/Nov/2025:09:36:18 +0200] "GET /wp-content/plugins/revslider/admin/assets/images/socials/instagram.png HTTP/1.1" 200 4758 "https://makhado.squareroot.co.za/wp-content/plugins/revslider/admin/assets/css/builder.css?ver=6.7.38" "Mozilla/5.0 (Windows NT 10.0; Win64; x64) AppleWebKit/537.36 (KHTML, like Gecko) Chrome/142.0.0.0 Safari/537.36"
197.79.64.234 - - [07/Nov/2025:09:36:15 +0200] "POST /wp-admin/admin-ajax.php HTTP/1.1" 200 940 "https://makhado.squareroot.co.za/wp-admin/post.php?post=19&action=elementor" "Mozilla/5.0 (Windows NT 10.0; Win64; x64) AppleWebKit/537.36 (KHTML, like Gecko) Chrome/142.0.0.0 Safari/537.36"
197.79.64.234 - - [07/Nov/2025:09:36:15 +0200] "POST /wp-admin/admin-ajax.php HTTP/1.1" 200 930 "https://makhado.squareroot.co.za/wp-admin/post.php?post=19&action=elementor" "Mozilla/5.0 (Windows NT 10.0; Win64; x64) AppleWebKit/537.36 (KHTML, like Gecko) Chrome/142.0.0.0 Safari/537.36"
197.79.64.234 - - [07/Nov/2025:09:36:15 +0200] "POST /wp-admin/admin-ajax.php HTTP/1.1" 200 939 "https://makhado.squareroot.co.za/wp-admin/post.php?post=19&action=elementor" "Mozilla/5.0 (Windows NT 10.0; Win64; x64) AppleWebKit/537.36 (KHTML, like Gecko) Chrome/142.0.0.0 Safari/537.36"
197.79.64.234 - - [07/Nov/2025:09:36:15 +0200] "POST /wp-admin/admin-ajax.php HTTP/1.1" 200 964 "https://makhado.squareroot.co.za/wp-admin/post.php?post=19&action=elementor" "Mozilla/5.0 (Windows NT 10.0; Win64; x64) AppleWebKit/537.36 (KHTML, like Gecko) Chrome/142.0.0.0 Safari/537.36"
197.79.64.234 - - [07/Nov/2025:09:36:15 +0200] "POST /wp-admin/admin-ajax.php HTTP/1.1" 200 964 "https://makhado.squareroot.co.za/wp-admin/post.php?post=19&action=elementor" "Mozilla/5.0 (Windows NT 10.0; Win64; x64) AppleWebKit/537.36 (KHTML, like Gecko) Chrome/142.0.0.0 Safari/537.36"
197.79.64.234 - - [07/Nov/2025:09:36:15 +0200] "POST /wp-admin/admin-ajax.php HTTP/1.1" 200 930 "https://makhado.squareroot.co.za/wp-admin/post.php?post=19&action=elementor" "Mozilla/5.0 (Windows NT 10.0; Win64; x64) AppleWebKit/537.36 (KHTML, like Gecko) Chrome/142.0.0.0 Safari/537.36"
197.79.64.234 - - [07/Nov/2025:09:36:15 +0200] "POST /wp-admin/admin-ajax.php HTTP/1.1" 200 941 "https://makhado.squareroot.co.za/wp-admin/post.php?post=19&action=elementor" "Mozilla/5.0 (Windows NT 10.0; Win64; x64) AppleWebKit/537.36 (KHTML, like Gecko) Chrome/142.0.0.0 Safari/537.36"
197.79.64.234 - - [07/Nov/2025:09:36:15 +0200] "POST /wp-admin/admin-ajax.php HTTP/1.1" 200 964 "https://makhado.squareroot.co.za/wp-admin/post.php?post=19&action=elementor" "Mozilla/5.0 (Windows NT 10.0; Win64; x64) AppleWebKit/537.36 (KHTML, like Gecko) Chrome/142.0.0.0 Safari/537.36"
197.79.64.234 - - [07/Nov/2025:09:36:15 +0200] "POST /wp-admin/admin-ajax.php HTTP/1.1" 200 930 "https://makhado.squareroot.co.za/wp-admin/post.php?post=19&action=elementor" "Mozilla/5.0 (Windows NT 10.0; Win64; x64) AppleWebKit/537.36 (KHTML, like Gecko) Chrome/142.0.0.0 Safari/537.36"
197.79.64.234 - - [07/Nov/2025:09:36:15 +0200] "GET /wp-json/elementor/v1/checklist/user-progress HTTP/1.1" 403 90 "https://makhado.squareroot.co.za/wp-admin/post.php?post=19&action=elementor" "Mozilla/5.0 (Windows NT 10.0; Win64; x64) AppleWebKit/537.36 (KHTML, like Gecko) Chrome/142.0.0.0 Safari/537.36"
197.79.64.234 - - [07/Nov/2025:09:36:17 +0200] "POST /wp-admin/admin-ajax.php HTTP/1.1" 200 49 "https://makhado.squareroot.co.za/wp-admin/admin.php?page=revslider" "Mozilla/5.0 (Windows NT 10.0; Win64; x64) AppleWebKit/537.36 (KHTML, like Gecko) Chrome/142.0.0.0 Safari/537.36"
197.79.64.234 - - [07/Nov/2025:09:36:24 +0200] "POST /wp-admin/admin-ajax.php HTTP/1.1" 200 77 "https://makhado.squareroot.co.za/wp-admin/post.php?post=19&action=elementor" "Mozilla/5.0 (Windows NT 10.0; Win64; x64) AppleWebKit/537.36 (KHTML, like Gecko) Chrome/142.0.0.0 Safari/537.36"
197.79.64.234 - - [07/Nov/2025:09:36:25 +0200] "GET /wp-json/elementor/v1/checklist/user-progress HTTP/1.1" 403 90 "https://makhado.squareroot.co.za/wp-admin/post.php?post=19&action=elementor" "Mozilla/5.0 (Windows NT 10.0; Win64; x64) AppleWebKit/537.36 (KHTML, like Gecko) Chrome/142.0.0.0 Safari/537.36"
197.79.64.234 - - [07/Nov/2025:09:36:33 +0200] "GET /wp-json/elementor/v1/checklist/user-progress HTTP/1.1" 403 90 "https://makhado.squareroot.co.za/wp-admin/post.php?post=19&action=elementor" "Mozilla/5.0 (Windows NT 10.0; Win64; x64) AppleWebKit/537.36 (KHTML, like Gecko) Chrome/142.0.0.0 Safari/537.36"
169.1.20.187 - - [07/Nov/2025:09:36:41 +0200] "POST /wp-cron.php?doing_wp_cron=1762501001.4743208885192871093750 HTTP/1.1" 200 - "-" "WordPress/6.8.3; https://makhado.squareroot.co.za"
197.79.64.234 - - [07/Nov/2025:09:36:40 +0200] "POST /wp-admin/admin-ajax.php HTTP/1.1" 200 77 "https://makhado.squareroot.co.za/wp-admin/post.php?post=19&action=elementor" "Mozilla/5.0 (Windows NT 10.0; Win64; x64) AppleWebKit/537.36 (KHTML, like Gecko) Chrome/142.0.0.0 Safari/537.36"
197.79.64.234 - - [07/Nov/2025:09:36:46 +0200] "POST /wp-admin/admin-ajax.php HTTP/1.1" 200 930 "https://makhado.squareroot.co.za/wp-admin/post.php?post=19&action=elementor" "Mozilla/5.0 (Windows NT 10.0; Win64; x64) AppleWebKit/537.36 (KHTML, like Gecko) Chrome/142.0.0.0 Safari/537.36"
197.79.64.234 - - [07/Nov/2025:09:36:46 +0200] "POST /wp-admin/admin-ajax.php HTTP/1.1" 200 964 "https://makhado.squareroot.co.za/wp-admin/post.php?post=19&action=elementor" "Mozilla/5.0 (Windows NT 10.0; Win64; x64) AppleWebKit/537.36 (KHTML, like Gecko) Chrome/142.0.0.0 Safari/537.36"
197.79.64.234 - - [07/Nov/2025:09:36:46 +0200] "POST /wp-admin/admin-ajax.php HTTP/1.1" 200 940 "https://makhado.squareroot.co.za/wp-admin/post.php?post=19&action=elementor" "Mozilla/5.0 (Windows NT 10.0; Win64; x64) AppleWebKit/537.36 (KHTML, like Gecko) Chrome/142.0.0.0 Safari/537.36"
197.79.64.234 - - [07/Nov/2025:09:36:46 +0200] "POST /wp-admin/admin-ajax.php HTTP/1.1" 200 941 "https://makhado.squareroot.co.za/wp-admin/post.php?post=19&action=elementor" "Mozilla/5.0 (Windows NT 10.0; Win64; x64) AppleWebKit/537.36 (KHTML, like Gecko) Chrome/142.0.0.0 Safari/537.36"
197.79.64.234 - - [07/Nov/2025:09:36:46 +0200] "POST /wp-admin/admin-ajax.php HTTP/1.1" 200 939 "https://makhado.squareroot.co.za/wp-admin/post.php?post=19&action=elementor" "Mozilla/5.0 (Windows NT 10.0; Win64; x64) AppleWebKit/537.36 (KHTML, like Gecko) Chrome/142.0.0.0 Safari/537.36"
197.79.64.234 - - [07/Nov/2025:09:36:46 +0200] "POST /wp-admin/admin-ajax.php HTTP/1.1" 200 930 "https://makhado.squareroot.co.za/wp-admin/post.php?post=19&action=elementor" "Mozilla/5.0 (Windows NT 10.0; Win64; x64) AppleWebKit/537.36 (KHTML, like Gecko) Chrome/142.0.0.0 Safari/537.36"
197.79.64.234 - - [07/Nov/2025:09:36:46 +0200] "POST /wp-admin/admin-ajax.php HTTP/1.1" 200 930 "https://makhado.squareroot.co.za/wp-admin/post.php?post=19&action=elementor" "Mozilla/5.0 (Windows NT 10.0; Win64; x64) AppleWebKit/537.36 (KHTML, like Gecko) Chrome/142.0.0.0 Safari/537.36"
197.79.64.234 - - [07/Nov/2025:09:36:46 +0200] "POST /wp-admin/admin-ajax.php HTTP/1.1" 200 964 "https://makhado.squareroot.co.za/wp-admin/post.php?post=19&action=elementor" "Mozilla/5.0 (Windows NT 10.0; Win64; x64) AppleWebKit/537.36 (KHTML, like Gecko) Chrome/142.0.0.0 Safari/537.36"
197.79.64.234 - - [07/Nov/2025:09:36:46 +0200] "POST /wp-admin/admin-ajax.php HTTP/1.1" 200 964 "https://makhado.squareroot.co.za/wp-admin/post.php?post=19&action=elementor" "Mozilla/5.0 (Windows NT 10.0; Win64; x64) AppleWebKit/537.36 (KHTML, like Gecko) Chrome/142.0.0.0 Safari/537.36"
197.79.64.234 - - [07/Nov/2025:09:36:54 +0200] "POST /wp-admin/admin-ajax.php HTTP/1.1" 200 77 "https://makhado.squareroot.co.za/wp-admin/post.php?post=19&action=elementor" "Mozilla/5.0 (Windows NT 10.0; Win64; x64) AppleWebKit/537.36 (KHTML, like Gecko) Chrome/142.0.0.0 Safari/537.36"
197.79.64.234 - - [07/Nov/2025:09:37:04 +0200] "POST /wp-admin/admin-ajax.php HTTP/1.1" 200 7033 "https://makhado.squareroot.co.za/wp-admin/post.php?post=19&action=elementor" "Mozilla/5.0 (Windows NT 10.0; Win64; x64) AppleWebKit/537.36 (KHTML, like Gecko) Chrome/142.0.0.0 Safari/537.36"
197.79.64.234 - - [07/Nov/2025:09:37:02 +0200] "POST /wp-admin/admin-ajax.php HTTP/1.1" 200 7095 "https://makhado.squareroot.co.za/wp-admin/post.php?post=19&action=elementor" "Mozilla/5.0 (Windows NT 10.0; Win64; x64) AppleWebKit/537.36 (KHTML, like Gecko) Chrome/142.0.0.0 Safari/537.36"
197.79.64.234 - - [07/Nov/2025:09:37:07 +0200] "POST /wp-admin/admin-ajax.php HTTP/1.1" 200 6971 "https://makhado.squareroot.co.za/wp-admin/post.php?post=19&action=elementor" "Mozilla/5.0 (Windows NT 10.0; Win64; x64) AppleWebKit/537.36 (KHTML, like Gecko) Chrome/142.0.0.0 Safari/537.36"
197.79.64.234 - - [07/Nov/2025:09:37:09 +0200] "POST /wp-admin/admin-ajax.php HTTP/1.1" 200 77 "https://makhado.squareroot.co.za/wp-admin/post.php?post=19&action=elementor" "Mozilla/5.0 (Windows NT 10.0; Win64; x64) AppleWebKit/537.36 (KHTML, like Gecko) Chrome/142.0.0.0 Safari/537.36"
197.79.64.234 - - [07/Nov/2025:09:37:09 +0200] "POST /wp-admin/admin-ajax.php HTTP/1.1" 200 6952 "https://makhado.squareroot.co.za/wp-admin/post.php?post=19&action=elementor" "Mozilla/5.0 (Windows NT 10.0; Win64; x64) AppleWebKit/537.36 (KHTML, like Gecko) Chrome/142.0.0.0 Safari/537.36"
197.79.64.234 - - [07/Nov/2025:09:37:12 +0200] "POST /wp-admin/admin-ajax.php HTTP/1.1" 200 6890 "https://makhado.squareroot.co.za/wp-admin/post.php?post=19&action=elementor" "Mozilla/5.0 (Windows NT 10.0; Win64; x64) AppleWebKit/537.36 (KHTML, like Gecko) Chrome/142.0.0.0 Safari/537.36"
197.79.64.234 - - [07/Nov/2025:09:37:13 +0200] "POST /wp-admin/admin-ajax.php HTTP/1.1" 200 6871 "https://makhado.squareroot.co.za/wp-admin/post.php?post=19&action=elementor" "Mozilla/5.0 (Windows NT 10.0; Win64; x64) AppleWebKit/537.36 (KHTML, like Gecko) Chrome/142.0.0.0 Safari/537.36"
197.79.64.234 - - [07/Nov/2025:09:37:15 +0200] "GET /wp-json/elementor/v1/checklist/user-progress HTTP/1.1" 403 90 "https://makhado.squareroot.co.za/wp-admin/post.php?post=19&action=elementor" "Mozilla/5.0 (Windows NT 10.0; Win64; x64) AppleWebKit/537.36 (KHTML, like Gecko) Chrome/142.0.0.0 Safari/537.36"
197.79.64.234 - - [07/Nov/2025:09:37:15 +0200] "POST /wp-admin/admin-ajax.php HTTP/1.1" 200 1614 "https://makhado.squareroot.co.za/wp-admin/post.php?post=19&action=elementor" "Mozilla/5.0 (Windows NT 10.0; Win64; x64) AppleWebKit/537.36 (KHTML, like Gecko) Chrome/142.0.0.0 Safari/537.36"
197.79.64.234 - - [07/Nov/2025:09:37:21 +0200] "GET /wp-json/elementor/v1/checklist/user-progress HTTP/1.1" 403 90 "https://makhado.squareroot.co.za/wp-admin/post.php?post=19&action=elementor" "Mozilla/5.0 (Windows NT 10.0; Win64; x64) AppleWebKit/537.36 (KHTML, like Gecko) Chrome/142.0.0.0 Safari/537.36"
197.79.64.234 - - [07/Nov/2025:09:37:24 +0200] "POST /wp-admin/admin-ajax.php HTTP/1.1" 200 77 "https://makhado.squareroot.co.za/wp-admin/post.php?post=19&action=elementor" "Mozilla/5.0 (Windows NT 10.0; Win64; x64) AppleWebKit/537.36 (KHTML, like Gecko) Chrome/142.0.0.0 Safari/537.36"
197.79.64.234 - - [07/Nov/2025:09:37:25 +0200] "GET /wp-json/elementor/v1/checklist/user-progress HTTP/1.1" 403 90 "https://makhado.squareroot.co.za/wp-admin/post.php?post=19&action=elementor" "Mozilla/5.0 (Windows NT 10.0; Win64; x64) AppleWebKit/537.36 (KHTML, like Gecko) Chrome/142.0.0.0 Safari/537.36"
197.79.64.234 - - [07/Nov/2025:09:37:33 +0200] "GET /wp-json/elementor/v1/checklist/user-progress HTTP/1.1" 403 90 "https://makhado.squareroot.co.za/wp-admin/post.php?post=19&action=elementor" "Mozilla/5.0 (Windows NT 10.0; Win64; x64) AppleWebKit/537.36 (KHTML, like Gecko) Chrome/142.0.0.0 Safari/537.36"
197.79.64.234 - - [07/Nov/2025:09:37:32 +0200] "GET / HTTP/1.1" 200 228430 "-" "Mozilla/5.0 (Windows NT 10.0; Win64; x64) AppleWebKit/537.36 (KHTML, like Gecko) Chrome/142.0.0.0 Safari/537.36"
169.1.20.187 - - [07/Nov/2025:09:37:41 +0200] "POST /wp-cron.php?doing_wp_cron=1762501061.7106549739837646484375 HTTP/1.1" 200 - "-" "WordPress/6.8.3; https://makhado.squareroot.co.za"
197.79.64.234 - - [07/Nov/2025:09:37:38 +0200] "GET /wp-json/wp/v2/users/me?context=edit&_locale=user HTTP/1.1" 401 96 "https://makhado.squareroot.co.za/" "Mozilla/5.0 (Windows NT 10.0; Win64; x64) AppleWebKit/537.36 (KHTML, like Gecko) Chrome/142.0.0.0 Safari/537.36"
197.79.64.234 - - [07/Nov/2025:09:37:39 +0200] "GET /wp-json/contact-form-7/v1/contact-forms/7/feedback/schema HTTP/1.1" 200 1476 "https://makhado.squareroot.co.za/" "Mozilla/5.0 (Windows NT 10.0; Win64; x64) AppleWebKit/537.36 (KHTML, like Gecko) Chrome/142.0.0.0 Safari/537.36"
197.79.64.234 - - [07/Nov/2025:09:37:45 +0200] "POST /wp-admin/admin-ajax.php HTTP/1.1" 200 77 "https://makhado.squareroot.co.za/wp-admin/post.php?post=19&action=elementor" "Mozilla/5.0 (Windows NT 10.0; Win64; x64) AppleWebKit/537.36 (KHTML, like Gecko) Chrome/142.0.0.0 Safari/537.36"
197.79.64.234 - - [07/Nov/2025:09:38:00 +0200] "POST /wp-admin/admin-ajax.php HTTP/1.1" 200 77 "https://makhado.squareroot.co.za/wp-admin/post.php?post=19&action=elementor" "Mozilla/5.0 (Windows NT 10.0; Win64; x64) AppleWebKit/537.36 (KHTML, like Gecko) Chrome/142.0.0.0 Safari/537.36"
197.79.64.234 - - [07/Nov/2025:09:38:04 +0200] "GET /wp-json/elementor/v1/checklist/user-progress HTTP/1.1" 403 90 "https://makhado.squareroot.co.za/wp-admin/post.php?post=19&action=elementor" "Mozilla/5.0 (Windows NT 10.0; Win64; x64) AppleWebKit/537.36 (KHTML, like Gecko) Chrome/142.0.0.0 Safari/537.36"
197.79.64.234 - - [07/Nov/2025:09:38:04 +0200] "POST /wp-admin/admin-ajax.php HTTP/1.1" 200 6872 "https://makhado.squareroot.co.za/wp-admin/post.php?post=19&action=elementor" "Mozilla/5.0 (Windows NT 10.0; Win64; x64) AppleWebKit/537.36 (KHTML, like Gecko) Chrome/142.0.0.0 Safari/537.36"
197.79.64.234 - - [07/Nov/2025:09:38:06 +0200] "POST /wp-admin/admin-ajax.php HTTP/1.1" 200 6878 "https://makhado.squareroot.co.za/wp-admin/post.php?post=19&action=elementor" "Mozilla/5.0 (Windows NT 10.0; Win64; x64) AppleWebKit/537.36 (KHTML, like Gecko) Chrome/142.0.0.0 Safari/537.36"
197.79.64.234 - - [07/Nov/2025:09:38:05 +0200] "POST /wp-admin/admin-ajax.php HTTP/1.1" 200 6873 "https://makhado.squareroot.co.za/wp-admin/post.php?post=19&action=elementor" "Mozilla/5.0 (Windows NT 10.0; Win64; x64) AppleWebKit/537.36 (KHTML, like Gecko) Chrome/142.0.0.0 Safari/537.36"
197.79.64.234 - - [07/Nov/2025:09:38:07 +0200] "POST /wp-admin/admin-ajax.php HTTP/1.1" 200 6881 "https://makhado.squareroot.co.za/wp-admin/post.php?post=19&action=elementor" "Mozilla/5.0 (Windows NT 10.0; Win64; x64) AppleWebKit/537.36 (KHTML, like Gecko) Chrome/142.0.0.0 Safari/537.36"
197.79.64.234 - - [07/Nov/2025:09:38:14 +0200] "POST /wp-admin/admin-ajax.php HTTP/1.1" 200 77 "https://makhado.squareroot.co.za/wp-admin/post.php?post=19&action=elementor" "Mozilla/5.0 (Windows NT 10.0; Win64; x64) AppleWebKit/537.36 (KHTML, like Gecko) Chrome/142.0.0.0 Safari/537.36"
197.79.64.234 - - [07/Nov/2025:09:38:15 +0200] "GET /wp-json/elementor/v1/checklist/user-progress HTTP/1.1" 403 90 "https://makhado.squareroot.co.za/wp-admin/post.php?post=19&action=elementor" "Mozilla/5.0 (Windows NT 10.0; Win64; x64) AppleWebKit/537.36 (KHTML, like Gecko) Chrome/142.0.0.0 Safari/537.36"
197.79.64.234 - - [07/Nov/2025:09:38:18 +0200] "POST /wp-admin/admin-ajax.php HTTP/1.1" 200 147 "https://makhado.squareroot.co.za/wp-admin/admin.php?page=revslider" "Mozilla/5.0 (Windows NT 10.0; Win64; x64) AppleWebKit/537.36 (KHTML, like Gecko) Chrome/142.0.0.0 Safari/537.36"
197.79.64.234 - - [07/Nov/2025:09:38:24 +0200] "GET /wp-json/elementor/v1/checklist/user-progress HTTP/1.1" 403 90 "https://makhado.squareroot.co.za/wp-admin/post.php?post=19&action=elementor" "Mozilla/5.0 (Windows NT 10.0; Win64; x64) AppleWebKit/537.36 (KHTML, like Gecko) Chrome/142.0.0.0 Safari/537.36"
197.79.64.234 - - [07/Nov/2025:09:38:23 +0200] "POST /wp-admin/admin-ajax.php HTTP/1.1" 200 6891 "https://makhado.squareroot.co.za/wp-admin/post.php?post=19&action=elementor" "Mozilla/5.0 (Windows NT 10.0; Win64; x64) AppleWebKit/537.36 (KHTML, like Gecko) Chrome/142.0.0.0 Safari/537.36"
197.79.64.234 - - [07/Nov/2025:09:38:30 +0200] "POST /wp-admin/admin-ajax.php HTTP/1.1" 200 77 "https://makhado.squareroot.co.za/wp-admin/post.php?post=19&action=elementor" "Mozilla/5.0 (Windows NT 10.0; Win64; x64) AppleWebKit/537.36 (KHTML, like Gecko) Chrome/142.0.0.0 Safari/537.36"
197.79.64.234 - - [07/Nov/2025:09:38:33 +0200] "POST /wp-admin/admin-ajax.php HTTP/1.1" 200 6901 "https://makhado.squareroot.co.za/wp-admin/post.php?post=19&action=elementor" "Mozilla/5.0 (Windows NT 10.0; Win64; x64) AppleWebKit/537.36 (KHTML, like Gecko) Chrome/142.0.0.0 Safari/537.36"
169.1.20.187 - - [07/Nov/2025:09:38:40 +0200] "POST /wp-cron.php?doing_wp_cron=1762501120.8876500129699707031250 HTTP/1.1" 200 - "-" "WordPress/6.8.3; https://makhado.squareroot.co.za"
197.79.64.234 - - [07/Nov/2025:09:38:35 +0200] "GET /wp-json/elementor/v1/checklist/user-progress HTTP/1.1" 403 90 "https://makhado.squareroot.co.za/wp-admin/post.php?post=19&action=elementor" "Mozilla/5.0 (Windows NT 10.0; Win64; x64) AppleWebKit/537.36 (KHTML, like Gecko) Chrome/142.0.0.0 Safari/537.36"
197.79.64.234 - - [07/Nov/2025:09:38:35 +0200] "POST /wp-admin/admin-ajax.php HTTP/1.1" 200 1629 "https://makhado.squareroot.co.za/wp-admin/post.php?post=19&action=elementor" "Mozilla/5.0 (Windows NT 10.0; Win64; x64) AppleWebKit/537.36 (KHTML, like Gecko) Chrome/142.0.0.0 Safari/537.36"
197.79.64.234 - - [07/Nov/2025:09:38:43 +0200] "GET /wp-json/elementor/v1/checklist/user-progress HTTP/1.1" 403 90 "https://makhado.squareroot.co.za/wp-admin/post.php?post=19&action=elementor" "Mozilla/5.0 (Windows NT 10.0; Win64; x64) AppleWebKit/537.36 (KHTML, like Gecko) Chrome/142.0.0.0 Safari/537.36"
197.79.64.234 - - [07/Nov/2025:09:38:44 +0200] "POST /wp-admin/admin-ajax.php HTTP/1.1" 200 77 "https://makhado.squareroot.co.za/wp-admin/post.php?post=19&action=elementor" "Mozilla/5.0 (Windows NT 10.0; Win64; x64) AppleWebKit/537.36 (KHTML, like Gecko) Chrome/142.0.0.0 Safari/537.36"
197.79.64.234 - - [07/Nov/2025:09:38:46 +0200] "GET /wp-json/elementor/v1/checklist/user-progress HTTP/1.1" 403 90 "https://makhado.squareroot.co.za/wp-admin/post.php?post=19&action=elementor" "Mozilla/5.0 (Windows NT 10.0; Win64; x64) AppleWebKit/537.36 (KHTML, like Gecko) Chrome/142.0.0.0 Safari/537.36"
197.79.64.234 - - [07/Nov/2025:09:38:51 +0200] "GET /wp-json/elementor/v1/checklist/user-progress HTTP/1.1" 403 90 "https://makhado.squareroot.co.za/wp-admin/post.php?post=19&action=elementor" "Mozilla/5.0 (Windows NT 10.0; Win64; x64) AppleWebKit/537.36 (KHTML, like Gecko) Chrome/142.0.0.0 Safari/537.36"
197.79.64.234 - - [07/Nov/2025:09:38:58 +0200] "GET /wp-json/elementor/v1/checklist/user-progress HTTP/1.1" 403 90 "https://makhado.squareroot.co.za/wp-admin/post.php?post=19&action=elementor" "Mozilla/5.0 (Windows NT 10.0; Win64; x64) AppleWebKit/537.36 (KHTML, like Gecko) Chrome/142.0.0.0 Safari/537.36"
197.79.64.234 - - [07/Nov/2025:09:38:59 +0200] "POST /wp-admin/admin-ajax.php HTTP/1.1" 200 77 "https://makhado.squareroot.co.za/wp-admin/post.php?post=19&action=elementor" "Mozilla/5.0 (Windows NT 10.0; Win64; x64) AppleWebKit/537.36 (KHTML, like Gecko) Chrome/142.0.0.0 Safari/537.36"
197.79.64.234 - - [07/Nov/2025:09:39:15 +0200] "POST /wp-admin/admin-ajax.php HTTP/1.1" 200 77 "https://makhado.squareroot.co.za/wp-admin/post.php?post=19&action=elementor" "Mozilla/5.0 (Windows NT 10.0; Win64; x64) AppleWebKit/537.36 (KHTML, like Gecko) Chrome/142.0.0.0 Safari/537.36"
197.79.64.234 - - [07/Nov/2025:09:39:30 +0200] "POST /wp-admin/admin-ajax.php HTTP/1.1" 200 77 "https://makhado.squareroot.co.za/wp-admin/post.php?post=19&action=elementor" "Mozilla/5.0 (Windows NT 10.0; Win64; x64) AppleWebKit/537.36 (KHTML, like Gecko) Chrome/142.0.0.0 Safari/537.36"
197.79.64.234 - - [07/Nov/2025:09:39:29 +0200] "GET / HTTP/1.1" 200 228458 "-" "Mozilla/5.0 (Windows NT 10.0; Win64; x64) AppleWebKit/537.36 (KHTML, like Gecko) Chrome/142.0.0.0 Safari/537.36"
197.79.64.234 - - [07/Nov/2025:09:39:35 +0200] "GET /wp-content/uploads/2025/11/logo-32x32.png HTTP/1.1" 200 939 "https://makhado.squareroot.co.za/" "Mozilla/5.0 (Windows NT 10.0; Win64; x64) AppleWebKit/537.36 (KHTML, like Gecko) Chrome/142.0.0.0 Safari/537.36"
197.79.64.234 - - [07/Nov/2025:09:39:35 +0200] "GET /wp-json/wp/v2/users/me?context=edit&_locale=user HTTP/1.1" 401 96 "https://makhado.squareroot.co.za/" "Mozilla/5.0 (Windows NT 10.0; Win64; x64) AppleWebKit/537.36 (KHTML, like Gecko) Chrome/142.0.0.0 Safari/537.36"
197.79.64.234 - - [07/Nov/2025:09:39:35 +0200] "GET /wp-json/contact-form-7/v1/contact-forms/7/feedback/schema HTTP/1.1" 200 1476 "https://makhado.squareroot.co.za/" "Mozilla/5.0 (Windows NT 10.0; Win64; x64) AppleWebKit/537.36 (KHTML, like Gecko) Chrome/142.0.0.0 Safari/537.36"
169.1.20.187 - - [07/Nov/2025:09:40:23 +0200] "POST /wp-cron.php?doing_wp_cron=1762501222.9498829841613769531250 HTTP/1.1" 200 - "-" "WordPress/6.8.3; https://makhado.squareroot.co.za"
197.79.64.234 - - [07/Nov/2025:09:40:19 +0200] "POST /wp-admin/admin-ajax.php HTTP/1.1" 200 147 "https://makhado.squareroot.co.za/wp-admin/admin.php?page=revslider" "Mozilla/5.0 (Windows NT 10.0; Win64; x64) AppleWebKit/537.36 (KHTML, like Gecko) Chrome/142.0.0.0 Safari/537.36"
169.1.20.187 - - [07/Nov/2025:09:41:33 +0200] "POST /wp-cron.php?doing_wp_cron=1762501293.8756990432739257812500 HTTP/1.1" 200 - "-" "WordPress/6.8.3; https://makhado.squareroot.co.za"
197.79.64.234 - - [07/Nov/2025:09:41:30 +0200] "POST /wp-admin/admin-ajax.php HTTP/1.1" 200 77 "https://makhado.squareroot.co.za/wp-admin/post.php?post=19&action=elementor" "Mozilla/5.0 (Windows NT 10.0; Win64; x64) AppleWebKit/537.36 (KHTML, like Gecko) Chrome/142.0.0.0 Safari/537.36"
197.79.64.234 - - [07/Nov/2025:09:42:19 +0200] "GET /wp-content/plugins/revslider/admin/views/features/assets/templatesvideo_layer.jpeg HTTP/1.1" 200 8251 "https://makhado.squareroot.co.za/wp-admin/admin.php?page=revslider" "Mozilla/5.0 (Windows NT 10.0; Win64; x64) AppleWebKit/537.36 (KHTML, like Gecko) Chrome/142.0.0.0 Safari/537.36"
197.79.64.234 - - [07/Nov/2025:09:42:20 +0200] "GET /wp-content/plugins/revslider/admin/views/features/assets/templatesvideo.mp4 HTTP/1.1" 200 615471 "https://makhado.squareroot.co.za/wp-admin/admin.php?page=revslider" "Mozilla/5.0 (Windows NT 10.0; Win64; x64) AppleWebKit/537.36 (KHTML, like Gecko) Chrome/142.0.0.0 Safari/537.36"
197.79.64.234 - - [07/Nov/2025:09:42:20 +0200] "GET /wp-content/plugins/revslider/admin/views/features/assets/addonsvideo.mp4 HTTP/1.1" 200 288751 "https://makhado.squareroot.co.za/wp-admin/admin.php?page=revslider" "Mozilla/5.0 (Windows NT 10.0; Win64; x64) AppleWebKit/537.36 (KHTML, like Gecko) Chrome/142.0.0.0 Safari/537.36"
197.79.64.234 - - [07/Nov/2025:09:42:20 +0200] "GET /wp-content/plugins/revslider/admin/views/features/assets/library_video.mp4 HTTP/1.1" 200 282385 "https://makhado.squareroot.co.za/wp-admin/admin.php?page=revslider" "Mozilla/5.0 (Windows NT 10.0; Win64; x64) AppleWebKit/537.36 (KHTML, like Gecko) Chrome/142.0.0.0 Safari/537.36"
197.79.64.234 - - [07/Nov/2025:09:42:20 +0200] "GET /wp-content/plugins/revslider/admin/views/features/assets/supportvideo-1.mp4 HTTP/1.1" 200 196850 "https://makhado.squareroot.co.za/wp-admin/admin.php?page=revslider" "Mozilla/5.0 (Windows NT 10.0; Win64; x64) AppleWebKit/537.36 (KHTML, like Gecko) Chrome/142.0.0.0 Safari/537.36"
197.79.64.234 - - [07/Nov/2025:09:42:20 +0200] "GET /wp-content/plugins/revslider/admin/views/features/assets/templatesvideo.mp4 HTTP/1.1" 200 615471 "https://makhado.squareroot.co.za/wp-admin/admin.php?page=revslider" "Mozilla/5.0 (Windows NT 10.0; Win64; x64) AppleWebKit/537.36 (KHTML, like Gecko) Chrome/142.0.0.0 Safari/537.36"
197.79.64.234 - - [07/Nov/2025:09:42:20 +0200] "GET /wp-content/plugins/revslider/admin/views/features/assets/templatesvideo.mp4 HTTP/1.1" 200 615471 "https://makhado.squareroot.co.za/wp-admin/admin.php?page=revslider" "Mozilla/5.0 (Windows NT 10.0; Win64; x64) AppleWebKit/537.36 (KHTML, like Gecko) Chrome/142.0.0.0 Safari/537.36"
197.79.64.234 - - [07/Nov/2025:09:42:20 +0200] "GET /wp-content/plugins/revslider/admin/views/features/assets/addonsvideo.mp4 HTTP/1.1" 200 288751 "https://makhado.squareroot.co.za/wp-admin/admin.php?page=revslider" "Mozilla/5.0 (Windows NT 10.0; Win64; x64) AppleWebKit/537.36 (KHTML, like Gecko) Chrome/142.0.0.0 Safari/537.36"
169.1.20.187 - - [07/Nov/2025:09:42:22 +0200] "POST /wp-cron.php?doing_wp_cron=1762501342.2830851078033447265625 HTTP/1.1" 200 - "-" "WordPress/6.8.3; https://makhado.squareroot.co.za"
197.79.64.234 - - [07/Nov/2025:09:42:19 +0200] "POST /wp-admin/admin-ajax.php HTTP/1.1" 200 147 "https://makhado.squareroot.co.za/wp-admin/admin.php?page=revslider" "Mozilla/5.0 (Windows NT 10.0; Win64; x64) AppleWebKit/537.36 (KHTML, like Gecko) Chrome/142.0.0.0 Safari/537.36"
197.79.64.234 - - [07/Nov/2025:09:42:22 +0200] "GET /wp-content/plugins/revslider/admin/views/features/assets/library_video.mp4 HTTP/1.1" 200 282385 "https://makhado.squareroot.co.za/wp-admin/admin.php?page=revslider" "Mozilla/5.0 (Windows NT 10.0; Win64; x64) AppleWebKit/537.36 (KHTML, like Gecko) Chrome/142.0.0.0 Safari/537.36"
197.79.64.234 - - [07/Nov/2025:09:42:22 +0200] "GET /wp-content/plugins/revslider/admin/views/features/assets/addonsvideo.mp4 HTTP/1.1" 200 288751 "https://makhado.squareroot.co.za/wp-admin/admin.php?page=revslider" "Mozilla/5.0 (Windows NT 10.0; Win64; x64) AppleWebKit/537.36 (KHTML, like Gecko) Chrome/142.0.0.0 Safari/537.36"
197.79.64.234 - - [07/Nov/2025:09:42:22 +0200] "GET /wp-content/plugins/revslider/admin/views/features/assets/library_video.mp4 HTTP/1.1" 200 282385 "https://makhado.squareroot.co.za/wp-admin/admin.php?page=revslider" "Mozilla/5.0 (Windows NT 10.0; Win64; x64) AppleWebKit/537.36 (KHTML, like Gecko) Chrome/142.0.0.0 Safari/537.36"
197.79.64.234 - - [07/Nov/2025:09:42:20 +0200] "POST /wp-admin/admin-ajax.php HTTP/1.1" 200 77 "https://makhado.squareroot.co.za/wp-admin/post.php?post=19&action=elementor" "Mozilla/5.0 (Windows NT 10.0; Win64; x64) AppleWebKit/537.36 (KHTML, like Gecko) Chrome/142.0.0.0 Safari/537.36"
197.79.64.234 - - [07/Nov/2025:09:42:24 +0200] "GET /wp-includes/images/spinner.gif HTTP/1.1" 200 3656 "https://makhado.squareroot.co.za/wp-includes/css/media-views.min.css?ver=6.8.3" "Mozilla/5.0 (Windows NT 10.0; Win64; x64) AppleWebKit/537.36 (KHTML, like Gecko) Chrome/142.0.0.0 Safari/537.36"
197.79.64.234 - - [07/Nov/2025:09:42:20 +0200] "GET /wp-json/elementor/v1/checklist/user-progress HTTP/1.1" 403 90 "https://makhado.squareroot.co.za/wp-admin/post.php?post=19&action=elementor" "Mozilla/5.0 (Windows NT 10.0; Win64; x64) AppleWebKit/537.36 (KHTML, like Gecko) Chrome/142.0.0.0 Safari/537.36"
197.79.64.234 - - [07/Nov/2025:09:42:24 +0200] "POST /wp-admin/admin-ajax.php HTTP/1.1" 200 109254 "https://makhado.squareroot.co.za/wp-admin/post.php?post=19&action=elementor" "Mozilla/5.0 (Windows NT 10.0; Win64; x64) AppleWebKit/537.36 (KHTML, like Gecko) Chrome/142.0.0.0 Safari/537.36"
197.79.64.234 - - [07/Nov/2025:09:42:24 +0200] "POST /wp-admin/admin-ajax.php HTTP/1.1" 200 109254 "https://makhado.squareroot.co.za/wp-admin/post.php?post=19&action=elementor" "Mozilla/5.0 (Windows NT 10.0; Win64; x64) AppleWebKit/537.36 (KHTML, like Gecko) Chrome/142.0.0.0 Safari/537.36"
197.79.64.234 - - [07/Nov/2025:09:42:27 +0200] "GET /wp-content/uploads/2025/11/logo-300x300.png HTTP/1.1" 200 12361 "https://makhado.squareroot.co.za/wp-admin/post.php?post=19&action=elementor" "Mozilla/5.0 (Windows NT 10.0; Win64; x64) AppleWebKit/537.36 (KHTML, like Gecko) Chrome/142.0.0.0 Safari/537.36"
197.79.64.234 - - [07/Nov/2025:09:42:27 +0200] "GET /wp-content/uploads/2025/09/logo-white-300x300.png HTTP/1.1" 200 2834 "https://makhado.squareroot.co.za/wp-admin/post.php?post=19&action=elementor" "Mozilla/5.0 (Windows NT 10.0; Win64; x64) AppleWebKit/537.36 (KHTML, like Gecko) Chrome/142.0.0.0 Safari/537.36"
197.79.64.234 - - [07/Nov/2025:09:42:27 +0200] "GET /wp-content/uploads/2025/10/ptitle-bg1-300x148.jpg HTTP/1.1" 200 5179 "https://makhado.squareroot.co.za/wp-admin/post.php?post=19&action=elementor" "Mozilla/5.0 (Windows NT 10.0; Win64; x64) AppleWebKit/537.36 (KHTML, like Gecko) Chrome/142.0.0.0 Safari/537.36"
197.79.64.234 - - [07/Nov/2025:09:42:27 +0200] "GET /wp-content/uploads/2025/10/line-5-300x210.png HTTP/1.1" 200 1971 "https://makhado.squareroot.co.za/wp-admin/post.php?post=19&action=elementor" "Mozilla/5.0 (Windows NT 10.0; Win64; x64) AppleWebKit/537.36 (KHTML, like Gecko) Chrome/142.0.0.0 Safari/537.36"
197.79.64.234 - - [07/Nov/2025:09:42:27 +0200] "GET /wp-content/uploads/2025/10/home4-img-300x147.png HTTP/1.1" 200 14000 "https://makhado.squareroot.co.za/wp-admin/post.php?post=19&action=elementor" "Mozilla/5.0 (Windows NT 10.0; Win64; x64) AppleWebKit/537.36 (KHTML, like Gecko) Chrome/142.0.0.0 Safari/537.36"
197.79.64.234 - - [07/Nov/2025:09:42:27 +0200] "GET /wp-content/uploads/2025/10/home2-img-300x231.png HTTP/1.1" 200 31924 "https://makhado.squareroot.co.za/wp-admin/post.php?post=19&action=elementor" "Mozilla/5.0 (Windows NT 10.0; Win64; x64) AppleWebKit/537.36 (KHTML, like Gecko) Chrome/142.0.0.0 Safari/537.36"
197.79.64.234 - - [07/Nov/2025:09:42:27 +0200] "GET /wp-content/uploads/2025/10/home3-img-150x150.png HTTP/1.1" 200 23912 "https://makhado.squareroot.co.za/wp-admin/post.php?post=19&action=elementor" "Mozilla/5.0 (Windows NT 10.0; Win64; x64) AppleWebKit/537.36 (KHTML, like Gecko) Chrome/142.0.0.0 Safari/537.36"
197.79.64.234 - - [07/Nov/2025:09:42:27 +0200] "GET /wp-content/uploads/2025/10/home1-img-300x159.png HTTP/1.1" 200 27323 "https://makhado.squareroot.co.za/wp-admin/post.php?post=19&action=elementor" "Mozilla/5.0 (Windows NT 10.0; Win64; x64) AppleWebKit/537.36 (KHTML, like Gecko) Chrome/142.0.0.0 Safari/537.36"
197.79.64.234 - - [07/Nov/2025:09:42:27 +0200] "GET /wp-content/uploads/2025/10/yoast-seo-1.png HTTP/1.1" 200 1246 "https://makhado.squareroot.co.za/wp-admin/post.php?post=19&action=elementor" "Mozilla/5.0 (Windows NT 10.0; Win64; x64) AppleWebKit/537.36 (KHTML, like Gecko) Chrome/142.0.0.0 Safari/537.36"
197.79.64.234 - - [07/Nov/2025:09:42:27 +0200] "GET /wp-content/uploads/2025/10/woocomerce-1.png HTTP/1.1" 200 981 "https://makhado.squareroot.co.za/wp-admin/post.php?post=19&action=elementor" "Mozilla/5.0 (Windows NT 10.0; Win64; x64) AppleWebKit/537.36 (KHTML, like Gecko) Chrome/142.0.0.0 Safari/537.36"
197.79.64.234 - - [07/Nov/2025:09:42:27 +0200] "GET /wp-content/uploads/2025/10/ww3-total-cache-1.jpg HTTP/1.1" 200 1566 "https://makhado.squareroot.co.za/wp-admin/post.php?post=19&action=elementor" "Mozilla/5.0 (Windows NT 10.0; Win64; x64) AppleWebKit/537.36 (KHTML, like Gecko) Chrome/142.0.0.0 Safari/537.36"
197.79.64.234 - - [07/Nov/2025:09:42:27 +0200] "GET /wp-content/uploads/2025/10/wpml-1.png HTTP/1.1" 200 1147 "https://makhado.squareroot.co.za/wp-admin/post.php?post=19&action=elementor" "Mozilla/5.0 (Windows NT 10.0; Win64; x64) AppleWebKit/537.36 (KHTML, like Gecko) Chrome/142.0.0.0 Safari/537.36"
197.79.64.234 - - [07/Nov/2025:09:42:27 +0200] "GET /wp-content/uploads/2025/10/touch-one-click-1.png HTTP/1.1" 200 3066 "https://makhado.squareroot.co.za/wp-admin/post.php?post=19&action=elementor" "Mozilla/5.0 (Windows NT 10.0; Win64; x64) AppleWebKit/537.36 (KHTML, like Gecko) Chrome/142.0.0.0 Safari/537.36"
197.79.64.234 - - [07/Nov/2025:09:42:27 +0200] "GET /wp-content/uploads/2025/10/rtl-1.png HTTP/1.1" 200 1489 "https://makhado.squareroot.co.za/wp-admin/post.php?post=19&action=elementor" "Mozilla/5.0 (Windows NT 10.0; Win64; x64) AppleWebKit/537.36 (KHTML, like Gecko) Chrome/142.0.0.0 Safari/537.36"
197.79.64.234 - - [07/Nov/2025:09:42:27 +0200] "GET /wp-content/uploads/2025/10/update-1.png HTTP/1.1" 200 1282 "https://makhado.squareroot.co.za/wp-admin/post.php?post=19&action=elementor" "Mozilla/5.0 (Windows NT 10.0; Win64; x64) AppleWebKit/537.36 (KHTML, like Gecko) Chrome/142.0.0.0 Safari/537.36"
197.79.64.234 - - [07/Nov/2025:09:42:27 +0200] "GET /wp-content/uploads/2025/10/support-1.png HTTP/1.1" 200 2919 "https://makhado.squareroot.co.za/wp-admin/post.php?post=19&action=elementor" "Mozilla/5.0 (Windows NT 10.0; Win64; x64) AppleWebKit/537.36 (KHTML, like Gecko) Chrome/142.0.0.0 Safari/537.36"
197.79.64.234 - - [07/Nov/2025:09:42:27 +0200] "GET /wp-content/uploads/2025/10/rank-math-1.jpg HTTP/1.1" 200 1336 "https://makhado.squareroot.co.za/wp-admin/post.php?post=19&action=elementor" "Mozilla/5.0 (Windows NT 10.0; Win64; x64) AppleWebKit/537.36 (KHTML, like Gecko) Chrome/142.0.0.0 Safari/537.36"
197.79.64.234 - - [07/Nov/2025:09:42:27 +0200] "GET /wp-content/uploads/2025/10/slider-revolution-1.png HTTP/1.1" 200 878 "https://makhado.squareroot.co.za/wp-admin/post.php?post=19&action=elementor" "Mozilla/5.0 (Windows NT 10.0; Win64; x64) AppleWebKit/537.36 (KHTML, like Gecko) Chrome/142.0.0.0 Safari/537.36"
197.79.64.234 - - [07/Nov/2025:09:42:27 +0200] "GET /wp-content/uploads/2025/10/redux-1.jpg HTTP/1.1" 200 1430 "https://makhado.squareroot.co.za/wp-admin/post.php?post=19&action=elementor" "Mozilla/5.0 (Windows NT 10.0; Win64; x64) AppleWebKit/537.36 (KHTML, like Gecko) Chrome/142.0.0.0 Safari/537.36"
197.79.64.234 - - [07/Nov/2025:09:42:27 +0200] "GET /wp-content/uploads/2025/10/mega-menu-builder-1.png HTTP/1.1" 200 1137 "https://makhado.squareroot.co.za/wp-admin/post.php?post=19&action=elementor" "Mozilla/5.0 (Windows NT 10.0; Win64; x64) AppleWebKit/537.36 (KHTML, like Gecko) Chrome/142.0.0.0 Safari/537.36"
197.79.64.234 - - [07/Nov/2025:09:42:27 +0200] "GET /wp-content/uploads/2025/10/header-builder-1.png HTTP/1.1" 200 1197 "https://makhado.squareroot.co.za/wp-admin/post.php?post=19&action=elementor" "Mozilla/5.0 (Windows NT 10.0; Win64; x64) AppleWebKit/537.36 (KHTML, like Gecko) Chrome/142.0.0.0 Safari/537.36"
197.79.64.234 - - [07/Nov/2025:09:42:27 +0200] "GET /wp-content/uploads/2025/10/bg-landing2-300x258.jpg HTTP/1.1" 200 5060 "https://makhado.squareroot.co.za/wp-admin/post.php?post=19&action=elementor" "Mozilla/5.0 (Windows NT 10.0; Win64; x64) AppleWebKit/537.36 (KHTML, like Gecko) Chrome/142.0.0.0 Safari/537.36"
