197.79.64.234 - - [07/Nov/2025:10:17:31 +0200] "GET /wp-content/plugins/give/build/assets/dist/js/give-donation-summary.js?ver=4.13.0 HTTP/1.1" 304 - "https://makhado.squareroot.co.za/" "Mozilla/5.0 (Windows NT 10.0; Win64; x64) AppleWebKit/537.36 (KHTML, like Gecko) Chrome/142.0.0.0 Safari/537.36"
197.79.64.234 - - [07/Nov/2025:10:17:31 +0200] "GET /wp-content/plugins/elementor/assets/js/webpack.runtime.min.js?ver=3.32.5 HTTP/1.1" 304 - "https://makhado.squareroot.co.za/" "Mozilla/5.0 (Windows NT 10.0; Win64; x64) AppleWebKit/537.36 (KHTML, like Gecko) Chrome/142.0.0.0 Safari/537.36"
197.79.64.234 - - [07/Nov/2025:10:17:31 +0200] "GET /wp-content/plugins/contact-form-7/includes/swv/js/index.js?ver=6.1.3 HTTP/1.1" 304 - "https://makhado.squareroot.co.za/" "Mozilla/5.0 (Windows NT 10.0; Win64; x64) AppleWebKit/537.36 (KHTML, like Gecko) Chrome/142.0.0.0 Safari/537.36"
197.79.64.234 - - [07/Nov/2025:10:17:31 +0200] "GET /wp-content/plugins/elementor/assets/js/common.min.js?ver=3.32.5 HTTP/1.1" 304 - "https://makhado.squareroot.co.za/" "Mozilla/5.0 (Windows NT 10.0; Win64; x64) AppleWebKit/537.36 (KHTML, like Gecko) Chrome/142.0.0.0 Safari/537.36"
197.79.64.234 - - [07/Nov/2025:10:17:31 +0200] "GET /wp-content/plugins/elementor/assets/js/frontend-modules.min.js?ver=3.32.5 HTTP/1.1" 304 - "https://makhado.squareroot.co.za/" "Mozilla/5.0 (Windows NT 10.0; Win64; x64) AppleWebKit/537.36 (KHTML, like Gecko) Chrome/142.0.0.0 Safari/537.36"
197.79.64.234 - - [07/Nov/2025:10:17:31 +0200] "GET /wp-content/themes/maxcare/assets/js/libs/gsap.min.js?ver=3.5.0 HTTP/1.1" 304 - "https://makhado.squareroot.co.za/" "Mozilla/5.0 (Windows NT 10.0; Win64; x64) AppleWebKit/537.36 (KHTML, like Gecko) Chrome/142.0.0.0 Safari/537.36"
197.79.64.234 - - [07/Nov/2025:10:17:31 +0200] "GET /wp-content/plugins/elementor/assets/js/frontend.min.js?ver=3.32.5 HTTP/1.1" 304 - "https://makhado.squareroot.co.za/" "Mozilla/5.0 (Windows NT 10.0; Win64; x64) AppleWebKit/537.36 (KHTML, like Gecko) Chrome/142.0.0.0 Safari/537.36"
197.79.64.234 - - [07/Nov/2025:10:17:31 +0200] "GET /wp-content/plugins/contact-form-7/includes/js/index.js?ver=6.1.3 HTTP/1.1" 304 - "https://makhado.squareroot.co.za/" "Mozilla/5.0 (Windows NT 10.0; Win64; x64) AppleWebKit/537.36 (KHTML, like Gecko) Chrome/142.0.0.0 Safari/537.36"
197.79.64.234 - - [07/Nov/2025:10:17:31 +0200] "GET /wp-content/themes/maxcare/assets/js/libs/scroll-trigger.js?ver=3.10.5 HTTP/1.1" 304 - "https://makhado.squareroot.co.za/" "Mozilla/5.0 (Windows NT 10.0; Win64; x64) AppleWebKit/537.36 (KHTML, like Gecko) Chrome/142.0.0.0 Safari/537.36"
197.79.64.234 - - [07/Nov/2025:10:17:31 +0200] "GET /wp-content/plugins/woo-smart-compare/assets/js/frontend.js?ver=6.5.2 HTTP/1.1" 304 - "https://makhado.squareroot.co.za/" "Mozilla/5.0 (Windows NT 10.0; Win64; x64) AppleWebKit/537.36 (KHTML, like Gecko) Chrome/142.0.0.0 Safari/537.36"
197.79.64.234 - - [07/Nov/2025:10:17:31 +0200] "GET /wp-content/themes/maxcare/elements/widgets/js/elementor.js?ver=1.0.0 HTTP/1.1" 304 - "https://makhado.squareroot.co.za/" "Mozilla/5.0 (Windows NT 10.0; Win64; x64) AppleWebKit/537.36 (KHTML, like Gecko) Chrome/142.0.0.0 Safari/537.36"
197.79.64.234 - - [07/Nov/2025:10:17:31 +0200] "GET /wp-content/themes/maxcare/assets/js/libs/observer.js HTTP/1.1" 304 - "https://makhado.squareroot.co.za/" "Mozilla/5.0 (Windows NT 10.0; Win64; x64) AppleWebKit/537.36 (KHTML, like Gecko) Chrome/142.0.0.0 Safari/537.36"
197.79.64.234 - - [07/Nov/2025:10:17:31 +0200] "GET /wp-content/themes/maxcare/assets/js/libs/magnific-popup.min.js?ver=1.1.0 HTTP/1.1" 304 - "https://makhado.squareroot.co.za/" "Mozilla/5.0 (Windows NT 10.0; Win64; x64) AppleWebKit/537.36 (KHTML, like Gecko) Chrome/142.0.0.0 Safari/537.36"
197.79.64.234 - - [07/Nov/2025:10:17:31 +0200] "GET /wp-content/themes/maxcare/elements/widgets/js/pxl-carousel-hero.js?ver=1.0.0 HTTP/1.1" 304 - "https://makhado.squareroot.co.za/" "Mozilla/5.0 (Windows NT 10.0; Win64; x64) AppleWebKit/537.36 (KHTML, like Gecko) Chrome/142.0.0.0 Safari/537.36"
197.79.64.234 - - [07/Nov/2025:10:17:31 +0200] "GET /wp-content/plugins/woo-smart-compare/assets/libs/print/jQuery.print.js?ver=6.5.2 HTTP/1.1" 304 - "https://makhado.squareroot.co.za/" "Mozilla/5.0 (Windows NT 10.0; Win64; x64) AppleWebKit/537.36 (KHTML, like Gecko) Chrome/142.0.0.0 Safari/537.36"
197.79.64.234 - - [07/Nov/2025:10:17:31 +0200] "GET /wp-content/plugins/woo-smart-compare/assets/libs/table-head-fixer/table-head-fixer.js?ver=6.5.2 HTTP/1.1" 304 - "https://makhado.squareroot.co.za/" "Mozilla/5.0 (Windows NT 10.0; Win64; x64) AppleWebKit/537.36 (KHTML, like Gecko) Chrome/142.0.0.0 Safari/537.36"
197.79.64.234 - - [07/Nov/2025:10:17:31 +0200] "GET /wp-content/plugins/woo-smart-wishlist/assets/js/frontend.js?ver=5.0.6 HTTP/1.1" 304 - "https://makhado.squareroot.co.za/" "Mozilla/5.0 (Windows NT 10.0; Win64; x64) AppleWebKit/537.36 (KHTML, like Gecko) Chrome/142.0.0.0 Safari/537.36"
197.79.64.234 - - [07/Nov/2025:10:17:31 +0200] "GET /wp-content/plugins/woo-smart-compare/assets/libs/perfect-scrollbar/js/perfect-scrollbar.jquery.min.js?ver=6.5.2 HTTP/1.1" 304 - "https://makhado.squareroot.co.za/" "Mozilla/5.0 (Windows NT 10.0; Win64; x64) AppleWebKit/537.36 (KHTML, like Gecko) Chrome/142.0.0.0 Safari/537.36"
197.79.64.234 - - [07/Nov/2025:10:17:31 +0200] "GET /wp-includes/js/jquery/ui/sortable.min.js?ver=1.13.3 HTTP/1.1" 304 - "https://makhado.squareroot.co.za/" "Mozilla/5.0 (Windows NT 10.0; Win64; x64) AppleWebKit/537.36 (KHTML, like Gecko) Chrome/142.0.0.0 Safari/537.36"
197.79.64.234 - - [07/Nov/2025:10:17:31 +0200] "GET /wp-content/themes/maxcare/assets/js/libs/nice-select.min.js?ver=all HTTP/1.1" 304 - "https://makhado.squareroot.co.za/" "Mozilla/5.0 (Windows NT 10.0; Win64; x64) AppleWebKit/537.36 (KHTML, like Gecko) Chrome/142.0.0.0 Safari/537.36"
197.79.64.234 - - [07/Nov/2025:10:17:31 +0200] "GET /wp-content/themes/maxcare/assets/js/libs/modernizr.min.js?ver=all HTTP/1.1" 304 - "https://makhado.squareroot.co.za/" "Mozilla/5.0 (Windows NT 10.0; Win64; x64) AppleWebKit/537.36 (KHTML, like Gecko) Chrome/142.0.0.0 Safari/537.36"
197.79.64.234 - - [07/Nov/2025:10:17:31 +0200] "GET /wp-content/themes/maxcare/assets/js/libs/tilt.min.js?ver=1.0.0 HTTP/1.1" 304 - "https://makhado.squareroot.co.za/" "Mozilla/5.0 (Windows NT 10.0; Win64; x64) AppleWebKit/537.36 (KHTML, like Gecko) Chrome/142.0.0.0 Safari/537.36"
197.79.64.234 - - [07/Nov/2025:10:17:31 +0200] "GET /wp-content/themes/maxcare/assets/js/libs/slick.min.js?ver=1.0.0 HTTP/1.1" 304 - "https://makhado.squareroot.co.za/" "Mozilla/5.0 (Windows NT 10.0; Win64; x64) AppleWebKit/537.36 (KHTML, like Gecko) Chrome/142.0.0.0 Safari/537.36"
197.79.64.234 - - [07/Nov/2025:10:17:31 +0200] "GET /wp-content/themes/maxcare/assets/js/libs/wow.min.js?ver=1.0.0 HTTP/1.1" 304 - "https://makhado.squareroot.co.za/" "Mozilla/5.0 (Windows NT 10.0; Win64; x64) AppleWebKit/537.36 (KHTML, like Gecko) Chrome/142.0.0.0 Safari/537.36"
197.79.64.234 - - [07/Nov/2025:10:17:31 +0200] "GET /wp-content/themes/maxcare/assets/js/libs/flip.min.js?ver=all HTTP/1.1" 304 - "https://makhado.squareroot.co.za/" "Mozilla/5.0 (Windows NT 10.0; Win64; x64) AppleWebKit/537.36 (KHTML, like Gecko) Chrome/142.0.0.0 Safari/537.36"
197.79.64.234 - - [07/Nov/2025:10:17:31 +0200] "GET /wp-content/themes/maxcare/assets/js/libs/split-text.js?ver=all HTTP/1.1" 304 - "https://makhado.squareroot.co.za/" "Mozilla/5.0 (Windows NT 10.0; Win64; x64) AppleWebKit/537.36 (KHTML, like Gecko) Chrome/142.0.0.0 Safari/537.36"
197.79.64.234 - - [07/Nov/2025:10:17:31 +0200] "GET /wp-content/themes/maxcare/assets/js/libs/snap.svg-min.js?ver=all HTTP/1.1" 304 - "https://makhado.squareroot.co.za/" "Mozilla/5.0 (Windows NT 10.0; Win64; x64) AppleWebKit/537.36 (KHTML, like Gecko) Chrome/142.0.0.0 Safari/537.36"
197.79.64.234 - - [07/Nov/2025:10:17:31 +0200] "GET /wp-content/themes/maxcare/assets/js/libs/scrolltoplugin.js?ver=all HTTP/1.1" 304 - "https://makhado.squareroot.co.za/" "Mozilla/5.0 (Windows NT 10.0; Win64; x64) AppleWebKit/537.36 (KHTML, like Gecko) Chrome/142.0.0.0 Safari/537.36"
197.79.64.234 - - [07/Nov/2025:10:17:31 +0200] "GET /wp-content/themes/maxcare/assets/js/libs/parallax-background.js?ver=1.0.0 HTTP/1.1" 304 - "https://makhado.squareroot.co.za/" "Mozilla/5.0 (Windows NT 10.0; Win64; x64) AppleWebKit/537.36 (KHTML, like Gecko) Chrome/142.0.0.0 Safari/537.36"
197.79.64.234 - - [07/Nov/2025:10:17:31 +0200] "GET /wp-content/themes/maxcare/woocommerce/js/woocommerce.js?ver=1.0.0 HTTP/1.1" 304 - "https://makhado.squareroot.co.za/" "Mozilla/5.0 (Windows NT 10.0; Win64; x64) AppleWebKit/537.36 (KHTML, like Gecko) Chrome/142.0.0.0 Safari/537.36"
197.79.64.234 - - [07/Nov/2025:10:17:31 +0200] "GET /wp-content/themes/maxcare/assets/js/libs/tweenmax.min.js?ver=2.1.2 HTTP/1.1" 304 - "https://makhado.squareroot.co.za/" "Mozilla/5.0 (Windows NT 10.0; Win64; x64) AppleWebKit/537.36 (KHTML, like Gecko) Chrome/142.0.0.0 Safari/537.36"
197.79.64.234 - - [07/Nov/2025:10:17:31 +0200] "GET /wp-content/themes/maxcare/assets/js/libs/parallax-scroll.js?ver=1.0.0 HTTP/1.1" 304 - "https://makhado.squareroot.co.za/" "Mozilla/5.0 (Windows NT 10.0; Win64; x64) AppleWebKit/537.36 (KHTML, like Gecko) Chrome/142.0.0.0 Safari/537.36"
197.79.64.234 - - [07/Nov/2025:10:17:31 +0200] "GET /wp-content/themes/maxcare/assets/js/libs/gsap.min.js?ver=all HTTP/1.1" 304 - "https://makhado.squareroot.co.za/" "Mozilla/5.0 (Windows NT 10.0; Win64; x64) AppleWebKit/537.36 (KHTML, like Gecko) Chrome/142.0.0.0 Safari/537.36"
197.79.64.234 - - [07/Nov/2025:10:17:31 +0200] "GET /wp-content/plugins/woocommerce/assets/js/sourcebuster/sourcebuster.min.js?ver=10.3.4 HTTP/1.1" 304 - "https://makhado.squareroot.co.za/" "Mozilla/5.0 (Windows NT 10.0; Win64; x64) AppleWebKit/537.36 (KHTML, like Gecko) Chrome/142.0.0.0 Safari/537.36"
197.79.64.234 - - [07/Nov/2025:10:17:31 +0200] "GET /wp-content/themes/maxcare/assets/js/theme.js?ver=1.0.0 HTTP/1.1" 304 - "https://makhado.squareroot.co.za/" "Mozilla/5.0 (Windows NT 10.0; Win64; x64) AppleWebKit/537.36 (KHTML, like Gecko) Chrome/142.0.0.0 Safari/537.36"
197.79.64.234 - - [07/Nov/2025:10:17:31 +0200] "GET /wp-content/plugins/elementor/assets/lib/jquery-numerator/jquery-numerator.min.js?ver=0.2.1 HTTP/1.1" 304 - "https://makhado.squareroot.co.za/" "Mozilla/5.0 (Windows NT 10.0; Win64; x64) AppleWebKit/537.36 (KHTML, like Gecko) Chrome/142.0.0.0 Safari/537.36"
197.79.64.234 - - [07/Nov/2025:10:17:31 +0200] "GET /wp-content/themes/maxcare/assets/js/libs/bodyscrolllock.min.js?ver=all HTTP/1.1" 304 - "https://makhado.squareroot.co.za/" "Mozilla/5.0 (Windows NT 10.0; Win64; x64) AppleWebKit/537.36 (KHTML, like Gecko) Chrome/142.0.0.0 Safari/537.36"
197.79.64.234 - - [07/Nov/2025:10:17:31 +0200] "GET /wp-content/themes/maxcare/assets/js/libs/datetimepicker.pxl.js?ver=1.0.0 HTTP/1.1" 304 - "https://makhado.squareroot.co.za/" "Mozilla/5.0 (Windows NT 10.0; Win64; x64) AppleWebKit/537.36 (KHTML, like Gecko) Chrome/142.0.0.0 Safari/537.36"
197.79.64.234 - - [07/Nov/2025:10:17:31 +0200] "GET /wp-content/plugins/woocommerce/assets/js/frontend/order-attribution.min.js?ver=10.3.4 HTTP/1.1" 304 - "https://makhado.squareroot.co.za/" "Mozilla/5.0 (Windows NT 10.0; Win64; x64) AppleWebKit/537.36 (KHTML, like Gecko) Chrome/142.0.0.0 Safari/537.36"
197.79.64.234 - - [07/Nov/2025:10:17:31 +0200] "GET /wp-content/themes/maxcare/elements/widgets/js/pxl-boxes.js?ver=1.0.0 HTTP/1.1" 304 - "https://makhado.squareroot.co.za/" "Mozilla/5.0 (Windows NT 10.0; Win64; x64) AppleWebKit/537.36 (KHTML, like Gecko) Chrome/142.0.0.0 Safari/537.36"
197.79.64.234 - - [07/Nov/2025:10:17:31 +0200] "GET /wp-content/themes/maxcare/elements/widgets/js/counter.js?ver=1.0.0 HTTP/1.1" 304 - "https://makhado.squareroot.co.za/" "Mozilla/5.0 (Windows NT 10.0; Win64; x64) AppleWebKit/537.36 (KHTML, like Gecko) Chrome/142.0.0.0 Safari/537.36"
197.79.64.234 - - [07/Nov/2025:10:17:31 +0200] "GET /wp-content/plugins/case-addons/assets/js/libs/counter.min.js?ver=6.8.3 HTTP/1.1" 304 - "https://makhado.squareroot.co.za/" "Mozilla/5.0 (Windows NT 10.0; Win64; x64) AppleWebKit/537.36 (KHTML, like Gecko) Chrome/142.0.0.0 Safari/537.36"
197.79.64.234 - - [07/Nov/2025:10:17:31 +0200] "GET /wp-content/themes/maxcare/assets/js/libs/datetimepicker.min.js?ver=2.3.7 HTTP/1.1" 304 - "https://makhado.squareroot.co.za/" "Mozilla/5.0 (Windows NT 10.0; Win64; x64) AppleWebKit/537.36 (KHTML, like Gecko) Chrome/142.0.0.0 Safari/537.36"
197.79.64.234 - - [07/Nov/2025:10:17:31 +0200] "GET /wp-includes/js/hoverintent-js.min.js?ver=2.2.1 HTTP/1.1" 304 - "https://makhado.squareroot.co.za/" "Mozilla/5.0 (Windows NT 10.0; Win64; x64) AppleWebKit/537.36 (KHTML, like Gecko) Chrome/142.0.0.0 Safari/537.36"
197.79.64.234 - - [07/Nov/2025:10:17:31 +0200] "GET /wp-content/plugins/elementor/assets/js/elementor-admin-bar.min.js?ver=3.32.5 HTTP/1.1" 200 7353 "https://makhado.squareroot.co.za/" "Mozilla/5.0 (Windows NT 10.0; Win64; x64) AppleWebKit/537.36 (KHTML, like Gecko) Chrome/142.0.0.0 Safari/537.36"
197.79.64.234 - - [07/Nov/2025:10:17:31 +0200] "GET /wp-content/themes/maxcare/assets/js/libs/cookie.js?ver=1.4.1 HTTP/1.1" 304 - "https://makhado.squareroot.co.za/" "Mozilla/5.0 (Windows NT 10.0; Win64; x64) AppleWebKit/537.36 (KHTML, like Gecko) Chrome/142.0.0.0 Safari/537.36"
197.79.64.234 - - [07/Nov/2025:10:17:31 +0200] "GET /wp-includes/js/admin-bar.min.js?ver=6.8.3 HTTP/1.1" 304 - "https://makhado.squareroot.co.za/" "Mozilla/5.0 (Windows NT 10.0; Win64; x64) AppleWebKit/537.36 (KHTML, like Gecko) Chrome/142.0.0.0 Safari/537.36"
197.79.64.234 - - [07/Nov/2025:10:17:31 +0200] "GET /wp-content/plugins/woocommerce/assets/js/jquery-blockui/jquery.blockUI.min.js?ver=2.7.0-wc.10.3.4 HTTP/1.1" 304 - "https://makhado.squareroot.co.za/" "Mozilla/5.0 (Windows NT 10.0; Win64; x64) AppleWebKit/537.36 (KHTML, like Gecko) Chrome/142.0.0.0 Safari/537.36"
197.79.64.234 - - [07/Nov/2025:10:17:31 +0200] "GET /wp-content/plugins/revslider/public/js/libs/tptools.js?ver=6.7.38 HTTP/1.1" 304 - "https://makhado.squareroot.co.za/" "Mozilla/5.0 (Windows NT 10.0; Win64; x64) AppleWebKit/537.36 (KHTML, like Gecko) Chrome/142.0.0.0 Safari/537.36"
197.79.64.234 - - [07/Nov/2025:10:17:31 +0200] "GET /wp-content/plugins/revslider/public/js/sr7.js?ver=6.7.38 HTTP/1.1" 304 - "https://makhado.squareroot.co.za/" "Mozilla/5.0 (Windows NT 10.0; Win64; x64) AppleWebKit/537.36 (KHTML, like Gecko) Chrome/142.0.0.0 Safari/537.36"
197.79.64.234 - - [07/Nov/2025:10:17:32 +0200] "GET /wp-content/plugins/elementor/assets/lib/font-awesome/webfonts/fa-regular-400.woff2 HTTP/1.1" 304 - "https://makhado.squareroot.co.za/wp-content/plugins/elementor/assets/lib/font-awesome/css/all.min.css?ver=5.15.3" "Mozilla/5.0 (Windows NT 10.0; Win64; x64) AppleWebKit/537.36 (KHTML, like Gecko) Chrome/142.0.0.0 Safari/537.36"
197.79.64.234 - - [07/Nov/2025:10:17:32 +0200] "GET /wp-content/uploads/2025/08/bg-ptitle1.jpg HTTP/1.1" 304 - "https://makhado.squareroot.co.za/" "Mozilla/5.0 (Windows NT 10.0; Win64; x64) AppleWebKit/537.36 (KHTML, like Gecko) Chrome/142.0.0.0 Safari/537.36"
197.79.64.234 - - [07/Nov/2025:10:17:32 +0200] "GET /wp-content/uploads/2025/08/slide-overlay1.png HTTP/1.1" 304 - "https://makhado.squareroot.co.za/" "Mozilla/5.0 (Windows NT 10.0; Win64; x64) AppleWebKit/537.36 (KHTML, like Gecko) Chrome/142.0.0.0 Safari/537.36"
197.79.64.234 - - [07/Nov/2025:10:17:32 +0200] "GET /wp-content/uploads/2025/08/bg-slide2.jpg HTTP/1.1" 304 - "https://makhado.squareroot.co.za/" "Mozilla/5.0 (Windows NT 10.0; Win64; x64) AppleWebKit/537.36 (KHTML, like Gecko) Chrome/142.0.0.0 Safari/537.36"
197.79.64.234 - - [07/Nov/2025:10:17:32 +0200] "GET /wp-content/plugins/woocommerce/assets/js/frontend/add-to-cart.min.js?ver=10.3.4 HTTP/1.1" 304 - "https://makhado.squareroot.co.za/" "Mozilla/5.0 (Windows NT 10.0; Win64; x64) AppleWebKit/537.36 (KHTML, like Gecko) Chrome/142.0.0.0 Safari/537.36"
197.79.64.234 - - [07/Nov/2025:10:17:32 +0200] "GET /wp-content/plugins/elementor/assets/lib/font-awesome/webfonts/fa-solid-900.woff2 HTTP/1.1" 304 - "https://makhado.squareroot.co.za/wp-content/plugins/elementor/assets/lib/font-awesome/css/all.min.css?ver=5.15.3" "Mozilla/5.0 (Windows NT 10.0; Win64; x64) AppleWebKit/537.36 (KHTML, like Gecko) Chrome/142.0.0.0 Safari/537.36"
197.79.64.234 - - [07/Nov/2025:10:17:32 +0200] "GET /wp-content/plugins/woocommerce/assets/css/woocommerce-smallscreen.css?ver=10.3.4 HTTP/1.1" 304 - "https://makhado.squareroot.co.za/" "Mozilla/5.0 (Windows NT 10.0; Win64; x64) AppleWebKit/537.36 (KHTML, like Gecko) Chrome/142.0.0.0 Safari/537.36"
197.79.64.234 - - [07/Nov/2025:10:17:32 +0200] "GET /wp-content/uploads/2025/08/bg-slide3.jpg HTTP/1.1" 304 - "https://makhado.squareroot.co.za/" "Mozilla/5.0 (Windows NT 10.0; Win64; x64) AppleWebKit/537.36 (KHTML, like Gecko) Chrome/142.0.0.0 Safari/537.36"
197.79.64.234 - - [07/Nov/2025:10:17:32 +0200] "GET /wp-content/plugins/woocommerce/assets/js/frontend/woocommerce.min.js?ver=10.3.4 HTTP/1.1" 304 - "https://makhado.squareroot.co.za/" "Mozilla/5.0 (Windows NT 10.0; Win64; x64) AppleWebKit/537.36 (KHTML, like Gecko) Chrome/142.0.0.0 Safari/537.36"
197.79.64.234 - - [07/Nov/2025:10:17:32 +0200] "GET /wp-content/plugins/elementor/assets/lib/font-awesome/webfonts/fa-brands-400.woff2 HTTP/1.1" 304 - "https://makhado.squareroot.co.za/wp-content/plugins/elementor/assets/lib/font-awesome/css/all.min.css?ver=5.15.3" "Mozilla/5.0 (Windows NT 10.0; Win64; x64) AppleWebKit/537.36 (KHTML, like Gecko) Chrome/142.0.0.0 Safari/537.36"
197.79.64.234 - - [07/Nov/2025:10:17:32 +0200] "GET /wp-content/plugins/woo-smart-compare/assets/images/share.svg HTTP/1.1" 304 - "https://makhado.squareroot.co.za/wp-content/plugins/woo-smart-compare/assets/css/frontend.css?ver=6.5.2" "Mozilla/5.0 (Windows NT 10.0; Win64; x64) AppleWebKit/537.36 (KHTML, like Gecko) Chrome/142.0.0.0 Safari/537.36"
197.79.64.234 - - [07/Nov/2025:10:17:32 +0200] "GET /wp-content/plugins/woo-smart-compare/assets/images/remove-dark.svg HTTP/1.1" 304 - "https://makhado.squareroot.co.za/wp-content/plugins/woo-smart-compare/assets/css/frontend.css?ver=6.5.2" "Mozilla/5.0 (Windows NT 10.0; Win64; x64) AppleWebKit/537.36 (KHTML, like Gecko) Chrome/142.0.0.0 Safari/537.36"
197.79.64.234 - - [07/Nov/2025:10:17:32 +0200] "GET /wp-content/plugins/woo-smart-compare/assets/images/curve.svg HTTP/1.1" 304 - "https://makhado.squareroot.co.za/wp-content/plugins/woo-smart-compare/assets/css/frontend.css?ver=6.5.2" "Mozilla/5.0 (Windows NT 10.0; Win64; x64) AppleWebKit/537.36 (KHTML, like Gecko) Chrome/142.0.0.0 Safari/537.36"
197.79.64.234 - - [07/Nov/2025:10:17:32 +0200] "GET /wp-content/plugins/woo-smart-compare/assets/images/close.svg HTTP/1.1" 304 - "https://makhado.squareroot.co.za/wp-content/plugins/woo-smart-compare/assets/css/frontend.css?ver=6.5.2" "Mozilla/5.0 (Windows NT 10.0; Win64; x64) AppleWebKit/537.36 (KHTML, like Gecko) Chrome/142.0.0.0 Safari/537.36"
197.79.64.234 - - [07/Nov/2025:10:17:32 +0200] "GET /wp-content/plugins/woocommerce/assets/fonts/Inter-VariableFont_slnt,wght.woff2 HTTP/1.1" 304 - "https://makhado.squareroot.co.za/" "Mozilla/5.0 (Windows NT 10.0; Win64; x64) AppleWebKit/537.36 (KHTML, like Gecko) Chrome/142.0.0.0 Safari/537.36"
197.79.64.234 - - [07/Nov/2025:10:17:32 +0200] "GET /wp-content/themes/maxcare/assets/fonts/caseicon/caseicon.woff2 HTTP/1.1" 304 - "https://makhado.squareroot.co.za/wp-content/themes/maxcare/assets/css/caseicon.css?ver=1.0.0" "Mozilla/5.0 (Windows NT 10.0; Win64; x64) AppleWebKit/537.36 (KHTML, like Gecko) Chrome/142.0.0.0 Safari/537.36"
197.79.64.234 - - [07/Nov/2025:10:17:32 +0200] "GET /wp-content/plugins/woo-smart-compare/assets/images/add.svg HTTP/1.1" 304 - "https://makhado.squareroot.co.za/wp-content/plugins/woo-smart-compare/assets/css/frontend.css?ver=6.5.2" "Mozilla/5.0 (Windows NT 10.0; Win64; x64) AppleWebKit/537.36 (KHTML, like Gecko) Chrome/142.0.0.0 Safari/537.36"
197.79.64.234 - - [07/Nov/2025:10:17:32 +0200] "GET /wp-json/wp/v2/users/me?context=edit&_locale=user HTTP/1.1" 200 6765 "https://makhado.squareroot.co.za/" "Mozilla/5.0 (Windows NT 10.0; Win64; x64) AppleWebKit/537.36 (KHTML, like Gecko) Chrome/142.0.0.0 Safari/537.36"
197.79.64.234 - - [07/Nov/2025:10:17:36 +0200] "GET /wp-includes/js/wp-emoji-release.min.js?ver=6.8.3 HTTP/1.1" 304 - "https://makhado.squareroot.co.za/" "Mozilla/5.0 (Windows NT 10.0; Win64; x64) AppleWebKit/537.36 (KHTML, like Gecko) Chrome/142.0.0.0 Safari/537.36"
197.79.64.234 - - [07/Nov/2025:10:17:36 +0200] "GET /wp-content/plugins/elementor/assets/lib/eicons/fonts/eicons.woff2?5.44.0 HTTP/1.1" 304 - "https://makhado.squareroot.co.za/wp-content/plugins/elementor/assets/lib/eicons/css/elementor-icons.min.css?ver=5.44.0" "Mozilla/5.0 (Windows NT 10.0; Win64; x64) AppleWebKit/537.36 (KHTML, like Gecko) Chrome/142.0.0.0 Safari/537.36"
197.79.64.234 - - [07/Nov/2025:10:17:36 +0200] "GET /wp-content/plugins/elementor/assets/js/shared-frontend-handlers.4c8abccc3e268b0767b2.bundle.min.js HTTP/1.1" 304 - "https://makhado.squareroot.co.za/" "Mozilla/5.0 (Windows NT 10.0; Win64; x64) AppleWebKit/537.36 (KHTML, like Gecko) Chrome/142.0.0.0 Safari/537.36"
197.79.64.234 - - [07/Nov/2025:10:17:37 +0200] "GET /wp-content/uploads/2025/11/logo-32x32.png HTTP/1.1" 304 - "https://makhado.squareroot.co.za/" "Mozilla/5.0 (Windows NT 10.0; Win64; x64) AppleWebKit/537.36 (KHTML, like Gecko) Chrome/142.0.0.0 Safari/537.36"
197.79.64.234 - - [07/Nov/2025:10:17:36 +0200] "GET /wp-json/contact-form-7/v1/contact-forms/7/feedback/schema HTTP/1.1" 200 1476 "https://makhado.squareroot.co.za/" "Mozilla/5.0 (Windows NT 10.0; Win64; x64) AppleWebKit/537.36 (KHTML, like Gecko) Chrome/142.0.0.0 Safari/537.36"
169.1.20.187 - - [07/Nov/2025:10:17:57 +0200] "POST /wp-cron.php?doing_wp_cron=1762503477.0013101100921630859375 HTTP/1.1" 200 - "-" "WordPress/6.8.3; https://makhado.squareroot.co.za"
197.79.64.234 - - [07/Nov/2025:10:17:55 +0200] "GET / HTTP/1.1" 200 264914 "-" "Mozilla/5.0 (Windows NT 10.0; Win64; x64) AppleWebKit/537.36 (KHTML, like Gecko) Chrome/142.0.0.0 Safari/537.36"
197.79.64.234 - - [07/Nov/2025:10:17:58 +0200] "GET /wp-content/plugins/woo-smart-compare/assets/css/frontend.css.map HTTP/1.1" 200 6605 "-" "Mozilla/5.0 (Windows NT 10.0; Win64; x64) AppleWebKit/537.36 (KHTML, like Gecko) Chrome/142.0.0.0 Safari/537.36"
197.79.64.234 - - [07/Nov/2025:10:17:58 +0200] "GET /wp-content/plugins/woo-smart-wishlist/assets/css/frontend.css.map HTTP/1.1" 200 3272 "-" "Mozilla/5.0 (Windows NT 10.0; Win64; x64) AppleWebKit/537.36 (KHTML, like Gecko) Chrome/142.0.0.0 Safari/537.36"
197.79.64.234 - - [07/Nov/2025:10:18:14 +0200] "POST /wp-admin/admin-ajax.php HTTP/1.1" 200 147 "https://makhado.squareroot.co.za/wp-admin/upload.php" "Mozilla/5.0 (Windows NT 10.0; Win64; x64) AppleWebKit/537.36 (KHTML, like Gecko) Chrome/142.0.0.0 Safari/537.36"
169.1.20.187 - - [07/Nov/2025:10:18:47 +0200] "POST /wp-cron.php?doing_wp_cron=1762503527.4446599483489990234375 HTTP/1.1" 200 - "-" "WordPress/6.8.3; https://makhado.squareroot.co.za"
197.79.64.234 - - [07/Nov/2025:10:18:45 +0200] "GET /wp-content/uploads/2025/08/bg-slide3 HTTP/1.1" 404 216727 "-" "Mozilla/5.0 (Windows NT 10.0; Win64; x64) AppleWebKit/537.36 (KHTML, like Gecko) Chrome/142.0.0.0 Safari/537.36"
197.79.64.234 - - [07/Nov/2025:10:18:48 +0200] "GET /wp-includes/css/dashicons.min.css?ver=6.8.3 HTTP/1.1" 304 - "https://makhado.squareroot.co.za/wp-content/uploads/2025/08/bg-slide3" "Mozilla/5.0 (Windows NT 10.0; Win64; x64) AppleWebKit/537.36 (KHTML, like Gecko) Chrome/142.0.0.0 Safari/537.36"
197.79.64.234 - - [07/Nov/2025:10:18:48 +0200] "GET /wp-content/themes/maxcare/assets/img/logo-404.png HTTP/1.1" 200 4497 "https://makhado.squareroot.co.za/wp-content/uploads/2025/08/bg-slide3" "Mozilla/5.0 (Windows NT 10.0; Win64; x64) AppleWebKit/537.36 (KHTML, like Gecko) Chrome/142.0.0.0 Safari/537.36"
197.79.64.234 - - [07/Nov/2025:10:18:48 +0200] "GET /wp-content/themes/maxcare/assets/img/bg-404.jpg HTTP/1.1" 200 37100 "https://makhado.squareroot.co.za/wp-content/uploads/2025/08/bg-slide3" "Mozilla/5.0 (Windows NT 10.0; Win64; x64) AppleWebKit/537.36 (KHTML, like Gecko) Chrome/142.0.0.0 Safari/537.36"
197.79.64.234 - - [07/Nov/2025:10:18:48 +0200] "GET /wp-content/themes/maxcare/assets/js/libs/stellar-parallax.min.js?ver=0.6.2 HTTP/1.1" 200 12597 "https://makhado.squareroot.co.za/wp-content/uploads/2025/08/bg-slide3" "Mozilla/5.0 (Windows NT 10.0; Win64; x64) AppleWebKit/537.36 (KHTML, like Gecko) Chrome/142.0.0.0 Safari/537.36"
197.79.64.234 - - [07/Nov/2025:10:18:49 +0200] "POST /?wc-ajax=woosw_get_data HTTP/1.1" 200 265 "https://makhado.squareroot.co.za/wp-content/uploads/2025/08/bg-slide3" "Mozilla/5.0 (Windows NT 10.0; Win64; x64) AppleWebKit/537.36 (KHTML, like Gecko) Chrome/142.0.0.0 Safari/537.36"
197.79.64.234 - - [07/Nov/2025:10:18:49 +0200] "GET /wp-json/wp/v2/users/me?context=edit&_locale=user HTTP/1.1" 200 6765 "https://makhado.squareroot.co.za/wp-content/uploads/2025/08/bg-slide3" "Mozilla/5.0 (Windows NT 10.0; Win64; x64) AppleWebKit/537.36 (KHTML, like Gecko) Chrome/142.0.0.0 Safari/537.36"
197.79.64.234 - - [07/Nov/2025:10:19:24 +0200] "POST /wp-admin/admin-ajax.php HTTP/1.1" 200 77 "https://makhado.squareroot.co.za/wp-admin/post.php?post=19&action=elementor" "Mozilla/5.0 (Windows NT 10.0; Win64; x64) AppleWebKit/537.36 (KHTML, like Gecko) Chrome/142.0.0.0 Safari/537.36"
169.1.20.187 - - [07/Nov/2025:10:20:16 +0200] "POST /wp-cron.php?doing_wp_cron=1762503616.2924959659576416015625 HTTP/1.1" 200 - "-" "WordPress/6.8.3; https://makhado.squareroot.co.za"
197.79.64.234 - - [07/Nov/2025:10:20:14 +0200] "POST /wp-admin/admin-ajax.php HTTP/1.1" 200 147 "https://makhado.squareroot.co.za/wp-admin/upload.php" "Mozilla/5.0 (Windows NT 10.0; Win64; x64) AppleWebKit/537.36 (KHTML, like Gecko) Chrome/142.0.0.0 Safari/537.36"
169.1.20.187 - - [07/Nov/2025:10:21:16 +0200] "POST /wp-cron.php?doing_wp_cron=1762503676.0155479907989501953125 HTTP/1.1" 200 - "-" "WordPress/6.8.3; https://makhado.squareroot.co.za"
197.79.64.234 - - [07/Nov/2025:10:21:14 +0200] "POST /wp-admin/admin-ajax.php HTTP/1.1" 200 147 "https://makhado.squareroot.co.za/wp-admin/upload.php" "Mozilla/5.0 (Windows NT 10.0; Win64; x64) AppleWebKit/537.36 (KHTML, like Gecko) Chrome/142.0.0.0 Safari/537.36"
197.79.64.234 - - [07/Nov/2025:10:21:25 +0200] "POST /wp-admin/admin-ajax.php HTTP/1.1" 200 77 "https://makhado.squareroot.co.za/wp-admin/post.php?post=19&action=elementor" "Mozilla/5.0 (Windows NT 10.0; Win64; x64) AppleWebKit/537.36 (KHTML, like Gecko) Chrome/142.0.0.0 Safari/537.36"
169.1.20.187 - - [07/Nov/2025:10:23:17 +0200] "POST /wp-cron.php?doing_wp_cron=1762503797.3390569686889648437500 HTTP/1.1" 200 - "-" "WordPress/6.8.3; https://makhado.squareroot.co.za"
197.79.64.234 - - [07/Nov/2025:10:23:14 +0200] "POST /wp-admin/admin-ajax.php HTTP/1.1" 200 147 "https://makhado.squareroot.co.za/wp-admin/upload.php" "Mozilla/5.0 (Windows NT 10.0; Win64; x64) AppleWebKit/537.36 (KHTML, like Gecko) Chrome/142.0.0.0 Safari/537.36"
169.1.20.187 - - [07/Nov/2025:10:23:17 +0200] "POST /wp-admin/admin-ajax.php?action=as_async_request_queue_runner&nonce=37f33298cf HTTP/1.1" 200 - "-" "WordPress/6.8.3; https://makhado.squareroot.co.za"
197.79.64.234 - - [07/Nov/2025:10:23:26 +0200] "POST /wp-admin/admin-ajax.php HTTP/1.1" 200 77 "https://makhado.squareroot.co.za/wp-admin/post.php?post=19&action=elementor" "Mozilla/5.0 (Windows NT 10.0; Win64; x64) AppleWebKit/537.36 (KHTML, like Gecko) Chrome/142.0.0.0 Safari/537.36"
169.1.20.187 - - [07/Nov/2025:10:25:16 +0200] "POST /wp-cron.php?doing_wp_cron=1762503916.8268868923187255859375 HTTP/1.1" 200 - "-" "WordPress/6.8.3; https://makhado.squareroot.co.za"
197.79.64.234 - - [07/Nov/2025:10:25:14 +0200] "POST /wp-admin/admin-ajax.php HTTP/1.1" 200 147 "https://makhado.squareroot.co.za/wp-admin/upload.php" "Mozilla/5.0 (Windows NT 10.0; Win64; x64) AppleWebKit/537.36 (KHTML, like Gecko) Chrome/142.0.0.0 Safari/537.36"
197.79.64.234 - - [07/Nov/2025:10:25:27 +0200] "POST /wp-admin/admin-ajax.php HTTP/1.1" 200 77 "https://makhado.squareroot.co.za/wp-admin/post.php?post=19&action=elementor" "Mozilla/5.0 (Windows NT 10.0; Win64; x64) AppleWebKit/537.36 (KHTML, like Gecko) Chrome/142.0.0.0 Safari/537.36"
169.1.20.187 - - [07/Nov/2025:10:27:16 +0200] "POST /wp-cron.php?doing_wp_cron=1762504036.7139160633087158203125 HTTP/1.1" 200 - "-" "WordPress/6.8.3; https://makhado.squareroot.co.za"
197.79.64.234 - - [07/Nov/2025:10:27:14 +0200] "POST /wp-admin/admin-ajax.php HTTP/1.1" 200 147 "https://makhado.squareroot.co.za/wp-admin/upload.php" "Mozilla/5.0 (Windows NT 10.0; Win64; x64) AppleWebKit/537.36 (KHTML, like Gecko) Chrome/142.0.0.0 Safari/537.36"
197.79.64.234 - - [07/Nov/2025:10:27:28 +0200] "POST /wp-admin/admin-ajax.php HTTP/1.1" 200 77 "https://makhado.squareroot.co.za/wp-admin/post.php?post=19&action=elementor" "Mozilla/5.0 (Windows NT 10.0; Win64; x64) AppleWebKit/537.36 (KHTML, like Gecko) Chrome/142.0.0.0 Safari/537.36"
169.1.20.187 - - [07/Nov/2025:10:29:16 +0200] "POST /wp-cron.php?doing_wp_cron=1762504156.7144510746002197265625 HTTP/1.1" 200 - "-" "WordPress/6.8.3; https://makhado.squareroot.co.za"
197.79.64.234 - - [07/Nov/2025:10:29:14 +0200] "POST /wp-admin/admin-ajax.php HTTP/1.1" 200 147 "https://makhado.squareroot.co.za/wp-admin/upload.php" "Mozilla/5.0 (Windows NT 10.0; Win64; x64) AppleWebKit/537.36 (KHTML, like Gecko) Chrome/142.0.0.0 Safari/537.36"
197.79.64.234 - - [07/Nov/2025:10:29:29 +0200] "POST /wp-admin/admin-ajax.php HTTP/1.1" 200 77 "https://makhado.squareroot.co.za/wp-admin/post.php?post=19&action=elementor" "Mozilla/5.0 (Windows NT 10.0; Win64; x64) AppleWebKit/537.36 (KHTML, like Gecko) Chrome/142.0.0.0 Safari/537.36"
169.1.20.187 - - [07/Nov/2025:10:31:32 +0200] "POST /wp-cron.php?doing_wp_cron=1762504292.2749431133270263671875 HTTP/1.1" 200 - "-" "WordPress/6.8.3; https://makhado.squareroot.co.za"
197.79.64.234 - - [07/Nov/2025:10:31:30 +0200] "POST /wp-admin/admin-ajax.php HTTP/1.1" 200 77 "https://makhado.squareroot.co.za/wp-admin/post.php?post=19&action=elementor" "Mozilla/5.0 (Windows NT 10.0; Win64; x64) AppleWebKit/537.36 (KHTML, like Gecko) Chrome/142.0.0.0 Safari/537.36"
169.1.20.187 - - [07/Nov/2025:10:33:34 +0200] "POST /wp-cron.php?doing_wp_cron=1762504414.4339900016784667968750 HTTP/1.1" 200 - "-" "WordPress/6.8.3; https://makhado.squareroot.co.za"
197.79.64.234 - - [07/Nov/2025:10:33:31 +0200] "POST /wp-admin/admin-ajax.php HTTP/1.1" 200 77 "https://makhado.squareroot.co.za/wp-admin/post.php?post=19&action=elementor" "Mozilla/5.0 (Windows NT 10.0; Win64; x64) AppleWebKit/537.36 (KHTML, like Gecko) Chrome/142.0.0.0 Safari/537.36"
169.1.20.187 - - [07/Nov/2025:10:35:35 +0200] "POST /wp-cron.php?doing_wp_cron=1762504535.4600980281829833984375 HTTP/1.1" 200 - "-" "WordPress/6.8.3; https://makhado.squareroot.co.za"
197.79.64.234 - - [07/Nov/2025:10:35:32 +0200] "POST /wp-admin/admin-ajax.php HTTP/1.1" 200 77 "https://makhado.squareroot.co.za/wp-admin/post.php?post=19&action=elementor" "Mozilla/5.0 (Windows NT 10.0; Win64; x64) AppleWebKit/537.36 (KHTML, like Gecko) Chrome/142.0.0.0 Safari/537.36"
169.1.20.187 - - [07/Nov/2025:10:37:35 +0200] "POST /wp-cron.php?doing_wp_cron=1762504655.5242059230804443359375 HTTP/1.1" 200 - "-" "WordPress/6.8.3; https://makhado.squareroot.co.za"
197.79.64.234 - - [07/Nov/2025:10:37:33 +0200] "POST /wp-admin/admin-ajax.php HTTP/1.1" 200 77 "https://makhado.squareroot.co.za/wp-admin/post.php?post=19&action=elementor" "Mozilla/5.0 (Windows NT 10.0; Win64; x64) AppleWebKit/537.36 (KHTML, like Gecko) Chrome/142.0.0.0 Safari/537.36"
169.1.20.187 - - [07/Nov/2025:10:53:54 +0200] "POST /wp-cron.php?doing_wp_cron=1762505634.1806609630584716796875 HTTP/1.1" 200 - "-" "WordPress/6.8.3; https://makhado.squareroot.co.za"
197.79.64.234 - - [07/Nov/2025:10:53:48 +0200] "POST /wp-admin/admin-ajax.php HTTP/1.1" 200 147 "https://makhado.squareroot.co.za/wp-admin/upload.php" "Mozilla/5.0 (Windows NT 10.0; Win64; x64) AppleWebKit/537.36 (KHTML, like Gecko) Chrome/142.0.0.0 Safari/537.36"
197.79.64.234 - - [07/Nov/2025:10:53:44 +0200] "POST /wp-admin/admin-ajax.php HTTP/1.1" 200 77 "https://makhado.squareroot.co.za/wp-admin/post.php?post=19&action=elementor" "Mozilla/5.0 (Windows NT 10.0; Win64; x64) AppleWebKit/537.36 (KHTML, like Gecko) Chrome/142.0.0.0 Safari/537.36"
197.79.64.234 - - [07/Nov/2025:10:53:54 +0200] "POST /wp-admin/admin-ajax.php HTTP/1.1" 200 147 "https://makhado.squareroot.co.za/wp-admin/upload.php" "Mozilla/5.0 (Windows NT 10.0; Win64; x64) AppleWebKit/537.36 (KHTML, like Gecko) Chrome/142.0.0.0 Safari/537.36"
169.1.20.187 - - [07/Nov/2025:10:54:57 +0200] "POST /wp-cron.php?doing_wp_cron=1762505697.0912220478057861328125 HTTP/1.1" 200 - "-" "WordPress/6.8.3; https://makhado.squareroot.co.za"
197.79.64.234 - - [07/Nov/2025:10:54:55 +0200] "POST /wp-admin/admin-ajax.php HTTP/1.1" 200 147 "https://makhado.squareroot.co.za/wp-admin/upload.php" "Mozilla/5.0 (Windows NT 10.0; Win64; x64) AppleWebKit/537.36 (KHTML, like Gecko) Chrome/142.0.0.0 Safari/537.36"
169.1.20.187 - - [07/Nov/2025:10:55:49 +0200] "POST /wp-cron.php?doing_wp_cron=1762505749.3421800136566162109375 HTTP/1.1" 200 - "-" "WordPress/6.8.3; https://makhado.squareroot.co.za"
197.79.64.234 - - [07/Nov/2025:10:55:45 +0200] "POST /wp-admin/admin-ajax.php HTTP/1.1" 200 77 "https://makhado.squareroot.co.za/wp-admin/post.php?post=19&action=elementor" "Mozilla/5.0 (Windows NT 10.0; Win64; x64) AppleWebKit/537.36 (KHTML, like Gecko) Chrome/142.0.0.0 Safari/537.36"
169.1.20.187 - - [07/Nov/2025:10:56:51 +0200] "POST /wp-cron.php?doing_wp_cron=1762505811.3160829544067382812500 HTTP/1.1" 200 - "-" "WordPress/6.8.3; https://makhado.squareroot.co.za"
197.79.64.234 - - [07/Nov/2025:10:56:49 +0200] "POST /wp-admin/admin-ajax.php HTTP/1.1" 200 147 "https://makhado.squareroot.co.za/wp-admin/upload.php" "Mozilla/5.0 (Windows NT 10.0; Win64; x64) AppleWebKit/537.36 (KHTML, like Gecko) Chrome/142.0.0.0 Safari/537.36"
169.1.20.187 - - [07/Nov/2025:10:57:48 +0200] "POST /wp-cron.php?doing_wp_cron=1762505868.4899899959564208984375 HTTP/1.1" 200 - "-" "WordPress/6.8.3; https://makhado.squareroot.co.za"
197.79.64.234 - - [07/Nov/2025:10:57:46 +0200] "POST /wp-admin/admin-ajax.php HTTP/1.1" 200 77 "https://makhado.squareroot.co.za/wp-admin/post.php?post=19&action=elementor" "Mozilla/5.0 (Windows NT 10.0; Win64; x64) AppleWebKit/537.36 (KHTML, like Gecko) Chrome/142.0.0.0 Safari/537.36"
197.79.64.234 - - [07/Nov/2025:10:57:49 +0200] "POST /wp-admin/admin-ajax.php HTTP/1.1" 200 147 "https://makhado.squareroot.co.za/wp-admin/upload.php" "Mozilla/5.0 (Windows NT 10.0; Win64; x64) AppleWebKit/537.36 (KHTML, like Gecko) Chrome/142.0.0.0 Safari/537.36"
169.1.20.187 - - [07/Nov/2025:10:59:50 +0200] "POST /wp-cron.php?doing_wp_cron=1762505990.0483920574188232421875 HTTP/1.1" 200 - "-" "WordPress/6.8.3; https://makhado.squareroot.co.za"
197.79.64.234 - - [07/Nov/2025:10:59:47 +0200] "POST /wp-admin/admin-ajax.php HTTP/1.1" 200 77 "https://makhado.squareroot.co.za/wp-admin/post.php?post=19&action=elementor" "Mozilla/5.0 (Windows NT 10.0; Win64; x64) AppleWebKit/537.36 (KHTML, like Gecko) Chrome/142.0.0.0 Safari/537.36"
197.79.64.234 - - [07/Nov/2025:10:59:49 +0200] "POST /wp-admin/admin-ajax.php HTTP/1.1" 200 147 "https://makhado.squareroot.co.za/wp-admin/upload.php" "Mozilla/5.0 (Windows NT 10.0; Win64; x64) AppleWebKit/537.36 (KHTML, like Gecko) Chrome/142.0.0.0 Safari/537.36"
169.1.20.187 - - [07/Nov/2025:11:01:54 +0200] "POST /wp-cron.php?doing_wp_cron=1762506114.3804440498352050781250 HTTP/1.1" 200 - "-" "WordPress/6.8.3; https://makhado.squareroot.co.za"
197.79.64.234 - - [07/Nov/2025:11:01:50 +0200] "POST /wp-admin/admin-ajax.php HTTP/1.1" 200 147 "https://makhado.squareroot.co.za/wp-admin/upload.php" "Mozilla/5.0 (Windows NT 10.0; Win64; x64) AppleWebKit/537.36 (KHTML, like Gecko) Chrome/142.0.0.0 Safari/537.36"
197.79.64.234 - - [07/Nov/2025:11:02:03 +0200] "POST /wp-admin/admin-ajax.php HTTP/1.1" 200 77 "https://makhado.squareroot.co.za/wp-admin/post.php?post=19&action=elementor" "Mozilla/5.0 (Windows NT 10.0; Win64; x64) AppleWebKit/537.36 (KHTML, like Gecko) Chrome/142.0.0.0 Safari/537.36"
169.1.20.187 - - [07/Nov/2025:11:03:37 +0200] "POST /wp-cron.php?doing_wp_cron=1762506216.9595119953155517578125 HTTP/1.1" 200 - "-" "WordPress/6.8.3; https://makhado.squareroot.co.za"
197.79.64.234 - - [07/Nov/2025:11:03:34 +0200] "POST /wp-admin/admin-ajax.php HTTP/1.1" 200 77 "https://makhado.squareroot.co.za/wp-admin/post.php?post=19&action=elementor" "Mozilla/5.0 (Windows NT 10.0; Win64; x64) AppleWebKit/537.36 (KHTML, like Gecko) Chrome/142.0.0.0 Safari/537.36"
197.79.64.234 - - [07/Nov/2025:11:03:34 +0200] "GET /wp-json/elementor/v1/checklist/user-progress HTTP/1.1" 403 90 "https://makhado.squareroot.co.za/wp-admin/post.php?post=19&action=elementor" "Mozilla/5.0 (Windows NT 10.0; Win64; x64) AppleWebKit/537.36 (KHTML, like Gecko) Chrome/142.0.0.0 Safari/537.36"
169.1.20.187 - - [07/Nov/2025:11:03:42 +0200] "POST /wp-cron.php?doing_wp_cron=1762506222.0394010543823242187500 HTTP/1.1" 200 - "-" "WordPress/6.8.3; https://makhado.squareroot.co.za"
197.79.64.234 - - [07/Nov/2025:11:03:40 +0200] "GET /wp-json/elementor/v1/checklist/user-progress HTTP/1.1" 403 90 "https://makhado.squareroot.co.za/wp-admin/post.php?post=19&action=elementor" "Mozilla/5.0 (Windows NT 10.0; Win64; x64) AppleWebKit/537.36 (KHTML, like Gecko) Chrome/142.0.0.0 Safari/537.36"
197.79.64.234 - - [07/Nov/2025:11:03:44 +0200] "GET /wp-json/elementor/v1/checklist/user-progress HTTP/1.1" 403 90 "https://makhado.squareroot.co.za/wp-admin/post.php?post=19&action=elementor" "Mozilla/5.0 (Windows NT 10.0; Win64; x64) AppleWebKit/537.36 (KHTML, like Gecko) Chrome/142.0.0.0 Safari/537.36"
197.79.64.234 - - [07/Nov/2025:11:03:48 +0200] "POST /wp-admin/admin-ajax.php HTTP/1.1" 200 77 "https://makhado.squareroot.co.za/wp-admin/post.php?post=19&action=elementor" "Mozilla/5.0 (Windows NT 10.0; Win64; x64) AppleWebKit/537.36 (KHTML, like Gecko) Chrome/142.0.0.0 Safari/537.36"
197.79.64.234 - - [07/Nov/2025:11:03:49 +0200] "POST /wp-admin/admin-ajax.php HTTP/1.1" 200 147 "https://makhado.squareroot.co.za/wp-admin/upload.php" "Mozilla/5.0 (Windows NT 10.0; Win64; x64) AppleWebKit/537.36 (KHTML, like Gecko) Chrome/142.0.0.0 Safari/537.36"
197.79.64.234 - - [07/Nov/2025:11:03:50 +0200] "GET /wp-json/elementor/v1/checklist/user-progress HTTP/1.1" 403 90 "https://makhado.squareroot.co.za/wp-admin/post.php?post=19&action=elementor" "Mozilla/5.0 (Windows NT 10.0; Win64; x64) AppleWebKit/537.36 (KHTML, like Gecko) Chrome/142.0.0.0 Safari/537.36"
197.79.64.234 - - [07/Nov/2025:11:04:04 +0200] "POST /wp-admin/admin-ajax.php HTTP/1.1" 200 77 "https://makhado.squareroot.co.za/wp-admin/post.php?post=19&action=elementor" "Mozilla/5.0 (Windows NT 10.0; Win64; x64) AppleWebKit/537.36 (KHTML, like Gecko) Chrome/142.0.0.0 Safari/537.36"
197.79.64.234 - - [07/Nov/2025:11:04:16 +0200] "POST /wp-admin/async-upload.php HTTP/1.1" 403 2 "https://makhado.squareroot.co.za/wp-admin/post.php?post=19&action=elementor" "Mozilla/5.0 (Windows NT 10.0; Win64; x64) AppleWebKit/537.36 (KHTML, like Gecko) Chrome/142.0.0.0 Safari/537.36"
197.79.64.234 - - [07/Nov/2025:11:04:18 +0200] "POST /wp-admin/admin-ajax.php HTTP/1.1" 200 77 "https://makhado.squareroot.co.za/wp-admin/post.php?post=19&action=elementor" "Mozilla/5.0 (Windows NT 10.0; Win64; x64) AppleWebKit/537.36 (KHTML, like Gecko) Chrome/142.0.0.0 Safari/537.36"
197.79.64.234 - - [07/Nov/2025:11:04:34 +0200] "POST /wp-admin/admin-ajax.php HTTP/1.1" 200 77 "https://makhado.squareroot.co.za/wp-admin/post.php?post=19&action=elementor" "Mozilla/5.0 (Windows NT 10.0; Win64; x64) AppleWebKit/537.36 (KHTML, like Gecko) Chrome/142.0.0.0 Safari/537.36"
169.1.20.187 - - [07/Nov/2025:11:04:50 +0200] "POST /wp-cron.php?doing_wp_cron=1762506290.5637650489807128906250 HTTP/1.1" 200 - "-" "WordPress/6.8.3; https://makhado.squareroot.co.za"
197.79.64.234 - - [07/Nov/2025:11:04:49 +0200] "POST /wp-admin/admin-ajax.php HTTP/1.1" 200 77 "https://makhado.squareroot.co.za/wp-admin/post.php?post=19&action=elementor" "Mozilla/5.0 (Windows NT 10.0; Win64; x64) AppleWebKit/537.36 (KHTML, like Gecko) Chrome/142.0.0.0 Safari/537.36"
197.79.64.234 - - [07/Nov/2025:11:04:49 +0200] "POST /wp-admin/admin-ajax.php HTTP/1.1" 200 147 "https://makhado.squareroot.co.za/wp-admin/upload.php?item=1072" "Mozilla/5.0 (Windows NT 10.0; Win64; x64) AppleWebKit/537.36 (KHTML, like Gecko) Chrome/142.0.0.0 Safari/537.36"
197.79.64.234 - - [07/Nov/2025:11:05:04 +0200] "POST /wp-admin/admin-ajax.php HTTP/1.1" 200 77 "https://makhado.squareroot.co.za/wp-admin/post.php?post=19&action=elementor" "Mozilla/5.0 (Windows NT 10.0; Win64; x64) AppleWebKit/537.36 (KHTML, like Gecko) Chrome/142.0.0.0 Safari/537.36"
197.79.64.234 - - [07/Nov/2025:11:05:19 +0200] "POST /wp-admin/admin-ajax.php HTTP/1.1" 200 77 "https://makhado.squareroot.co.za/wp-admin/post.php?post=19&action=elementor" "Mozilla/5.0 (Windows NT 10.0; Win64; x64) AppleWebKit/537.36 (KHTML, like Gecko) Chrome/142.0.0.0 Safari/537.36"
197.79.64.234 - - [07/Nov/2025:11:05:27 +0200] "POST /wp-admin/async-upload.php HTTP/1.1" 403 2 "https://makhado.squareroot.co.za/wp-admin/post.php?post=19&action=elementor" "Mozilla/5.0 (Windows NT 10.0; Win64; x64) AppleWebKit/537.36 (KHTML, like Gecko) Chrome/142.0.0.0 Safari/537.36"
197.79.64.234 - - [07/Nov/2025:11:05:33 +0200] "POST /wp-admin/admin-ajax.php HTTP/1.1" 200 77 "https://makhado.squareroot.co.za/wp-admin/post.php?post=19&action=elementor" "Mozilla/5.0 (Windows NT 10.0; Win64; x64) AppleWebKit/537.36 (KHTML, like Gecko) Chrome/142.0.0.0 Safari/537.36"
169.1.20.187 - - [07/Nov/2025:11:05:53 +0200] "POST /wp-cron.php?doing_wp_cron=1762506353.3380739688873291015625 HTTP/1.1" 200 - "-" "WordPress/6.8.3; https://makhado.squareroot.co.za"
197.79.64.234 - - [07/Nov/2025:11:05:49 +0200] "POST /wp-admin/admin-ajax.php HTTP/1.1" 200 147 "https://makhado.squareroot.co.za/wp-admin/upload.php?item=1072" "Mozilla/5.0 (Windows NT 10.0; Win64; x64) AppleWebKit/537.36 (KHTML, like Gecko) Chrome/142.0.0.0 Safari/537.36"
197.79.64.234 - - [07/Nov/2025:11:06:21 +0200] "POST /wp-admin/admin-ajax.php HTTP/1.1" 200 77 "https://makhado.squareroot.co.za/wp-admin/post.php?post=19&action=elementor" "Mozilla/5.0 (Windows NT 10.0; Win64; x64) AppleWebKit/537.36 (KHTML, like Gecko) Chrome/142.0.0.0 Safari/537.36"
197.79.64.234 - - [07/Nov/2025:11:06:36 +0200] "POST /wp-admin/admin-ajax.php HTTP/1.1" 200 77 "https://makhado.squareroot.co.za/wp-admin/post.php?post=19&action=elementor" "Mozilla/5.0 (Windows NT 10.0; Win64; x64) AppleWebKit/537.36 (KHTML, like Gecko) Chrome/142.0.0.0 Safari/537.36"
169.1.20.187 - - [07/Nov/2025:11:06:53 +0200] "POST /wp-cron.php?doing_wp_cron=1762506412.9977419376373291015625 HTTP/1.1" 200 - "-" "WordPress/6.8.3; https://makhado.squareroot.co.za"
197.79.64.234 - - [07/Nov/2025:11:06:51 +0200] "POST /wp-admin/admin-ajax.php HTTP/1.1" 200 77 "https://makhado.squareroot.co.za/wp-admin/post.php?post=19&action=elementor" "Mozilla/5.0 (Windows NT 10.0; Win64; x64) AppleWebKit/537.36 (KHTML, like Gecko) Chrome/142.0.0.0 Safari/537.36"
197.79.64.234 - - [07/Nov/2025:11:06:57 +0200] "POST /wp-admin/async-upload.php HTTP/1.1" 403 2 "https://makhado.squareroot.co.za/wp-admin/post.php?post=19&action=elementor" "Mozilla/5.0 (Windows NT 10.0; Win64; x64) AppleWebKit/537.36 (KHTML, like Gecko) Chrome/142.0.0.0 Safari/537.36"
197.79.64.234 - - [07/Nov/2025:11:07:04 +0200] "POST /wp-admin/admin-ajax.php HTTP/1.1" 200 147 "https://makhado.squareroot.co.za/wp-admin/upload.php?item=1072" "Mozilla/5.0 (Windows NT 10.0; Win64; x64) AppleWebKit/537.36 (KHTML, like Gecko) Chrome/142.0.0.0 Safari/537.36"
197.79.64.234 - - [07/Nov/2025:11:07:06 +0200] "POST /wp-admin/admin-ajax.php HTTP/1.1" 200 77 "https://makhado.squareroot.co.za/wp-admin/post.php?post=19&action=elementor" "Mozilla/5.0 (Windows NT 10.0; Win64; x64) AppleWebKit/537.36 (KHTML, like Gecko) Chrome/142.0.0.0 Safari/537.36"
197.79.64.234 - - [07/Nov/2025:11:07:11 +0200] "POST /wp-admin/admin-ajax.php HTTP/1.1" 200 147 "https://makhado.squareroot.co.za/wp-admin/upload.php" "Mozilla/5.0 (Windows NT 10.0; Win64; x64) AppleWebKit/537.36 (KHTML, like Gecko) Chrome/142.0.0.0 Safari/537.36"
197.79.64.234 - - [07/Nov/2025:11:07:21 +0200] "POST /wp-admin/admin-ajax.php HTTP/1.1" 200 77 "https://makhado.squareroot.co.za/wp-admin/post.php?post=19&action=elementor" "Mozilla/5.0 (Windows NT 10.0; Win64; x64) AppleWebKit/537.36 (KHTML, like Gecko) Chrome/142.0.0.0 Safari/537.36"
197.79.64.234 - - [07/Nov/2025:11:07:20 +0200] "POST /wp-admin/async-upload.php HTTP/1.1" 200 1610 "https://makhado.squareroot.co.za/wp-admin/upload.php" "Mozilla/5.0 (Windows NT 10.0; Win64; x64) AppleWebKit/537.36 (KHTML, like Gecko) Chrome/142.0.0.0 Safari/537.36"
197.79.64.234 - - [07/Nov/2025:11:07:26 +0200] "GET /wp-content/uploads/2025/11/slide1-300x170.jpg HTTP/1.1" 200 12278 "https://makhado.squareroot.co.za/wp-admin/upload.php" "Mozilla/5.0 (Windows NT 10.0; Win64; x64) AppleWebKit/537.36 (KHTML, like Gecko) Chrome/142.0.0.0 Safari/537.36"
197.79.64.234 - - [07/Nov/2025:11:07:36 +0200] "POST /wp-admin/admin-ajax.php HTTP/1.1" 200 77 "https://makhado.squareroot.co.za/wp-admin/post.php?post=19&action=elementor" "Mozilla/5.0 (Windows NT 10.0; Win64; x64) AppleWebKit/537.36 (KHTML, like Gecko) Chrome/142.0.0.0 Safari/537.36"
197.79.64.234 - - [07/Nov/2025:11:07:34 +0200] "GET /wp-admin/post.php?post=19&action=elementor HTTP/1.1" 200 2264212 "https://makhado.squareroot.co.za/wp-admin/post.php?post=19&action=edit" "Mozilla/5.0 (Windows NT 10.0; Win64; x64) AppleWebKit/537.36 (KHTML, like Gecko) Chrome/142.0.0.0 Safari/537.36"
197.79.64.234 - - [07/Nov/2025:11:07:39 +0200] "GET /wp-includes/css/wp-pointer.min.css?ver=6.8.3 HTTP/1.1" 200 3238 "https://makhado.squareroot.co.za/wp-admin/post.php?post=19&action=elementor" "Mozilla/5.0 (Windows NT 10.0; Win64; x64) AppleWebKit/537.36 (KHTML, like Gecko) Chrome/142.0.0.0 Safari/537.36"
197.79.64.234 - - [07/Nov/2025:11:07:39 +0200] "GET /wp-includes/css/buttons.min.css?ver=6.8.3 HTTP/1.1" 304 - "https://makhado.squareroot.co.za/wp-admin/post.php?post=19&action=elementor" "Mozilla/5.0 (Windows NT 10.0; Win64; x64) AppleWebKit/537.36 (KHTML, like Gecko) Chrome/142.0.0.0 Safari/537.36"
197.79.64.234 - - [07/Nov/2025:11:07:39 +0200] "GET /wp-content/themes/maxcare/assets/css/admin.css?ver=6.8.3 HTTP/1.1" 200 3702 "https://makhado.squareroot.co.za/wp-admin/post.php?post=19&action=elementor" "Mozilla/5.0 (Windows NT 10.0; Win64; x64) AppleWebKit/537.36 (KHTML, like Gecko) Chrome/142.0.0.0 Safari/537.36"
197.79.64.234 - - [07/Nov/2025:11:07:39 +0200] "GET /wp-content/plugins/give/src/ThirdPartySupport/Elementor/Widgets/resources/styles/give-elementor-admin.css?ver=4.13.0 HTTP/1.1" 200 2004 "https://makhado.squareroot.co.za/wp-admin/post.php?post=19&action=elementor" "Mozilla/5.0 (Windows NT 10.0; Win64; x64) AppleWebKit/537.36 (KHTML, like Gecko) Chrome/142.0.0.0 Safari/537.36"
197.79.64.234 - - [07/Nov/2025:11:07:39 +0200] "GET /wp-content/themes/maxcare/assets/fonts/flaticon/css/flaticon.css?ver=6.8.3 HTTP/1.1" 304 - "https://makhado.squareroot.co.za/wp-admin/post.php?post=19&action=elementor" "Mozilla/5.0 (Windows NT 10.0; Win64; x64) AppleWebKit/537.36 (KHTML, like Gecko) Chrome/142.0.0.0 Safari/537.36"
197.79.64.234 - - [07/Nov/2025:11:07:39 +0200] "GET /wp-includes/css/editor.min.css?ver=6.8.3 HTTP/1.1" 200 26851 "https://makhado.squareroot.co.za/wp-admin/post.php?post=19&action=elementor" "Mozilla/5.0 (Windows NT 10.0; Win64; x64) AppleWebKit/537.36 (KHTML, like Gecko) Chrome/142.0.0.0 Safari/537.36"
197.79.64.234 - - [07/Nov/2025:11:07:39 +0200] "GET /wp-content/plugins/case-addons/assets/css/elementor-editor.css?ver=1.0.0 HTTP/1.1" 200 89 "https://makhado.squareroot.co.za/wp-admin/post.php?post=19&action=elementor" "Mozilla/5.0 (Windows NT 10.0; Win64; x64) AppleWebKit/537.36 (KHTML, like Gecko) Chrome/142.0.0.0 Safari/537.36"
197.79.64.234 - - [07/Nov/2025:11:07:39 +0200] "GET /wp-admin/css/widgets.min.css?ver=6.8.3 HTTP/1.1" 200 14422 "https://makhado.squareroot.co.za/wp-admin/post.php?post=19&action=elementor" "Mozilla/5.0 (Windows NT 10.0; Win64; x64) AppleWebKit/537.36 (KHTML, like Gecko) Chrome/142.0.0.0 Safari/537.36"
197.79.64.234 - - [07/Nov/2025:11:07:39 +0200] "GET /wp-includes/js/mediaelement/mediaelementplayer-legacy.min.css?ver=4.2.17 HTTP/1.1" 304 - "https://makhado.squareroot.co.za/wp-admin/post.php?post=19&action=elementor" "Mozilla/5.0 (Windows NT 10.0; Win64; x64) AppleWebKit/537.36 (KHTML, like Gecko) Chrome/142.0.0.0 Safari/537.36"
197.79.64.234 - - [07/Nov/2025:11:07:39 +0200] "GET /wp-includes/js/mediaelement/wp-mediaelement.min.css?ver=6.8.3 HTTP/1.1" 304 - "https://makhado.squareroot.co.za/wp-admin/post.php?post=19&action=elementor" "Mozilla/5.0 (Windows NT 10.0; Win64; x64) AppleWebKit/537.36 (KHTML, like Gecko) Chrome/142.0.0.0 Safari/537.36"
197.79.64.234 - - [07/Nov/2025:11:07:39 +0200] "GET /wp-content/themes/maxcare/assets/css/libs/datetimepicker.css?ver=1.0.0 HTTP/1.1" 304 - "https://makhado.squareroot.co.za/wp-admin/post.php?post=19&action=elementor" "Mozilla/5.0 (Windows NT 10.0; Win64; x64) AppleWebKit/537.36 (KHTML, like Gecko) Chrome/142.0.0.0 Safari/537.36"
197.79.64.234 - - [07/Nov/2025:11:07:39 +0200] "GET /wp-admin/css/media.min.css?ver=6.8.3 HTTP/1.1" 200 21783 "https://makhado.squareroot.co.za/wp-admin/post.php?post=19&action=elementor" "Mozilla/5.0 (Windows NT 10.0; Win64; x64) AppleWebKit/537.36 (KHTML, like Gecko) Chrome/142.0.0.0 Safari/537.36"
197.79.64.234 - - [07/Nov/2025:11:07:39 +0200] "GET /wp-includes/js/imgareaselect/imgareaselect.css?ver=0.9.8 HTTP/1.1" 304 - "https://makhado.squareroot.co.za/wp-admin/post.php?post=19&action=elementor" "Mozilla/5.0 (Windows NT 10.0; Win64; x64) AppleWebKit/537.36 (KHTML, like Gecko) Chrome/142.0.0.0 Safari/537.36"
