197.79.64.234 - - [07/Nov/2025:11:16:10 +0200] "GET /wp-content/uploads/2025/11/slide2.jpg HTTP/1.1" 304 - "https://makhado.squareroot.co.za/" "Mozilla/5.0 (Windows NT 10.0; Win64; x64) AppleWebKit/537.36 (KHTML, like Gecko) Chrome/142.0.0.0 Safari/537.36"
197.79.64.234 - - [07/Nov/2025:11:16:10 +0200] "GET /wp-json/wp/v2/users/me?context=edit&_locale=user HTTP/1.1" 200 6765 "https://makhado.squareroot.co.za/" "Mozilla/5.0 (Windows NT 10.0; Win64; x64) AppleWebKit/537.36 (KHTML, like Gecko) Chrome/142.0.0.0 Safari/537.36"
197.79.64.234 - - [07/Nov/2025:11:16:11 +0200] "GET /wp-json/contact-form-7/v1/contact-forms/7/feedback/schema HTTP/1.1" 200 1476 "https://makhado.squareroot.co.za/" "Mozilla/5.0 (Windows NT 10.0; Win64; x64) AppleWebKit/537.36 (KHTML, like Gecko) Chrome/142.0.0.0 Safari/537.36"
197.79.64.234 - - [07/Nov/2025:11:16:23 +0200] "POST /wp-admin/admin-ajax.php HTTP/1.1" 200 77 "https://makhado.squareroot.co.za/wp-admin/post.php?post=19&action=elementor" "Mozilla/5.0 (Windows NT 10.0; Win64; x64) AppleWebKit/537.36 (KHTML, like Gecko) Chrome/142.0.0.0 Safari/537.36"
169.1.20.187 - - [07/Nov/2025:11:16:51 +0200] "POST /wp-cron.php?doing_wp_cron=1762507011.6133930683135986328125 HTTP/1.1" 200 - "-" "WordPress/6.8.3; https://makhado.squareroot.co.za"
197.79.64.234 - - [07/Nov/2025:11:16:49 +0200] "POST /wp-admin/admin-ajax.php HTTP/1.1" 200 147 "https://makhado.squareroot.co.za/wp-admin/upload.php" "Mozilla/5.0 (Windows NT 10.0; Win64; x64) AppleWebKit/537.36 (KHTML, like Gecko) Chrome/142.0.0.0 Safari/537.36"
197.79.64.234 - - [07/Nov/2025:11:17:26 +0200] "POST /wp-admin/admin-ajax.php HTTP/1.1" 200 77 "https://makhado.squareroot.co.za/wp-admin/post.php?post=19&action=elementor" "Mozilla/5.0 (Windows NT 10.0; Win64; x64) AppleWebKit/537.36 (KHTML, like Gecko) Chrome/142.0.0.0 Safari/537.36"
197.79.64.234 - - [07/Nov/2025:11:17:31 +0200] "GET /wp-content/plugins/elementor/assets/lib/font-awesome/webfonts/fa-solid-900.woff2 HTTP/1.1" 304 - "https://makhado.squareroot.co.za/wp-content/plugins/elementor/assets/lib/font-awesome/css/all.min.css?ver=5.15.3" "Mozilla/5.0 (Windows NT 10.0; Win64; x64) AppleWebKit/537.36 (KHTML, like Gecko) Chrome/142.0.0.0 Safari/537.36"
197.79.64.234 - - [07/Nov/2025:11:17:30 +0200] "POST /wp-admin/admin-ajax.php HTTP/1.1" 200 942 "https://makhado.squareroot.co.za/wp-admin/post.php?post=19&action=elementor" "Mozilla/5.0 (Windows NT 10.0; Win64; x64) AppleWebKit/537.36 (KHTML, like Gecko) Chrome/142.0.0.0 Safari/537.36"
197.79.64.234 - - [07/Nov/2025:11:17:37 +0200] "POST /wp-admin/admin-ajax.php HTTP/1.1" 200 109931 "https://makhado.squareroot.co.za/wp-admin/post.php?post=19&action=elementor" "Mozilla/5.0 (Windows NT 10.0; Win64; x64) AppleWebKit/537.36 (KHTML, like Gecko) Chrome/142.0.0.0 Safari/537.36"
197.79.64.234 - - [07/Nov/2025:11:17:37 +0200] "POST /wp-admin/admin-ajax.php HTTP/1.1" 200 109931 "https://makhado.squareroot.co.za/wp-admin/post.php?post=19&action=elementor" "Mozilla/5.0 (Windows NT 10.0; Win64; x64) AppleWebKit/537.36 (KHTML, like Gecko) Chrome/142.0.0.0 Safari/537.36"
169.1.20.187 - - [07/Nov/2025:11:17:43 +0200] "POST /wp-cron.php?doing_wp_cron=1762507063.7481019496917724609375 HTTP/1.1" 200 - "-" "WordPress/6.8.3; https://makhado.squareroot.co.za"
197.79.64.234 - - [07/Nov/2025:11:17:41 +0200] "POST /wp-admin/admin-ajax.php HTTP/1.1" 200 77 "https://makhado.squareroot.co.za/wp-admin/post.php?post=19&action=elementor" "Mozilla/5.0 (Windows NT 10.0; Win64; x64) AppleWebKit/537.36 (KHTML, like Gecko) Chrome/142.0.0.0 Safari/537.36"
197.79.64.234 - - [07/Nov/2025:11:17:50 +0200] "POST /wp-admin/admin-ajax.php HTTP/1.1" 200 147 "https://makhado.squareroot.co.za/wp-admin/upload.php" "Mozilla/5.0 (Windows NT 10.0; Win64; x64) AppleWebKit/537.36 (KHTML, like Gecko) Chrome/142.0.0.0 Safari/537.36"
197.79.64.234 - - [07/Nov/2025:11:17:56 +0200] "POST /wp-admin/admin-ajax.php HTTP/1.1" 200 77 "https://makhado.squareroot.co.za/wp-admin/post.php?post=19&action=elementor" "Mozilla/5.0 (Windows NT 10.0; Win64; x64) AppleWebKit/537.36 (KHTML, like Gecko) Chrome/142.0.0.0 Safari/537.36"
169.1.20.187 - - [07/Nov/2025:11:19:53 +0200] "POST /wp-cron.php?doing_wp_cron=1762507193.6667039394378662109375 HTTP/1.1" 200 - "-" "WordPress/6.8.3; https://makhado.squareroot.co.za"
197.79.64.234 - - [07/Nov/2025:11:19:51 +0200] "POST /wp-admin/admin-ajax.php HTTP/1.1" 200 147 "https://makhado.squareroot.co.za/wp-admin/upload.php" "Mozilla/5.0 (Windows NT 10.0; Win64; x64) AppleWebKit/537.36 (KHTML, like Gecko) Chrome/142.0.0.0 Safari/537.36"
197.79.64.234 - - [07/Nov/2025:11:19:56 +0200] "POST /wp-admin/admin-ajax.php HTTP/1.1" 200 77 "https://makhado.squareroot.co.za/wp-admin/post.php?post=19&action=elementor" "Mozilla/5.0 (Windows NT 10.0; Win64; x64) AppleWebKit/537.36 (KHTML, like Gecko) Chrome/142.0.0.0 Safari/537.36"
169.1.20.187 - - [07/Nov/2025:11:21:57 +0200] "POST /wp-cron.php?doing_wp_cron=1762507317.5784990787506103515625 HTTP/1.1" 200 - "-" "WordPress/6.8.3; https://makhado.squareroot.co.za"
197.79.64.234 - - [07/Nov/2025:11:21:52 +0200] "POST /wp-admin/admin-ajax.php HTTP/1.1" 200 147 "https://makhado.squareroot.co.za/wp-admin/upload.php" "Mozilla/5.0 (Windows NT 10.0; Win64; x64) AppleWebKit/537.36 (KHTML, like Gecko) Chrome/142.0.0.0 Safari/537.36"
169.1.20.187 - - [07/Nov/2025:11:22:00 +0200] "POST /wp-cron.php?doing_wp_cron=1762507320.9308619499206542968750 HTTP/1.1" 200 - "-" "WordPress/6.8.3; https://makhado.squareroot.co.za"
197.79.64.234 - - [07/Nov/2025:11:21:56 +0200] "POST /wp-admin/admin-ajax.php HTTP/1.1" 200 77 "https://makhado.squareroot.co.za/wp-admin/post.php?post=19&action=elementor" "Mozilla/5.0 (Windows NT 10.0; Win64; x64) AppleWebKit/537.36 (KHTML, like Gecko) Chrome/142.0.0.0 Safari/537.36"
169.1.20.187 - - [07/Nov/2025:11:23:55 +0200] "POST /wp-cron.php?doing_wp_cron=1762507435.2534599304199218750000 HTTP/1.1" 200 - "-" "WordPress/6.8.3; https://makhado.squareroot.co.za"
197.79.64.234 - - [07/Nov/2025:11:23:53 +0200] "POST /wp-admin/admin-ajax.php HTTP/1.1" 200 147 "https://makhado.squareroot.co.za/wp-admin/upload.php" "Mozilla/5.0 (Windows NT 10.0; Win64; x64) AppleWebKit/537.36 (KHTML, like Gecko) Chrome/142.0.0.0 Safari/537.36"
197.79.64.234 - - [07/Nov/2025:11:23:56 +0200] "POST /wp-admin/admin-ajax.php HTTP/1.1" 200 77 "https://makhado.squareroot.co.za/wp-admin/post.php?post=19&action=elementor" "Mozilla/5.0 (Windows NT 10.0; Win64; x64) AppleWebKit/537.36 (KHTML, like Gecko) Chrome/142.0.0.0 Safari/537.36"
169.1.20.187 - - [07/Nov/2025:11:23:55 +0200] "POST /wp-admin/admin-ajax.php?action=as_async_request_queue_runner&nonce=37f33298cf HTTP/1.1" 200 - "-" "WordPress/6.8.3; https://makhado.squareroot.co.za"
169.1.20.187 - - [07/Nov/2025:11:25:58 +0200] "POST /wp-cron.php?doing_wp_cron=1762507558.1630010604858398437500 HTTP/1.1" 200 - "-" "WordPress/6.8.3; https://makhado.squareroot.co.za"
197.79.64.234 - - [07/Nov/2025:11:25:54 +0200] "POST /wp-admin/admin-ajax.php HTTP/1.1" 200 147 "https://makhado.squareroot.co.za/wp-admin/upload.php" "Mozilla/5.0 (Windows NT 10.0; Win64; x64) AppleWebKit/537.36 (KHTML, like Gecko) Chrome/142.0.0.0 Safari/537.36"
197.79.64.234 - - [07/Nov/2025:11:25:56 +0200] "POST /wp-admin/admin-ajax.php HTTP/1.1" 200 77 "https://makhado.squareroot.co.za/wp-admin/post.php?post=19&action=elementor" "Mozilla/5.0 (Windows NT 10.0; Win64; x64) AppleWebKit/537.36 (KHTML, like Gecko) Chrome/142.0.0.0 Safari/537.36"
169.1.20.187 - - [07/Nov/2025:11:27:57 +0200] "POST /wp-cron.php?doing_wp_cron=1762507677.7056849002838134765625 HTTP/1.1" 200 - "-" "WordPress/6.8.3; https://makhado.squareroot.co.za"
197.79.64.234 - - [07/Nov/2025:11:27:55 +0200] "POST /wp-admin/admin-ajax.php HTTP/1.1" 200 147 "https://makhado.squareroot.co.za/wp-admin/upload.php" "Mozilla/5.0 (Windows NT 10.0; Win64; x64) AppleWebKit/537.36 (KHTML, like Gecko) Chrome/142.0.0.0 Safari/537.36"
197.79.64.234 - - [07/Nov/2025:11:27:56 +0200] "POST /wp-admin/admin-ajax.php HTTP/1.1" 200 77 "https://makhado.squareroot.co.za/wp-admin/post.php?post=19&action=elementor" "Mozilla/5.0 (Windows NT 10.0; Win64; x64) AppleWebKit/537.36 (KHTML, like Gecko) Chrome/142.0.0.0 Safari/537.36"
169.1.20.187 - - [07/Nov/2025:11:29:40 +0200] "POST /wp-cron.php?doing_wp_cron=1762507780.0567541122436523437500 HTTP/1.1" 200 - "-" "WordPress/6.8.3; https://makhado.squareroot.co.za"
197.79.64.234 - - [07/Nov/2025:11:29:36 +0200] "POST /wp-admin/admin-ajax.php HTTP/1.1" 200 77 "https://makhado.squareroot.co.za/wp-admin/post.php?post=19&action=elementor" "Mozilla/5.0 (Windows NT 10.0; Win64; x64) AppleWebKit/537.36 (KHTML, like Gecko) Chrome/142.0.0.0 Safari/537.36"
197.79.64.234 - - [07/Nov/2025:11:29:51 +0200] "POST /wp-admin/admin-ajax.php HTTP/1.1" 200 77 "https://makhado.squareroot.co.za/wp-admin/post.php?post=19&action=elementor" "Mozilla/5.0 (Windows NT 10.0; Win64; x64) AppleWebKit/537.36 (KHTML, like Gecko) Chrome/142.0.0.0 Safari/537.36"
169.1.20.187 - - [07/Nov/2025:11:31:54 +0200] "POST /wp-cron.php?doing_wp_cron=1762507914.2967789173126220703125 HTTP/1.1" 200 - "-" "WordPress/6.8.3; https://makhado.squareroot.co.za"
197.79.64.234 - - [07/Nov/2025:11:31:51 +0200] "POST /wp-admin/admin-ajax.php HTTP/1.1" 200 77 "https://makhado.squareroot.co.za/wp-admin/post.php?post=19&action=elementor" "Mozilla/5.0 (Windows NT 10.0; Win64; x64) AppleWebKit/537.36 (KHTML, like Gecko) Chrome/142.0.0.0 Safari/537.36"
169.1.20.187 - - [07/Nov/2025:11:33:54 +0200] "POST /wp-cron.php?doing_wp_cron=1762508034.2309439182281494140625 HTTP/1.1" 200 - "-" "WordPress/6.8.3; https://makhado.squareroot.co.za"
197.79.64.234 - - [07/Nov/2025:11:33:51 +0200] "POST /wp-admin/admin-ajax.php HTTP/1.1" 200 77 "https://makhado.squareroot.co.za/wp-admin/post.php?post=19&action=elementor" "Mozilla/5.0 (Windows NT 10.0; Win64; x64) AppleWebKit/537.36 (KHTML, like Gecko) Chrome/142.0.0.0 Safari/537.36"
197.79.64.234 - - [07/Nov/2025:11:34:35 +0200] "POST /wp-admin/admin-ajax.php HTTP/1.1" 200 77 "https://makhado.squareroot.co.za/wp-admin/post.php?post=19&action=elementor" "Mozilla/5.0 (Windows NT 10.0; Win64; x64) AppleWebKit/537.36 (KHTML, like Gecko) Chrome/142.0.0.0 Safari/537.36"
169.1.20.187 - - [07/Nov/2025:11:34:51 +0200] "POST /wp-cron.php?doing_wp_cron=1762508091.7216711044311523437500 HTTP/1.1" 200 - "-" "WordPress/6.8.3; https://makhado.squareroot.co.za"
197.79.64.234 - - [07/Nov/2025:11:34:50 +0200] "POST /wp-admin/admin-ajax.php HTTP/1.1" 200 77 "https://makhado.squareroot.co.za/wp-admin/post.php?post=19&action=elementor" "Mozilla/5.0 (Windows NT 10.0; Win64; x64) AppleWebKit/537.36 (KHTML, like Gecko) Chrome/142.0.0.0 Safari/537.36"
197.79.64.234 - - [07/Nov/2025:11:35:05 +0200] "POST /wp-admin/admin-ajax.php HTTP/1.1" 200 77 "https://makhado.squareroot.co.za/wp-admin/post.php?post=19&action=elementor" "Mozilla/5.0 (Windows NT 10.0; Win64; x64) AppleWebKit/537.36 (KHTML, like Gecko) Chrome/142.0.0.0 Safari/537.36"
169.1.20.187 - - [07/Nov/2025:11:37:09 +0200] "POST /wp-cron.php?doing_wp_cron=1762508229.8804540634155273437500 HTTP/1.1" 200 - "-" "WordPress/6.8.3; https://makhado.squareroot.co.za"
197.79.64.234 - - [07/Nov/2025:11:37:06 +0200] "POST /wp-admin/admin-ajax.php HTTP/1.1" 200 77 "https://makhado.squareroot.co.za/wp-admin/post.php?post=19&action=elementor" "Mozilla/5.0 (Windows NT 10.0; Win64; x64) AppleWebKit/537.36 (KHTML, like Gecko) Chrome/142.0.0.0 Safari/537.36"
169.1.20.187 - - [07/Nov/2025:11:39:11 +0200] "POST /wp-cron.php?doing_wp_cron=1762508350.9677050113677978515625 HTTP/1.1" 200 - "-" "WordPress/6.8.3; https://makhado.squareroot.co.za"
197.79.64.234 - - [07/Nov/2025:11:39:07 +0200] "POST /wp-admin/admin-ajax.php HTTP/1.1" 200 77 "https://makhado.squareroot.co.za/wp-admin/post.php?post=19&action=elementor" "Mozilla/5.0 (Windows NT 10.0; Win64; x64) AppleWebKit/537.36 (KHTML, like Gecko) Chrome/142.0.0.0 Safari/537.36"
169.1.20.187 - - [07/Nov/2025:11:41:11 +0200] "POST /wp-cron.php?doing_wp_cron=1762508471.6502039432525634765625 HTTP/1.1" 200 - "-" "WordPress/6.8.3; https://makhado.squareroot.co.za"
197.79.64.234 - - [07/Nov/2025:11:41:08 +0200] "POST /wp-admin/admin-ajax.php HTTP/1.1" 200 77 "https://makhado.squareroot.co.za/wp-admin/post.php?post=19&action=elementor" "Mozilla/5.0 (Windows NT 10.0; Win64; x64) AppleWebKit/537.36 (KHTML, like Gecko) Chrome/142.0.0.0 Safari/537.36"
169.1.20.187 - - [07/Nov/2025:11:43:11 +0200] "POST /wp-cron.php?doing_wp_cron=1762508591.5108439922332763671875 HTTP/1.1" 200 - "-" "WordPress/6.8.3; https://makhado.squareroot.co.za"
197.79.64.234 - - [07/Nov/2025:11:43:09 +0200] "POST /wp-admin/admin-ajax.php HTTP/1.1" 200 77 "https://makhado.squareroot.co.za/wp-admin/post.php?post=19&action=elementor" "Mozilla/5.0 (Windows NT 10.0; Win64; x64) AppleWebKit/537.36 (KHTML, like Gecko) Chrome/142.0.0.0 Safari/537.36"
169.1.20.187 - - [07/Nov/2025:11:47:56 +0200] "POST /wp-cron.php?doing_wp_cron=1762508876.6483359336853027343750 HTTP/1.1" 200 - "-" "WordPress/6.8.3; https://makhado.squareroot.co.za"
185.203.122.210 - - [07/Nov/2025:11:47:49 +0200] "GET / HTTP/1.1" 200 228514 "-" "Mozilla/5.0 (Linux; Android 10; K) AppleWebKit/537.36 (KHTML, like Gecko) Chrome/142.0.0.0 Mobile Safari/537.36"
185.203.122.210 - - [07/Nov/2025:11:47:56 +0200] "GET / HTTP/1.1" 200 228514 "-" "Mozilla/5.0 (Linux; Android 10; K) AppleWebKit/537.36 (KHTML, like Gecko) Chrome/142.0.0.0 Mobile Safari/537.36"
185.203.122.210 - - [07/Nov/2025:11:48:03 +0200] "GET /wp-content/uploads/2025/11/slide1.jpg HTTP/1.1" 304 - "https://makhado.squareroot.co.za/" "Mozilla/5.0 (Linux; Android 10; K) AppleWebKit/537.36 (KHTML, like Gecko) Chrome/142.0.0.0 Mobile Safari/537.36"
185.203.122.210 - - [07/Nov/2025:11:48:03 +0200] "GET /wp-content/uploads/2025/11/slide3.jpg HTTP/1.1" 304 - "https://makhado.squareroot.co.za/" "Mozilla/5.0 (Linux; Android 10; K) AppleWebKit/537.36 (KHTML, like Gecko) Chrome/142.0.0.0 Mobile Safari/537.36"
185.203.122.210 - - [07/Nov/2025:11:48:03 +0200] "GET /wp-content/uploads/2025/11/slide2.jpg HTTP/1.1" 304 - "https://makhado.squareroot.co.za/" "Mozilla/5.0 (Linux; Android 10; K) AppleWebKit/537.36 (KHTML, like Gecko) Chrome/142.0.0.0 Mobile Safari/537.36"
185.203.122.210 - - [07/Nov/2025:11:48:04 +0200] "GET /wp-content/uploads/2025/11/logo-32x32.png HTTP/1.1" 304 - "https://makhado.squareroot.co.za/" "Mozilla/5.0 (Linux; Android 10; K) AppleWebKit/537.36 (KHTML, like Gecko) Chrome/142.0.0.0 Mobile Safari/537.36"
185.203.122.210 - - [07/Nov/2025:11:48:03 +0200] "POST /?wc-ajax=woosw_get_data HTTP/1.1" 200 265 "https://makhado.squareroot.co.za/" "Mozilla/5.0 (Linux; Android 10; K) AppleWebKit/537.36 (KHTML, like Gecko) Chrome/142.0.0.0 Mobile Safari/537.36"
185.203.122.210 - - [07/Nov/2025:11:48:03 +0200] "GET /wp-json/contact-form-7/v1/contact-forms/7/feedback/schema HTTP/1.1" 200 1476 "https://makhado.squareroot.co.za/" "Mozilla/5.0 (Linux; Android 10; K) AppleWebKit/537.36 (KHTML, like Gecko) Chrome/142.0.0.0 Mobile Safari/537.36"
185.203.122.210 - - [07/Nov/2025:11:48:03 +0200] "GET /wp-json/wp/v2/users/me?context=edit&_locale=user HTTP/1.1" 401 96 "https://makhado.squareroot.co.za/" "Mozilla/5.0 (Linux; Android 10; K) AppleWebKit/537.36 (KHTML, like Gecko) Chrome/142.0.0.0 Mobile Safari/537.36"
185.203.122.210 - - [07/Nov/2025:11:48:27 +0200] "GET /wp-content/uploads/2025/08/bg-contact1.jpg HTTP/1.1" 304 - "https://makhado.squareroot.co.za/" "Mozilla/5.0 (Linux; Android 10; K) AppleWebKit/537.36 (KHTML, like Gecko) Chrome/142.0.0.0 Mobile Safari/537.36"
169.1.20.187 - - [07/Nov/2025:13:15:26 +0200] "POST /wp-cron.php?doing_wp_cron=1762514125.9548640251159667968750 HTTP/1.1" 200 - "-" "WordPress/6.8.3; https://makhado.squareroot.co.za"
169.1.20.187 - - [07/Nov/2025:13:15:26 +0200] "POST /wp-cron.php?doing_wp_cron=1762514125.9550819396972656250000 HTTP/1.1" 200 - "-" "WordPress/6.8.3; https://makhado.squareroot.co.za"
185.203.122.210 - - [07/Nov/2025:13:15:08 +0200] "POST /?wc-ajax=woosw_get_data HTTP/1.1" 200 265 "https://makhado.squareroot.co.za/" "Mozilla/5.0 (Linux; Android 10; K) AppleWebKit/537.36 (KHTML, like Gecko) Chrome/142.0.0.0 Mobile Safari/537.36"
185.203.122.210 - - [07/Nov/2025:13:15:08 +0200] "GET /wp-json/wp/v2/users/me?context=edit&_locale=user HTTP/1.1" 401 96 "https://makhado.squareroot.co.za/" "Mozilla/5.0 (Linux; Android 10; K) AppleWebKit/537.36 (KHTML, like Gecko) Chrome/142.0.0.0 Mobile Safari/537.36"
169.1.20.187 - - [07/Nov/2025:15:28:28 +0200] "POST /wp-cron.php?doing_wp_cron=1762522107.9935169219970703125000 HTTP/1.1" 200 - "-" "WordPress/6.8.3; https://makhado.squareroot.co.za"
138.197.172.141 - - [07/Nov/2025:15:28:17 +0200] "GET / HTTP/1.1" 301 - "-" "Mozilla/5.0 (X11; Linux x86_64; rv:139.0) Gecko/20100101 Firefox/139.0"
169.1.20.187 - - [07/Nov/2025:17:38:31 +0200] "POST /wp-cron.php?doing_wp_cron=1762529911.9254488945007324218750 HTTP/1.1" 200 - "-" "WordPress/6.8.3; https://makhado.squareroot.co.za"
197.79.64.234 - - [07/Nov/2025:17:38:24 +0200] "GET / HTTP/1.1" 200 264970 "-" "Mozilla/5.0 (Windows NT 10.0; Win64; x64) AppleWebKit/537.36 (KHTML, like Gecko) Chrome/142.0.0.0 Safari/537.36"
197.79.64.234 - - [07/Nov/2025:17:38:37 +0200] "POST /?wc-ajax=woosw_get_data HTTP/1.1" 200 265 "https://makhado.squareroot.co.za/" "Mozilla/5.0 (Windows NT 10.0; Win64; x64) AppleWebKit/537.36 (KHTML, like Gecko) Chrome/142.0.0.0 Safari/537.36"
197.79.64.234 - - [07/Nov/2025:17:38:36 +0200] "GET /wp-json/wp/v2/users/me?context=edit&_locale=user HTTP/1.1" 200 6765 "https://makhado.squareroot.co.za/" "Mozilla/5.0 (Windows NT 10.0; Win64; x64) AppleWebKit/537.36 (KHTML, like Gecko) Chrome/142.0.0.0 Safari/537.36"
169.1.20.187 - - [07/Nov/2025:17:38:40 +0200] "POST /wp-cron.php?doing_wp_cron=1762529920.6811850070953369140625 HTTP/1.1" 200 - "-" "WordPress/6.8.3; https://makhado.squareroot.co.za"
197.79.64.234 - - [07/Nov/2025:17:38:38 +0200] "GET /wp-json/contact-form-7/v1/contact-forms/7/feedback/schema HTTP/1.1" 200 1476 "https://makhado.squareroot.co.za/" "Mozilla/5.0 (Windows NT 10.0; Win64; x64) AppleWebKit/537.36 (KHTML, like Gecko) Chrome/142.0.0.0 Safari/537.36"
197.79.64.234 - - [07/Nov/2025:17:38:58 +0200] "GET /wp-content/plugins/woo-smart-wishlist/assets/css/frontend.css.map HTTP/1.1" 200 3272 "-" "Mozilla/5.0 (Windows NT 10.0; Win64; x64) AppleWebKit/537.36 (KHTML, like Gecko) Chrome/142.0.0.0 Safari/537.36"
197.79.64.234 - - [07/Nov/2025:17:38:58 +0200] "GET /wp-content/plugins/woo-smart-compare/assets/css/frontend.css.map HTTP/1.1" 200 6605 "-" "Mozilla/5.0 (Windows NT 10.0; Win64; x64) AppleWebKit/537.36 (KHTML, like Gecko) Chrome/142.0.0.0 Safari/537.36"
169.1.20.187 - - [07/Nov/2025:17:42:16 +0200] "POST /wp-cron.php?doing_wp_cron=1762530136.8598430156707763671875 HTTP/1.1" 200 - "-" "WordPress/6.8.3; https://makhado.squareroot.co.za"
197.79.64.234 - - [07/Nov/2025:17:42:11 +0200] "GET /wp-admin/upload.php HTTP/1.1" 200 228715 "https://makhado.squareroot.co.za/wp-admin/" "Mozilla/5.0 (Windows NT 10.0; Win64; x64) AppleWebKit/537.36 (KHTML, like Gecko) Chrome/142.0.0.0 Safari/537.36"
197.79.64.234 - - [07/Nov/2025:17:42:20 +0200] "GET /wp-json/wp/v2/users/me?context=edit&_locale=user HTTP/1.1" 200 6765 "https://makhado.squareroot.co.za/wp-admin/upload.php" "Mozilla/5.0 (Windows NT 10.0; Win64; x64) AppleWebKit/537.36 (KHTML, like Gecko) Chrome/142.0.0.0 Safari/537.36"
197.79.64.234 - - [07/Nov/2025:17:42:21 +0200] "POST /wp-admin/admin-ajax.php HTTP/1.1" 200 109931 "https://makhado.squareroot.co.za/wp-admin/upload.php" "Mozilla/5.0 (Windows NT 10.0; Win64; x64) AppleWebKit/537.36 (KHTML, like Gecko) Chrome/142.0.0.0 Safari/537.36"
197.79.64.234 - - [07/Nov/2025:17:42:20 +0200] "GET /wp-content/plugins/user-registration/assets/images/UR-Logo.gif HTTP/1.1" 404 216765 "https://makhado.squareroot.co.za/wp-admin/upload.php" "Mozilla/5.0 (Windows NT 10.0; Win64; x64) AppleWebKit/537.36 (KHTML, like Gecko) Chrome/142.0.0.0 Safari/537.36"
197.79.64.234 - - [07/Nov/2025:17:42:26 +0200] "POST /wp-admin/admin-ajax.php HTTP/1.1" 200 147 "https://makhado.squareroot.co.za/wp-admin/upload.php" "Mozilla/5.0 (Windows NT 10.0; Win64; x64) AppleWebKit/537.36 (KHTML, like Gecko) Chrome/142.0.0.0 Safari/537.36"
169.1.20.187 - - [07/Nov/2025:17:43:27 +0200] "POST /wp-cron.php?doing_wp_cron=1762530207.0277531147003173828125 HTTP/1.1" 200 - "-" "WordPress/6.8.3; https://makhado.squareroot.co.za"
197.79.64.234 - - [07/Nov/2025:17:43:24 +0200] "GET /wp-admin/upload.php HTTP/1.1" 200 228676 "https://makhado.squareroot.co.za/wp-admin/" "Mozilla/5.0 (Windows NT 10.0; Win64; x64) AppleWebKit/537.36 (KHTML, like Gecko) Chrome/142.0.0.0 Safari/537.36"
197.79.64.234 - - [07/Nov/2025:17:43:26 +0200] "POST /wp-admin/admin-ajax.php HTTP/1.1" 200 147 "https://makhado.squareroot.co.za/wp-admin/upload.php" "Mozilla/5.0 (Windows NT 10.0; Win64; x64) AppleWebKit/537.36 (KHTML, like Gecko) Chrome/142.0.0.0 Safari/537.36"
197.79.64.234 - - [07/Nov/2025:17:43:28 +0200] "GET /wp-json/wp/v2/users/me?context=edit&_locale=user HTTP/1.1" 200 6765 "https://makhado.squareroot.co.za/wp-admin/upload.php" "Mozilla/5.0 (Windows NT 10.0; Win64; x64) AppleWebKit/537.36 (KHTML, like Gecko) Chrome/142.0.0.0 Safari/537.36"
197.79.64.234 - - [07/Nov/2025:17:43:28 +0200] "GET /wp-content/plugins/user-registration/assets/images/UR-Logo.gif HTTP/1.1" 404 216765 "https://makhado.squareroot.co.za/wp-admin/upload.php" "Mozilla/5.0 (Windows NT 10.0; Win64; x64) AppleWebKit/537.36 (KHTML, like Gecko) Chrome/142.0.0.0 Safari/537.36"
197.79.64.234 - - [07/Nov/2025:17:43:29 +0200] "POST /wp-admin/admin-ajax.php HTTP/1.1" 200 109931 "https://makhado.squareroot.co.za/wp-admin/upload.php" "Mozilla/5.0 (Windows NT 10.0; Win64; x64) AppleWebKit/537.36 (KHTML, like Gecko) Chrome/142.0.0.0 Safari/537.36"
197.79.64.234 - - [07/Nov/2025:17:43:34 +0200] "POST /wp-admin/admin-ajax.php HTTP/1.1" 200 147 "https://makhado.squareroot.co.za/wp-admin/upload.php" "Mozilla/5.0 (Windows NT 10.0; Win64; x64) AppleWebKit/537.36 (KHTML, like Gecko) Chrome/142.0.0.0 Safari/537.36"
169.1.20.187 - - [07/Nov/2025:17:44:07 +0200] "POST /wp-cron.php?doing_wp_cron=1762530247.4182751178741455078125 HTTP/1.1" 200 - "-" "WordPress/6.8.3; https://makhado.squareroot.co.za"
197.79.64.234 - - [07/Nov/2025:17:44:02 +0200] "POST /wp-admin/async-upload.php HTTP/1.1" 200 1447 "https://makhado.squareroot.co.za/wp-admin/upload.php" "Mozilla/5.0 (Windows NT 10.0; Win64; x64) AppleWebKit/537.36 (KHTML, like Gecko) Chrome/142.0.0.0 Safari/537.36"
197.79.64.234 - - [07/Nov/2025:17:44:08 +0200] "GET /wp-content/uploads/2025/11/home-1-300x255.jpg HTTP/1.1" 200 16089 "https://makhado.squareroot.co.za/wp-admin/upload.php" "Mozilla/5.0 (Windows NT 10.0; Win64; x64) AppleWebKit/537.36 (KHTML, like Gecko) Chrome/142.0.0.0 Safari/537.36"
197.79.64.234 - - [07/Nov/2025:17:44:32 +0200] "GET /wp-admin/ HTTP/1.1" 200 282150 "-" "Mozilla/5.0 (Windows NT 10.0; Win64; x64) AppleWebKit/537.36 (KHTML, like Gecko) Chrome/142.0.0.0 Safari/537.36"
197.79.64.234 - - [07/Nov/2025:17:44:34 +0200] "POST /wp-admin/admin-ajax.php HTTP/1.1" 200 147 "https://makhado.squareroot.co.za/wp-admin/upload.php" "Mozilla/5.0 (Windows NT 10.0; Win64; x64) AppleWebKit/537.36 (KHTML, like Gecko) Chrome/142.0.0.0 Safari/537.36"
197.79.64.234 - - [07/Nov/2025:17:44:35 +0200] "GET /wp-content/plugins/user-registration/assets/images/UR-Logo.gif HTTP/1.1" 404 216755 "https://makhado.squareroot.co.za/wp-admin/" "Mozilla/5.0 (Windows NT 10.0; Win64; x64) AppleWebKit/537.36 (KHTML, like Gecko) Chrome/142.0.0.0 Safari/537.36"
197.79.64.234 - - [07/Nov/2025:17:44:35 +0200] "GET /wp-json/wp/v2/users/me?context=edit&_locale=user HTTP/1.1" 200 6765 "https://makhado.squareroot.co.za/wp-admin/" "Mozilla/5.0 (Windows NT 10.0; Win64; x64) AppleWebKit/537.36 (KHTML, like Gecko) Chrome/142.0.0.0 Safari/537.36"
169.1.20.187 - - [07/Nov/2025:17:44:40 +0200] "POST /wp-cron.php?doing_wp_cron=1762530280.1243410110473632812500 HTTP/1.1" 200 - "-" "WordPress/6.8.3; https://makhado.squareroot.co.za"
197.79.64.234 - - [07/Nov/2025:17:44:37 +0200] "POST /wp-admin/admin-ajax.php HTTP/1.1" 200 50 "https://makhado.squareroot.co.za/wp-admin/" "Mozilla/5.0 (Windows NT 10.0; Win64; x64) AppleWebKit/537.36 (KHTML, like Gecko) Chrome/142.0.0.0 Safari/537.36"
197.79.64.234 - - [07/Nov/2025:17:44:36 +0200] "GET /wp-json/give-api/v2/reports/income?start=2025-10-31&end=2025-11-07¤cy=USD&testMode=1 HTTP/1.1" 200 693 "https://makhado.squareroot.co.za/wp-admin/" "Mozilla/5.0 (Windows NT 10.0; Win64; x64) AppleWebKit/537.36 (KHTML, like Gecko) Chrome/142.0.0.0 Safari/537.36"
197.79.64.234 - - [07/Nov/2025:17:44:36 +0200] "GET /wp-json/give-api/v2/reports/total-income?start=2025-10-31&end=2025-11-07¤cy=USD&testMode=1 HTTP/1.1" 200 788 "https://makhado.squareroot.co.za/wp-admin/" "Mozilla/5.0 (Windows NT 10.0; Win64; x64) AppleWebKit/537.36 (KHTML, like Gecko) Chrome/142.0.0.0 Safari/537.36"
197.79.64.234 - - [07/Nov/2025:17:44:36 +0200] "GET /wp-json/give-api/v2/reports/average-donation?start=2025-10-31&end=2025-11-07¤cy=USD&testMode=1 HTTP/1.1" 200 844 "https://makhado.squareroot.co.za/wp-admin/" "Mozilla/5.0 (Windows NT 10.0; Win64; x64) AppleWebKit/537.36 (KHTML, like Gecko) Chrome/142.0.0.0 Safari/537.36"
197.79.64.234 - - [07/Nov/2025:17:44:36 +0200] "GET /wp-json/give-api/v2/reports/total-refunds?start=2025-10-31&end=2025-11-07¤cy=USD&testMode=1 HTTP/1.1" 200 833 "https://makhado.squareroot.co.za/wp-admin/" "Mozilla/5.0 (Windows NT 10.0; Win64; x64) AppleWebKit/537.36 (KHTML, like Gecko) Chrome/142.0.0.0 Safari/537.36"
197.79.64.234 - - [07/Nov/2025:17:44:36 +0200] "GET /wp-json/wp/v2/ HTTP/1.1" 200 286891 "https://makhado.squareroot.co.za/wp-admin/" "Mozilla/5.0 (Windows NT 10.0; Win64; x64) AppleWebKit/537.36 (KHTML, like Gecko) Chrome/142.0.0.0 Safari/537.36"
197.79.64.234 - - [07/Nov/2025:17:44:36 +0200] "GET /wp-json/give-api/v2/reports/total-donors?start=2025-10-31&end=2025-11-07¤cy=USD&testMode=1 HTTP/1.1" 200 825 "https://makhado.squareroot.co.za/wp-admin/" "Mozilla/5.0 (Windows NT 10.0; Win64; x64) AppleWebKit/537.36 (KHTML, like Gecko) Chrome/142.0.0.0 Safari/537.36"
197.79.64.234 - - [07/Nov/2025:17:44:40 +0200] "POST /wp-admin/admin-ajax.php HTTP/1.1" 200 101 "https://makhado.squareroot.co.za/wp-admin/" "Mozilla/5.0 (Windows NT 10.0; Win64; x64) AppleWebKit/537.36 (KHTML, like Gecko) Chrome/142.0.0.0 Safari/537.36"
197.79.64.234 - - [07/Nov/2025:17:44:42 +0200] "POST /wp-admin/admin-ajax.php HTTP/1.1" 200 147 "https://makhado.squareroot.co.za/wp-admin/" "Mozilla/5.0 (Windows NT 10.0; Win64; x64) AppleWebKit/537.36 (KHTML, like Gecko) Chrome/142.0.0.0 Safari/537.36"
169.1.20.187 - - [07/Nov/2025:17:45:44 +0200] "POST /wp-cron.php?doing_wp_cron=1762530344.5866410732269287109375 HTTP/1.1" 200 - "-" "WordPress/6.8.3; https://makhado.squareroot.co.za"
197.79.64.234 - - [07/Nov/2025:17:45:42 +0200] "POST /wp-admin/admin-ajax.php HTTP/1.1" 200 147 "https://makhado.squareroot.co.za/wp-admin/" "Mozilla/5.0 (Windows NT 10.0; Win64; x64) AppleWebKit/537.36 (KHTML, like Gecko) Chrome/142.0.0.0 Safari/537.36"
197.79.64.234 - - [07/Nov/2025:17:46:34 +0200] "POST /wp-admin/admin-ajax.php HTTP/1.1" 200 147 "https://makhado.squareroot.co.za/wp-admin/upload.php" "Mozilla/5.0 (Windows NT 10.0; Win64; x64) AppleWebKit/537.36 (KHTML, like Gecko) Chrome/142.0.0.0 Safari/537.36"
169.1.20.187 - - [07/Nov/2025:17:46:44 +0200] "POST /wp-cron.php?doing_wp_cron=1762530404.0371000766754150390625 HTTP/1.1" 200 - "-" "WordPress/6.8.3; https://makhado.squareroot.co.za"
197.79.64.234 - - [07/Nov/2025:17:46:42 +0200] "POST /wp-admin/admin-ajax.php HTTP/1.1" 200 147 "https://makhado.squareroot.co.za/wp-admin/" "Mozilla/5.0 (Windows NT 10.0; Win64; x64) AppleWebKit/537.36 (KHTML, like Gecko) Chrome/142.0.0.0 Safari/537.36"
197.79.64.234 - - [07/Nov/2025:17:47:34 +0200] "POST /wp-admin/admin-ajax.php HTTP/1.1" 200 147 "https://makhado.squareroot.co.za/wp-admin/upload.php" "Mozilla/5.0 (Windows NT 10.0; Win64; x64) AppleWebKit/537.36 (KHTML, like Gecko) Chrome/142.0.0.0 Safari/537.36"
169.1.20.187 - - [07/Nov/2025:17:47:44 +0200] "POST /wp-cron.php?doing_wp_cron=1762530464.1130790710449218750000 HTTP/1.1" 200 - "-" "WordPress/6.8.3; https://makhado.squareroot.co.za"
197.79.64.234 - - [07/Nov/2025:17:47:42 +0200] "POST /wp-admin/admin-ajax.php HTTP/1.1" 200 147 "https://makhado.squareroot.co.za/wp-admin/" "Mozilla/5.0 (Windows NT 10.0; Win64; x64) AppleWebKit/537.36 (KHTML, like Gecko) Chrome/142.0.0.0 Safari/537.36"
197.79.64.234 - - [07/Nov/2025:17:48:23 +0200] "GET /wp-admin/edit.php?post_type=page HTTP/1.1" 200 265094 "https://makhado.squareroot.co.za/wp-admin/" "Mozilla/5.0 (Windows NT 10.0; Win64; x64) AppleWebKit/537.36 (KHTML, like Gecko) Chrome/142.0.0.0 Safari/537.36"
197.79.64.234 - - [07/Nov/2025:17:48:26 +0200] "GET /wp-content/plugins/give/build/assets/dist/css/admin-shortcode-button.css?ver=4.13.0 HTTP/1.1" 200 1547 "https://makhado.squareroot.co.za/wp-admin/edit.php?post_type=page" "Mozilla/5.0 (Windows NT 10.0; Win64; x64) AppleWebKit/537.36 (KHTML, like Gecko) Chrome/142.0.0.0 Safari/537.36"
197.79.64.234 - - [07/Nov/2025:17:48:26 +0200] "GET /wp-admin/load-styles.php?c=0&dir=ltr&load%5Bchunk_0%5D=dashicons,admin-bar,common,forms,admin-menu,dashboard,list-tables,edit,revisions,media,themes,about,nav-menus,wp-pointer,widgets&load%5Bchunk_1%5D=,site-icon,l10n,buttons,wp-auth-check,wp-color-picker,media-views&ver=6.8.3 HTTP/1.1" 200 451816 "https://makhado.squareroot.co.za/wp-admin/edit.php?post_type=page" "Mozilla/5.0 (Windows NT 10.0; Win64; x64) AppleWebKit/537.36 (KHTML, like Gecko) Chrome/142.0.0.0 Safari/537.36"
197.79.64.234 - - [07/Nov/2025:17:48:26 +0200] "GET /wp-includes/js/jquery/ui/menu.min.js?ver=1.13.3 HTTP/1.1" 200 10199 "https://makhado.squareroot.co.za/wp-admin/edit.php?post_type=page" "Mozilla/5.0 (Windows NT 10.0; Win64; x64) AppleWebKit/537.36 (KHTML, like Gecko) Chrome/142.0.0.0 Safari/537.36"
197.79.64.234 - - [07/Nov/2025:17:48:27 +0200] "GET /wp-admin/js/inline-edit-post.min.js?ver=6.8.3 HTTP/1.1" 200 9639 "https://makhado.squareroot.co.za/wp-admin/edit.php?post_type=page" "Mozilla/5.0 (Windows NT 10.0; Win64; x64) AppleWebKit/537.36 (KHTML, like Gecko) Chrome/142.0.0.0 Safari/537.36"
197.79.64.234 - - [07/Nov/2025:17:48:27 +0200] "GET /wp-includes/js/jquery/ui/autocomplete.min.js?ver=1.13.3 HTTP/1.1" 200 8536 "https://makhado.squareroot.co.za/wp-admin/edit.php?post_type=page" "Mozilla/5.0 (Windows NT 10.0; Win64; x64) AppleWebKit/537.36 (KHTML, like Gecko) Chrome/142.0.0.0 Safari/537.36"
197.79.64.234 - - [07/Nov/2025:17:48:27 +0200] "GET /wp-admin/js/tags-suggest.min.js?ver=6.8.3 HTTP/1.1" 200 2269 "https://makhado.squareroot.co.za/wp-admin/edit.php?post_type=page" "Mozilla/5.0 (Windows NT 10.0; Win64; x64) AppleWebKit/537.36 (KHTML, like Gecko) Chrome/142.0.0.0 Safari/537.36"
197.79.64.234 - - [07/Nov/2025:17:48:27 +0200] "GET /wp-content/plugins/give/build/assets/dist/js/admin-shortcodes.js?ver=4.13.0 HTTP/1.1" 200 2636 "https://makhado.squareroot.co.za/wp-admin/edit.php?post_type=page" "Mozilla/5.0 (Windows NT 10.0; Win64; x64) AppleWebKit/537.36 (KHTML, like Gecko) Chrome/142.0.0.0 Safari/537.36"
197.79.64.234 - - [07/Nov/2025:17:48:26 +0200] "GET /wp-json/wp/v2/users/me?context=edit&_locale=user HTTP/1.1" 200 6765 "https://makhado.squareroot.co.za/wp-admin/edit.php?post_type=page" "Mozilla/5.0 (Windows NT 10.0; Win64; x64) AppleWebKit/537.36 (KHTML, like Gecko) Chrome/142.0.0.0 Safari/537.36"
197.79.64.234 - - [07/Nov/2025:17:48:26 +0200] "GET /wp-content/plugins/user-registration/assets/images/UR-Logo.gif HTTP/1.1" 404 216778 "https://makhado.squareroot.co.za/wp-admin/edit.php?post_type=page" "Mozilla/5.0 (Windows NT 10.0; Win64; x64) AppleWebKit/537.36 (KHTML, like Gecko) Chrome/142.0.0.0 Safari/537.36"
197.79.64.234 - - [07/Nov/2025:17:48:34 +0200] "POST /wp-admin/admin-ajax.php HTTP/1.1" 200 147 "https://makhado.squareroot.co.za/wp-admin/upload.php" "Mozilla/5.0 (Windows NT 10.0; Win64; x64) AppleWebKit/537.36 (KHTML, like Gecko) Chrome/142.0.0.0 Safari/537.36"
197.79.64.234 - - [07/Nov/2025:17:48:37 +0200] "POST /wp-admin/admin-ajax.php HTTP/1.1" 200 147 "https://makhado.squareroot.co.za/wp-admin/edit.php?post_type=page" "Mozilla/5.0 (Windows NT 10.0; Win64; x64) AppleWebKit/537.36 (KHTML, like Gecko) Chrome/142.0.0.0 Safari/537.36"
169.1.20.187 - - [07/Nov/2025:17:48:47 +0200] "POST /wp-cron.php?doing_wp_cron=1762530527.7740058898925781250000 HTTP/1.1" 200 - "-" "WordPress/6.8.3; https://makhado.squareroot.co.za"
197.79.64.234 - - [07/Nov/2025:17:48:46 +0200] "GET /wp-admin/post.php?post=19&action=elementor HTTP/1.1" 200 2264327 "https://makhado.squareroot.co.za/wp-admin/edit.php?post_type=page" "Mozilla/5.0 (Windows NT 10.0; Win64; x64) AppleWebKit/537.36 (KHTML, like Gecko) Chrome/142.0.0.0 Safari/537.36"
197.79.64.234 - - [07/Nov/2025:17:48:51 +0200] "GET /wp-includes/css/editor.min.css?ver=6.8.3 HTTP/1.1" 200 26851 "https://makhado.squareroot.co.za/wp-admin/post.php?post=19&action=elementor" "Mozilla/5.0 (Windows NT 10.0; Win64; x64) AppleWebKit/537.36 (KHTML, like Gecko) Chrome/142.0.0.0 Safari/537.36"
197.79.64.234 - - [07/Nov/2025:17:48:51 +0200] "GET /wp-content/themes/maxcare/assets/css/admin.css?ver=6.8.3 HTTP/1.1" 200 3702 "https://makhado.squareroot.co.za/wp-admin/post.php?post=19&action=elementor" "Mozilla/5.0 (Windows NT 10.0; Win64; x64) AppleWebKit/537.36 (KHTML, like Gecko) Chrome/142.0.0.0 Safari/537.36"
197.79.64.234 - - [07/Nov/2025:17:48:51 +0200] "GET /wp-includes/js/tinymce/plugins/compat3x/plugin.min.js?ver=49110-20250317 HTTP/1.1" 200 4129 "https://makhado.squareroot.co.za/wp-admin/post.php?post=19&action=elementor" "Mozilla/5.0 (Windows NT 10.0; Win64; x64) AppleWebKit/537.36 (KHTML, like Gecko) Chrome/142.0.0.0 Safari/537.36"
197.79.64.234 - - [07/Nov/2025:17:48:51 +0200] "GET /wp-includes/js/tinymce/tinymce.min.js?ver=49110-20250317 HTTP/1.1" 200 365570 "https://makhado.squareroot.co.za/wp-admin/post.php?post=19&action=elementor" "Mozilla/5.0 (Windows NT 10.0; Win64; x64) AppleWebKit/537.36 (KHTML, like Gecko) Chrome/142.0.0.0 Safari/537.36"
197.79.64.234 - - [07/Nov/2025:17:48:51 +0200] "GET /wp-content/plugins/give/src/ThirdPartySupport/Elementor/Widgets/resources/styles/give-elementor-admin.css?ver=4.13.0 HTTP/1.1" 200 2004 "https://makhado.squareroot.co.za/wp-admin/post.php?post=19&action=elementor" "Mozilla/5.0 (Windows NT 10.0; Win64; x64) AppleWebKit/537.36 (KHTML, like Gecko) Chrome/142.0.0.0 Safari/537.36"
197.79.64.234 - - [07/Nov/2025:17:48:51 +0200] "GET /wp-content/plugins/case-addons/assets/css/elementor-editor.css?ver=1.0.0 HTTP/1.1" 200 89 "https://makhado.squareroot.co.za/wp-admin/post.php?post=19&action=elementor" "Mozilla/5.0 (Windows NT 10.0; Win64; x64) AppleWebKit/537.36 (KHTML, like Gecko) Chrome/142.0.0.0 Safari/537.36"
197.79.64.234 - - [07/Nov/2025:17:48:51 +0200] "GET /wp-includes/css/wp-pointer.min.css?ver=6.8.3 HTTP/1.1" 200 3238 "https://makhado.squareroot.co.za/wp-admin/post.php?post=19&action=elementor" "Mozilla/5.0 (Windows NT 10.0; Win64; x64) AppleWebKit/537.36 (KHTML, like Gecko) Chrome/142.0.0.0 Safari/537.36"
197.79.64.234 - - [07/Nov/2025:17:48:51 +0200] "GET /wp-admin/css/widgets.min.css?ver=6.8.3 HTTP/1.1" 200 14422 "https://makhado.squareroot.co.za/wp-admin/post.php?post=19&action=elementor" "Mozilla/5.0 (Windows NT 10.0; Win64; x64) AppleWebKit/537.36 (KHTML, like Gecko) Chrome/142.0.0.0 Safari/537.36"
197.79.64.234 - - [07/Nov/2025:17:48:51 +0200] "GET /wp-includes/css/media-views.min.css?ver=6.8.3 HTTP/1.1" 200 46567 "https://makhado.squareroot.co.za/wp-admin/post.php?post=19&action=elementor" "Mozilla/5.0 (Windows NT 10.0; Win64; x64) AppleWebKit/537.36 (KHTML, like Gecko) Chrome/142.0.0.0 Safari/537.36"
197.79.64.234 - - [07/Nov/2025:17:48:52 +0200] "GET /wp-admin/css/media.min.css?ver=6.8.3 HTTP/1.1" 200 21783 "https://makhado.squareroot.co.za/wp-admin/post.php?post=19&action=elementor" "Mozilla/5.0 (Windows NT 10.0; Win64; x64) AppleWebKit/537.36 (KHTML, like Gecko) Chrome/142.0.0.0 Safari/537.36"
197.79.64.234 - - [07/Nov/2025:17:48:52 +0200] "GET /wp-content/plugins/case-addons/assets/css/layout-control.css?ver=1.0.0 HTTP/1.1" 200 372 "https://makhado.squareroot.co.za/wp-admin/post.php?post=19&action=elementor" "Mozilla/5.0 (Windows NT 10.0; Win64; x64) AppleWebKit/537.36 (KHTML, like Gecko) Chrome/142.0.0.0 Safari/537.36"
197.79.64.234 - - [07/Nov/2025:17:48:52 +0200] "GET /wp-content/plugins/elementor/assets/lib/flatpickr/flatpickr.min.css?ver=4.6.13 HTTP/1.1" 200 15588 "https://makhado.squareroot.co.za/wp-admin/post.php?post=19&action=elementor" "Mozilla/5.0 (Windows NT 10.0; Win64; x64) AppleWebKit/537.36 (KHTML, like Gecko) Chrome/142.0.0.0 Safari/537.36"
197.79.64.234 - - [07/Nov/2025:17:48:52 +0200] "GET /wp-includes/css/wp-auth-check.min.css?ver=6.8.3 HTTP/1.1" 200 1878 "https://makhado.squareroot.co.za/wp-admin/post.php?post=19&action=elementor" "Mozilla/5.0 (Windows NT 10.0; Win64; x64) AppleWebKit/537.36 (KHTML, like Gecko) Chrome/142.0.0.0 Safari/537.36"
197.79.64.234 - - [07/Nov/2025:17:48:52 +0200] "GET /wp-content/plugins/elementor/assets/css/editor-v2-app-bar-overrides.min.css?ver=3.32.5 HTTP/1.1" 200 1047 "https://makhado.squareroot.co.za/wp-admin/post.php?post=19&action=elementor" "Mozilla/5.0 (Windows NT 10.0; Win64; x64) AppleWebKit/537.36 (KHTML, like Gecko) Chrome/142.0.0.0 Safari/537.36"
197.79.64.234 - - [07/Nov/2025:17:48:52 +0200] "GET /wp-content/plugins/elementor/assets/lib/e-select2/css/e-select2.min.css?ver=4.0.6-rc.1 HTTP/1.1" 200 14773 "https://makhado.squareroot.co.za/wp-admin/post.php?post=19&action=elementor" "Mozilla/5.0 (Windows NT 10.0; Win64; x64) AppleWebKit/537.36 (KHTML, like Gecko) Chrome/142.0.0.0 Safari/537.36"
197.79.64.234 - - [07/Nov/2025:17:48:52 +0200] "GET /wp-content/plugins/case-addons/assets/css/table-control.css?ver=1.0.1 HTTP/1.1" 200 4236 "https://makhado.squareroot.co.za/wp-admin/post.php?post=19&action=elementor" "Mozilla/5.0 (Windows NT 10.0; Win64; x64) AppleWebKit/537.36 (KHTML, like Gecko) Chrome/142.0.0.0 Safari/537.36"
197.79.64.234 - - [07/Nov/2025:17:48:52 +0200] "GET /wp-content/plugins/elementor/assets/lib/pickr/themes/monolith.min.css?ver=1.8.2 HTTP/1.1" 200 9117 "https://makhado.squareroot.co.za/wp-admin/post.php?post=19&action=elementor" "Mozilla/5.0 (Windows NT 10.0; Win64; x64) AppleWebKit/537.36 (KHTML, like Gecko) Chrome/142.0.0.0 Safari/537.36"
197.79.64.234 - - [07/Nov/2025:17:48:52 +0200] "GET /wp-content/plugins/elementor/assets/css/editor.min.css?ver=3.32.5 HTTP/1.1" 200 214440 "https://makhado.squareroot.co.za/wp-admin/post.php?post=19&action=elementor" "Mozilla/5.0 (Windows NT 10.0; Win64; x64) AppleWebKit/537.36 (KHTML, like Gecko) Chrome/142.0.0.0 Safari/537.36"
197.79.64.234 - - [07/Nov/2025:17:48:52 +0200] "GET /wp-content/plugins/user-registration/assets/css/my-account-layout.css?ver=4.4.5 HTTP/1.1" 200 72975 "https://makhado.squareroot.co.za/wp-admin/post.php?post=19&action=elementor" "Mozilla/5.0 (Windows NT 10.0; Win64; x64) AppleWebKit/537.36 (KHTML, like Gecko) Chrome/142.0.0.0 Safari/537.36"
197.79.64.234 - - [07/Nov/2025:17:48:52 +0200] "GET /wp-content/plugins/user-registration/assets/css/admin.css?ver=4.4.5 HTTP/1.1" 200 437771 "https://makhado.squareroot.co.za/wp-admin/post.php?post=19&action=elementor" "Mozilla/5.0 (Windows NT 10.0; Win64; x64) AppleWebKit/537.36 (KHTML, like Gecko) Chrome/142.0.0.0 Safari/537.36"
197.79.64.234 - - [07/Nov/2025:17:48:52 +0200] "GET /wp-content/plugins/elementor/assets/css/modules/container-converter/editor.min.css?ver=3.32.5 HTTP/1.1" 200 399 "https://makhado.squareroot.co.za/wp-admin/post.php?post=19&action=elementor" "Mozilla/5.0 (Windows NT 10.0; Win64; x64) AppleWebKit/537.36 (KHTML, like Gecko) Chrome/142.0.0.0 Safari/537.36"
197.79.64.234 - - [07/Nov/2025:17:48:52 +0200] "GET /wp-content/plugins/elementor/assets/css/modules/ai/editor.min.css?ver=3.32.5 HTTP/1.1" 200 587 "https://makhado.squareroot.co.za/wp-admin/post.php?post=19&action=elementor" "Mozilla/5.0 (Windows NT 10.0; Win64; x64) AppleWebKit/537.36 (KHTML, like Gecko) Chrome/142.0.0.0 Safari/537.36"
197.79.64.234 - - [07/Nov/2025:17:48:52 +0200] "GET /wp-content/plugins/elementor/assets/css/modules/notes/editor.min.css?ver=3.32.5 HTTP/1.1" 200 117 "https://makhado.squareroot.co.za/wp-admin/post.php?post=19&action=elementor" "Mozilla/5.0 (Windows NT 10.0; Win64; x64) AppleWebKit/537.36 (KHTML, like Gecko) Chrome/142.0.0.0 Safari/537.36"
197.79.64.234 - - [07/Nov/2025:17:48:52 +0200] "GET /wp-content/plugins/revslider/admin/assets/css/basics.css?ver=6.7.38 HTTP/1.1" 200 103492 "https://makhado.squareroot.co.za/wp-admin/post.php?post=19&action=elementor" "Mozilla/5.0 (Windows NT 10.0; Win64; x64) AppleWebKit/537.36 (KHTML, like Gecko) Chrome/142.0.0.0 Safari/537.36"
197.79.64.234 - - [07/Nov/2025:17:48:52 +0200] "GET /wp-content/plugins/revslider/sr6/assets/fonts/material/material-icons.css?ver=6.7.38 HTTP/1.1" 200 970 "https://makhado.squareroot.co.za/wp-admin/post.php?post=19&action=elementor" "Mozilla/5.0 (Windows NT 10.0; Win64; x64) AppleWebKit/537.36 (KHTML, like Gecko) Chrome/142.0.0.0 Safari/537.36"
197.79.64.234 - - [07/Nov/2025:17:48:52 +0200] "GET /wp-content/plugins/revslider/admin/assets/css/ddTP.css?ver=6.7.38 HTTP/1.1" 200 20449 "https://makhado.squareroot.co.za/wp-admin/post.php?post=19&action=elementor" "Mozilla/5.0 (Windows NT 10.0; Win64; x64) AppleWebKit/537.36 (KHTML, like Gecko) Chrome/142.0.0.0 Safari/537.36"
197.79.64.234 - - [07/Nov/2025:17:48:52 +0200] "GET /wp-content/plugins/revslider/admin/assets/css/tp-color-picker.css?ver=6.7.38 HTTP/1.1" 200 36508 "https://makhado.squareroot.co.za/wp-admin/post.php?post=19&action=elementor" "Mozilla/5.0 (Windows NT 10.0; Win64; x64) AppleWebKit/537.36 (KHTML, like Gecko) Chrome/142.0.0.0 Safari/537.36"
197.79.64.234 - - [07/Nov/2025:17:48:52 +0200] "GET /wp-content/plugins/revslider/admin/assets/css/builder.css?ver=6.7.38 HTTP/1.1" 200 296061 "https://makhado.squareroot.co.za/wp-admin/post.php?post=19&action=elementor" "Mozilla/5.0 (Windows NT 10.0; Win64; x64) AppleWebKit/537.36 (KHTML, like Gecko) Chrome/142.0.0.0 Safari/537.36"
197.79.64.234 - - [07/Nov/2025:17:48:52 +0200] "GET /wp-admin/js/widgets/media-widgets.min.js?ver=6.8.3 HTTP/1.1" 200 14241 "https://makhado.squareroot.co.za/wp-admin/post.php?post=19&action=elementor" "Mozilla/5.0 (Windows NT 10.0; Win64; x64) AppleWebKit/537.36 (KHTML, like Gecko) Chrome/142.0.0.0 Safari/537.36"
197.79.64.234 - - [07/Nov/2025:17:48:52 +0200] "GET /wp-admin/js/widgets/media-audio-widget.min.js?ver=6.8.3 HTTP/1.1" 200 1447 "https://makhado.squareroot.co.za/wp-admin/post.php?post=19&action=elementor" "Mozilla/5.0 (Windows NT 10.0; Win64; x64) AppleWebKit/537.36 (KHTML, like Gecko) Chrome/142.0.0.0 Safari/537.36"
197.79.64.234 - - [07/Nov/2025:17:48:52 +0200] "GET /wp-admin/load-scripts.php?c=0&load%5Bchunk_0%5D=jquery-core,jquery-migrate,jquery-ui-core,jquery-ui-mouse,jquery-ui-draggable,underscore,backbone,wp-api-request,wp-hooks&ver=6.8.3 HTTP/1.1" 200 193456 "https://makhado.squareroot.co.za/wp-admin/post.php?post=19&action=elementor" "Mozilla/5.0 (Windows NT 10.0; Win64; x64) AppleWebKit/537.36 (KHTML, like Gecko) Chrome/142.0.0.0 Safari/537.36"
197.79.64.234 - - [07/Nov/2025:17:48:52 +0200] "GET /wp-admin/js/widgets/media-video-widget.min.js?ver=6.8.3 HTTP/1.1" 200 2702 "https://makhado.squareroot.co.za/wp-admin/post.php?post=19&action=elementor" "Mozilla/5.0 (Windows NT 10.0; Win64; x64) AppleWebKit/537.36 (KHTML, like Gecko) Chrome/142.0.0.0 Safari/537.36"
197.79.64.234 - - [07/Nov/2025:17:48:52 +0200] "GET /wp-admin/js/widgets/media-image-widget.min.js?ver=6.8.3 HTTP/1.1" 200 2024 "https://makhado.squareroot.co.za/wp-admin/post.php?post=19&action=elementor" "Mozilla/5.0 (Windows NT 10.0; Win64; x64) AppleWebKit/537.36 (KHTML, like Gecko) Chrome/142.0.0.0 Safari/537.36"
197.79.64.234 - - [07/Nov/2025:17:48:52 +0200] "GET /wp-admin/js/widgets/media-gallery-widget.min.js?ver=6.8.3 HTTP/1.1" 200 3766 "https://makhado.squareroot.co.za/wp-admin/post.php?post=19&action=elementor" "Mozilla/5.0 (Windows NT 10.0; Win64; x64) AppleWebKit/537.36 (KHTML, like Gecko) Chrome/142.0.0.0 Safari/537.36"
197.79.64.234 - - [07/Nov/2025:17:48:52 +0200] "GET /wp-admin/js/editor.min.js?ver=6.8.3 HTTP/1.1" 200 13066 "https://makhado.squareroot.co.za/wp-admin/post.php?post=19&action=elementor" "Mozilla/5.0 (Windows NT 10.0; Win64; x64) AppleWebKit/537.36 (KHTML, like Gecko) Chrome/142.0.0.0 Safari/537.36"
197.79.64.234 - - [07/Nov/2025:17:48:52 +0200] "GET /wp-admin/js/widgets/text-widgets.min.js?ver=6.8.3 HTTP/1.1" 200 5853 "https://makhado.squareroot.co.za/wp-admin/post.php?post=19&action=elementor" "Mozilla/5.0 (Windows NT 10.0; Win64; x64) AppleWebKit/537.36 (KHTML, like Gecko) Chrome/142.0.0.0 Safari/537.36"
197.79.64.234 - - [07/Nov/2025:17:48:52 +0200] "GET /wp-admin/js/widgets/custom-html-widgets.min.js?ver=6.8.3 HTTP/1.1" 200 5582 "https://makhado.squareroot.co.za/wp-admin/post.php?post=19&action=elementor" "Mozilla/5.0 (Windows NT 10.0; Win64; x64) AppleWebKit/537.36 (KHTML, like Gecko) Chrome/142.0.0.0 Safari/537.36"
197.79.64.234 - - [07/Nov/2025:17:48:52 +0200] "GET /wp-content/plugins/case-addons/assets/libs/iconpicker/pxl-iconpicker.js?ver=1.0.0 HTTP/1.1" 200 4610 "https://makhado.squareroot.co.za/wp-admin/post.php?post=19&action=elementor" "Mozilla/5.0 (Windows NT 10.0; Win64; x64) AppleWebKit/537.36 (KHTML, like Gecko) Chrome/142.0.0.0 Safari/537.36"
197.79.64.234 - - [07/Nov/2025:17:48:52 +0200] "GET /wp-content/plugins/revslider/public/js/migration.js?ver=6.7.38 HTTP/1.1" 200 82733 "https://makhado.squareroot.co.za/wp-admin/post.php?post=19&action=elementor" "Mozilla/5.0 (Windows NT 10.0; Win64; x64) AppleWebKit/537.36 (KHTML, like Gecko) Chrome/142.0.0.0 Safari/537.36"
197.79.64.234 - - [07/Nov/2025:17:48:52 +0200] "GET /wp-content/plugins/case-addons/assets/libs/iconpicker/pxl-iconpicker.js?ver=6.8.3 HTTP/1.1" 200 4610 "https://makhado.squareroot.co.za/wp-admin/post.php?post=19&action=elementor" "Mozilla/5.0 (Windows NT 10.0; Win64; x64) AppleWebKit/537.36 (KHTML, like Gecko) Chrome/142.0.0.0 Safari/537.36"
197.79.64.234 - - [07/Nov/2025:17:48:52 +0200] "GET /wp-content/plugins/case-addons/assets/js/layout-control.js?ver=1.0.0 HTTP/1.1" 200 1332 "https://makhado.squareroot.co.za/wp-admin/post.php?post=19&action=elementor" "Mozilla/5.0 (Windows NT 10.0; Win64; x64) AppleWebKit/537.36 (KHTML, like Gecko) Chrome/142.0.0.0 Safari/537.36"
197.79.64.234 - - [07/Nov/2025:17:48:52 +0200] "GET /wp-content/plugins/elementor/assets/js/editor-document.min.js?ver=3.32.5 HTTP/1.1" 200 25881 "https://makhado.squareroot.co.za/wp-admin/post.php?post=19&action=elementor" "Mozilla/5.0 (Windows NT 10.0; Win64; x64) AppleWebKit/537.36 (KHTML, like Gecko) Chrome/142.0.0.0 Safari/537.36"
197.79.64.234 - - [07/Nov/2025:17:48:52 +0200] "GET /wp-content/plugins/elementor/assets/js/editor-modules.min.js?ver=3.32.5 HTTP/1.1" 200 49389 "https://makhado.squareroot.co.za/wp-admin/post.php?post=19&action=elementor" "Mozilla/5.0 (Windows NT 10.0; Win64; x64) AppleWebKit/537.36 (KHTML, like Gecko) Chrome/142.0.0.0 Safari/537.36"
197.79.64.234 - - [07/Nov/2025:17:48:52 +0200] "GET /wp-content/plugins/revslider/admin/assets/js/plugins/utils.min.js?ver=6.7.38 HTTP/1.1" 200 275342 "https://makhado.squareroot.co.za/wp-admin/post.php?post=19&action=elementor" "Mozilla/5.0 (Windows NT 10.0; Win64; x64) AppleWebKit/537.36 (KHTML, like Gecko) Chrome/142.0.0.0 Safari/537.36"
197.79.64.234 - - [07/Nov/2025:17:48:52 +0200] "GET /wp-admin/load-scripts.php?c=0&load%5Bchunk_0%5D=react,react-dom&ver=6.8.3 HTTP/1.1" 200 139576 "https://makhado.squareroot.co.za/wp-admin/post.php?post=19&action=elementor" "Mozilla/5.0 (Windows NT 10.0; Win64; x64) AppleWebKit/537.36 (KHTML, like Gecko) Chrome/142.0.0.0 Safari/537.36"
197.79.64.234 - - [07/Nov/2025:17:48:53 +0200] "GET /wp-content/plugins/elementor/assets/js/nested-elements.min.js?ver=3.32.5 HTTP/1.1" 200 6450 "https://makhado.squareroot.co.za/wp-admin/post.php?post=19&action=elementor" "Mozilla/5.0 (Windows NT 10.0; Win64; x64) AppleWebKit/537.36 (KHTML, like Gecko) Chrome/142.0.0.0 Safari/537.36"
197.79.64.234 - - [07/Nov/2025:17:48:53 +0200] "GET /wp-content/plugins/elementor/assets/js/ai-layout.min.js?ver=3.32.5 HTTP/1.1" 200 189604 "https://makhado.squareroot.co.za/wp-admin/post.php?post=19&action=elementor" "Mozilla/5.0 (Windows NT 10.0; Win64; x64) AppleWebKit/537.36 (KHTML, like Gecko) Chrome/142.0.0.0 Safari/537.36"
197.79.64.234 - - [07/Nov/2025:17:48:53 +0200] "GET /wp-content/plugins/elementor/assets/js/nested-tabs.min.js?ver=3.32.5 HTTP/1.1" 200 10922 "https://makhado.squareroot.co.za/wp-admin/post.php?post=19&action=elementor" "Mozilla/5.0 (Windows NT 10.0; Win64; x64) AppleWebKit/537.36 (KHTML, like Gecko) Chrome/142.0.0.0 Safari/537.36"
197.79.64.234 - - [07/Nov/2025:17:48:53 +0200] "GET /wp-content/plugins/elementor/assets/js/ai.min.js?ver=3.32.5 HTTP/1.1" 200 657993 "https://makhado.squareroot.co.za/wp-admin/post.php?post=19&action=elementor" "Mozilla/5.0 (Windows NT 10.0; Win64; x64) AppleWebKit/537.36 (KHTML, like Gecko) Chrome/142.0.0.0 Safari/537.36"
197.79.64.234 - - [07/Nov/2025:17:48:53 +0200] "GET /wp-content/plugins/elementor/assets/js/nested-accordion.min.js?ver=3.32.5 HTTP/1.1" 200 10927 "https://makhado.squareroot.co.za/wp-admin/post.php?post=19&action=elementor" "Mozilla/5.0 (Windows NT 10.0; Win64; x64) AppleWebKit/537.36 (KHTML, like Gecko) Chrome/142.0.0.0 Safari/537.36"
197.79.64.234 - - [07/Nov/2025:17:48:53 +0200] "GET /wp-content/plugins/elementor/assets/js/kit-elements-defaults-editor.min.js?ver=3.32.5 HTTP/1.1" 200 32766 "https://makhado.squareroot.co.za/wp-admin/post.php?post=19&action=elementor" "Mozilla/5.0 (Windows NT 10.0; Win64; x64) AppleWebKit/537.36 (KHTML, like Gecko) Chrome/142.0.0.0 Safari/537.36"
