197.79.64.234 - - [07/Nov/2025:09:51:24 +0200] "GET /wp-content/plugins/elementor/assets/js/admin-modules.min.js?ver=3.32.5 HTTP/1.1" 304 - "https://makhado.squareroot.co.za/wp-admin/" "Mozilla/5.0 (Windows NT 10.0; Win64; x64) AppleWebKit/537.36 (KHTML, like Gecko) Chrome/142.0.0.0 Safari/537.36"
197.79.64.234 - - [07/Nov/2025:09:51:24 +0200] "GET /wp-content/plugins/woo-smart-wishlist/assets/js/backend.js?ver=5.0.6 HTTP/1.1" 304 - "https://makhado.squareroot.co.za/wp-admin/" "Mozilla/5.0 (Windows NT 10.0; Win64; x64) AppleWebKit/537.36 (KHTML, like Gecko) Chrome/142.0.0.0 Safari/537.36"
197.79.64.234 - - [07/Nov/2025:09:51:24 +0200] "GET /wp-content/plugins/user-registration/assets/js/admin/dashboard-widget.min.js?ver=4.4.5 HTTP/1.1" 304 - "https://makhado.squareroot.co.za/wp-admin/" "Mozilla/5.0 (Windows NT 10.0; Win64; x64) AppleWebKit/537.36 (KHTML, like Gecko) Chrome/142.0.0.0 Safari/537.36"
197.79.64.234 - - [07/Nov/2025:09:51:24 +0200] "GET /wp-content/themes/maxcare/inc/admin/assets/js/admin.js?ver=6.8.3 HTTP/1.1" 304 - "https://makhado.squareroot.co.za/wp-admin/" "Mozilla/5.0 (Windows NT 10.0; Win64; x64) AppleWebKit/537.36 (KHTML, like Gecko) Chrome/142.0.0.0 Safari/537.36"
197.79.64.234 - - [07/Nov/2025:09:51:24 +0200] "GET /wp-content/plugins/elementor/assets/js/media-hints.min.js?ver=3.32.5 HTTP/1.1" 304 - "https://makhado.squareroot.co.za/wp-admin/" "Mozilla/5.0 (Windows NT 10.0; Win64; x64) AppleWebKit/537.36 (KHTML, like Gecko) Chrome/142.0.0.0 Safari/537.36"
197.79.64.234 - - [07/Nov/2025:09:51:24 +0200] "GET /wp-content/plugins/woocommerce/vendor/automattic/jetpack-assets/build/jetpack-script-data.js?minify=false&ver=d93b770c3a1796c5e279 HTTP/1.1" 304 - "https://makhado.squareroot.co.za/wp-admin/" "Mozilla/5.0 (Windows NT 10.0; Win64; x64) AppleWebKit/537.36 (KHTML, like Gecko) Chrome/142.0.0.0 Safari/537.36"
197.79.64.234 - - [07/Nov/2025:09:51:24 +0200] "GET /wp-content/plugins/give/vendor/vendor-prefixed/stellarwp/admin-notices//src/resources/admin-notices.js?ver=1762369935 HTTP/1.1" 304 - "https://makhado.squareroot.co.za/wp-admin/" "Mozilla/5.0 (Windows NT 10.0; Win64; x64) AppleWebKit/537.36 (KHTML, like Gecko) Chrome/142.0.0.0 Safari/537.36"
197.79.64.234 - - [07/Nov/2025:09:51:24 +0200] "GET /wp-content/plugins/give/build/assets/dist/fonts/icomoon.woff?ngjl88 HTTP/1.1" 304 - "https://makhado.squareroot.co.za/wp-admin/" "Mozilla/5.0 (Windows NT 10.0; Win64; x64) AppleWebKit/537.36 (KHTML, like Gecko) Chrome/142.0.0.0 Safari/537.36"
197.79.64.234 - - [07/Nov/2025:09:51:24 +0200] "GET /wp-content/plugins/elementor/assets/lib/eicons/fonts/eicons.woff2?5.44.0 HTTP/1.1" 200 103532 "https://makhado.squareroot.co.za/wp-content/plugins/elementor/assets/lib/eicons/css/elementor-icons.min.css?ver=5.44.0" "Mozilla/5.0 (Windows NT 10.0; Win64; x64) AppleWebKit/537.36 (KHTML, like Gecko) Chrome/142.0.0.0 Safari/537.36"
197.79.64.234 - - [07/Nov/2025:09:51:26 +0200] "GET /wp-includes/js/thickbox/loadingAnimation.gif HTTP/1.1" 304 - "https://makhado.squareroot.co.za/wp-admin/" "Mozilla/5.0 (Windows NT 10.0; Win64; x64) AppleWebKit/537.36 (KHTML, like Gecko) Chrome/142.0.0.0 Safari/537.36"
197.79.64.234 - - [07/Nov/2025:09:51:23 +0200] "GET /wp-content/plugins/user-registration/assets/images/UR-Logo.gif HTTP/1.1" 404 216755 "https://makhado.squareroot.co.za/wp-admin/" "Mozilla/5.0 (Windows NT 10.0; Win64; x64) AppleWebKit/537.36 (KHTML, like Gecko) Chrome/142.0.0.0 Safari/537.36"
197.79.64.234 - - [07/Nov/2025:09:51:23 +0200] "GET /wp-json/wp/v2/users/me?context=edit&_locale=user HTTP/1.1" 200 6765 "https://makhado.squareroot.co.za/wp-admin/" "Mozilla/5.0 (Windows NT 10.0; Win64; x64) AppleWebKit/537.36 (KHTML, like Gecko) Chrome/142.0.0.0 Safari/537.36"
197.79.64.234 - - [07/Nov/2025:09:51:25 +0200] "GET /wp-json/give-api/v2/reports/total-donors?start=2025-10-31&end=2025-11-07¤cy=USD&testMode=1 HTTP/1.1" 200 825 "https://makhado.squareroot.co.za/wp-admin/" "Mozilla/5.0 (Windows NT 10.0; Win64; x64) AppleWebKit/537.36 (KHTML, like Gecko) Chrome/142.0.0.0 Safari/537.36"
197.79.64.234 - - [07/Nov/2025:09:51:31 +0200] "GET /wp-content/plugins/give/build/assets/dist/images/admin/white-external-icon.svg HTTP/1.1" 304 - "https://makhado.squareroot.co.za/wp-admin/" "Mozilla/5.0 (Windows NT 10.0; Win64; x64) AppleWebKit/537.36 (KHTML, like Gecko) Chrome/142.0.0.0 Safari/537.36"
197.79.64.234 - - [07/Nov/2025:09:51:25 +0200] "GET /wp-json/wp/v2/ HTTP/1.1" 200 286891 "https://makhado.squareroot.co.za/wp-admin/" "Mozilla/5.0 (Windows NT 10.0; Win64; x64) AppleWebKit/537.36 (KHTML, like Gecko) Chrome/142.0.0.0 Safari/537.36"
197.79.64.234 - - [07/Nov/2025:09:51:25 +0200] "GET /wp-json/give-api/v2/reports/total-income?start=2025-10-31&end=2025-11-07¤cy=USD&testMode=1 HTTP/1.1" 200 788 "https://makhado.squareroot.co.za/wp-admin/" "Mozilla/5.0 (Windows NT 10.0; Win64; x64) AppleWebKit/537.36 (KHTML, like Gecko) Chrome/142.0.0.0 Safari/537.36"
197.79.64.234 - - [07/Nov/2025:09:51:25 +0200] "GET /wp-json/give-api/v2/reports/income?start=2025-10-31&end=2025-11-07¤cy=USD&testMode=1 HTTP/1.1" 200 693 "https://makhado.squareroot.co.za/wp-admin/" "Mozilla/5.0 (Windows NT 10.0; Win64; x64) AppleWebKit/537.36 (KHTML, like Gecko) Chrome/142.0.0.0 Safari/537.36"
197.79.64.234 - - [07/Nov/2025:09:51:25 +0200] "GET /wp-json/give-api/v2/reports/average-donation?start=2025-10-31&end=2025-11-07¤cy=USD&testMode=1 HTTP/1.1" 200 844 "https://makhado.squareroot.co.za/wp-admin/" "Mozilla/5.0 (Windows NT 10.0; Win64; x64) AppleWebKit/537.36 (KHTML, like Gecko) Chrome/142.0.0.0 Safari/537.36"
197.79.64.234 - - [07/Nov/2025:09:51:26 +0200] "POST /wp-admin/admin-ajax.php HTTP/1.1" 200 50 "https://makhado.squareroot.co.za/wp-admin/" "Mozilla/5.0 (Windows NT 10.0; Win64; x64) AppleWebKit/537.36 (KHTML, like Gecko) Chrome/142.0.0.0 Safari/537.36"
197.79.64.234 - - [07/Nov/2025:09:51:25 +0200] "GET /wp-json/give-api/v2/reports/total-refunds?start=2025-10-31&end=2025-11-07¤cy=USD&testMode=1 HTTP/1.1" 200 833 "https://makhado.squareroot.co.za/wp-admin/" "Mozilla/5.0 (Windows NT 10.0; Win64; x64) AppleWebKit/537.36 (KHTML, like Gecko) Chrome/142.0.0.0 Safari/537.36"
197.79.64.234 - - [07/Nov/2025:09:51:31 +0200] "POST /wp-admin/admin-ajax.php HTTP/1.1" 200 147 "https://makhado.squareroot.co.za/wp-admin/" "Mozilla/5.0 (Windows NT 10.0; Win64; x64) AppleWebKit/537.36 (KHTML, like Gecko) Chrome/142.0.0.0 Safari/537.36"
197.79.64.234 - - [07/Nov/2025:09:51:33 +0200] "POST /wp-admin/admin-ajax.php HTTP/1.1" 200 101 "https://makhado.squareroot.co.za/wp-admin/" "Mozilla/5.0 (Windows NT 10.0; Win64; x64) AppleWebKit/537.36 (KHTML, like Gecko) Chrome/142.0.0.0 Safari/537.36"
197.79.64.234 - - [07/Nov/2025:09:51:34 +0200] "GET /wp-admin/upload.php HTTP/1.1" 200 228676 "https://makhado.squareroot.co.za/wp-admin/" "Mozilla/5.0 (Windows NT 10.0; Win64; x64) AppleWebKit/537.36 (KHTML, like Gecko) Chrome/142.0.0.0 Safari/537.36"
197.79.64.234 - - [07/Nov/2025:09:51:38 +0200] "GET /wp-admin/load-styles.php?c=0&dir=ltr&load%5Bchunk_0%5D=dashicons,admin-bar,buttons,media-views,common,forms,admin-menu,dashboard,list-tables,edit,revisions,media,themes,about,nav-menu&load%5Bchunk_1%5D=s,wp-pointer,widgets,site-icon,l10n,wp-auth-check,wp-color-picker&ver=6.8.3 HTTP/1.1" 200 451816 "https://makhado.squareroot.co.za/wp-admin/upload.php" "Mozilla/5.0 (Windows NT 10.0; Win64; x64) AppleWebKit/537.36 (KHTML, like Gecko) Chrome/142.0.0.0 Safari/537.36"
197.79.64.234 - - [07/Nov/2025:09:51:38 +0200] "GET /wp-admin/js/media.min.js?ver=6.8.3 HTTP/1.1" 200 2439 "https://makhado.squareroot.co.za/wp-admin/upload.php" "Mozilla/5.0 (Windows NT 10.0; Win64; x64) AppleWebKit/537.36 (KHTML, like Gecko) Chrome/142.0.0.0 Safari/537.36"
197.79.64.234 - - [07/Nov/2025:09:51:39 +0200] "GET /wp-includes/images/spinner-2x.gif HTTP/1.1" 200 7536 "https://makhado.squareroot.co.za/wp-admin/load-styles.php?c=0&dir=ltr&load%5Bchunk_0%5D=dashicons,admin-bar,buttons,media-views,common,forms,admin-menu,dashboard,list-tables,edit,revisions,media,themes,about,nav-menu&load%5Bchunk_1%5D=s,wp-pointer,widgets,site-icon,l10n,wp-auth-check,wp-color-picker&ver=6.8.3" "Mozilla/5.0 (Windows NT 10.0; Win64; x64) AppleWebKit/537.36 (KHTML, like Gecko) Chrome/142.0.0.0 Safari/537.36"
169.1.20.187 - - [07/Nov/2025:09:51:41 +0200] "POST /wp-cron.php?doing_wp_cron=1762501901.1317241191864013671875 HTTP/1.1" 200 - "-" "WordPress/6.8.3; https://makhado.squareroot.co.za"
197.79.64.234 - - [07/Nov/2025:09:51:38 +0200] "GET /wp-json/wp/v2/users/me?context=edit&_locale=user HTTP/1.1" 200 6765 "https://makhado.squareroot.co.za/wp-admin/upload.php" "Mozilla/5.0 (Windows NT 10.0; Win64; x64) AppleWebKit/537.36 (KHTML, like Gecko) Chrome/142.0.0.0 Safari/537.36"
197.79.64.234 - - [07/Nov/2025:09:51:38 +0200] "GET /wp-content/plugins/user-registration/assets/images/UR-Logo.gif HTTP/1.1" 404 216765 "https://makhado.squareroot.co.za/wp-admin/upload.php" "Mozilla/5.0 (Windows NT 10.0; Win64; x64) AppleWebKit/537.36 (KHTML, like Gecko) Chrome/142.0.0.0 Safari/537.36"
197.79.64.234 - - [07/Nov/2025:09:51:39 +0200] "POST /wp-admin/admin-ajax.php HTTP/1.1" 200 109254 "https://makhado.squareroot.co.za/wp-admin/upload.php" "Mozilla/5.0 (Windows NT 10.0; Win64; x64) AppleWebKit/537.36 (KHTML, like Gecko) Chrome/142.0.0.0 Safari/537.36"
197.79.64.234 - - [07/Nov/2025:09:51:42 +0200] "GET /wp-content/uploads/2025/10/line-5-300x210.png HTTP/1.1" 304 - "https://makhado.squareroot.co.za/wp-admin/upload.php" "Mozilla/5.0 (Windows NT 10.0; Win64; x64) AppleWebKit/537.36 (KHTML, like Gecko) Chrome/142.0.0.0 Safari/537.36"
197.79.64.234 - - [07/Nov/2025:09:51:42 +0200] "GET /wp-content/uploads/2025/09/logo-white-300x300.png HTTP/1.1" 304 - "https://makhado.squareroot.co.za/wp-admin/upload.php" "Mozilla/5.0 (Windows NT 10.0; Win64; x64) AppleWebKit/537.36 (KHTML, like Gecko) Chrome/142.0.0.0 Safari/537.36"
197.79.64.234 - - [07/Nov/2025:09:51:42 +0200] "GET /wp-content/uploads/2025/10/home4-img-300x147.png HTTP/1.1" 304 - "https://makhado.squareroot.co.za/wp-admin/upload.php" "Mozilla/5.0 (Windows NT 10.0; Win64; x64) AppleWebKit/537.36 (KHTML, like Gecko) Chrome/142.0.0.0 Safari/537.36"
197.79.64.234 - - [07/Nov/2025:09:51:42 +0200] "GET /wp-content/uploads/2025/11/logo-300x300.png HTTP/1.1" 304 - "https://makhado.squareroot.co.za/wp-admin/upload.php" "Mozilla/5.0 (Windows NT 10.0; Win64; x64) AppleWebKit/537.36 (KHTML, like Gecko) Chrome/142.0.0.0 Safari/537.36"
197.79.64.234 - - [07/Nov/2025:09:51:42 +0200] "GET /wp-content/uploads/2025/10/ptitle-bg1-300x148.jpg HTTP/1.1" 304 - "https://makhado.squareroot.co.za/wp-admin/upload.php" "Mozilla/5.0 (Windows NT 10.0; Win64; x64) AppleWebKit/537.36 (KHTML, like Gecko) Chrome/142.0.0.0 Safari/537.36"
197.79.64.234 - - [07/Nov/2025:09:51:43 +0200] "GET /wp-content/uploads/2025/10/home1-img-300x159.png HTTP/1.1" 304 - "https://makhado.squareroot.co.za/wp-admin/upload.php" "Mozilla/5.0 (Windows NT 10.0; Win64; x64) AppleWebKit/537.36 (KHTML, like Gecko) Chrome/142.0.0.0 Safari/537.36"
197.79.64.234 - - [07/Nov/2025:09:51:43 +0200] "GET /wp-content/uploads/2025/10/home2-img-300x231.png HTTP/1.1" 304 - "https://makhado.squareroot.co.za/wp-admin/upload.php" "Mozilla/5.0 (Windows NT 10.0; Win64; x64) AppleWebKit/537.36 (KHTML, like Gecko) Chrome/142.0.0.0 Safari/537.36"
197.79.64.234 - - [07/Nov/2025:09:51:43 +0200] "GET /wp-content/uploads/2025/10/home3-img-150x150.png HTTP/1.1" 304 - "https://makhado.squareroot.co.za/wp-admin/upload.php" "Mozilla/5.0 (Windows NT 10.0; Win64; x64) AppleWebKit/537.36 (KHTML, like Gecko) Chrome/142.0.0.0 Safari/537.36"
197.79.64.234 - - [07/Nov/2025:09:51:43 +0200] "GET /wp-content/uploads/2025/10/yoast-seo-1.png HTTP/1.1" 304 - "https://makhado.squareroot.co.za/wp-admin/upload.php" "Mozilla/5.0 (Windows NT 10.0; Win64; x64) AppleWebKit/537.36 (KHTML, like Gecko) Chrome/142.0.0.0 Safari/537.36"
197.79.64.234 - - [07/Nov/2025:09:51:43 +0200] "GET /wp-content/uploads/2025/10/wpml-1.png HTTP/1.1" 304 - "https://makhado.squareroot.co.za/wp-admin/upload.php" "Mozilla/5.0 (Windows NT 10.0; Win64; x64) AppleWebKit/537.36 (KHTML, like Gecko) Chrome/142.0.0.0 Safari/537.36"
197.79.64.234 - - [07/Nov/2025:09:51:43 +0200] "GET /wp-content/uploads/2025/10/support-1.png HTTP/1.1" 304 - "https://makhado.squareroot.co.za/wp-admin/upload.php" "Mozilla/5.0 (Windows NT 10.0; Win64; x64) AppleWebKit/537.36 (KHTML, like Gecko) Chrome/142.0.0.0 Safari/537.36"
197.79.64.234 - - [07/Nov/2025:09:51:43 +0200] "GET /wp-content/uploads/2025/10/update-1.png HTTP/1.1" 304 - "https://makhado.squareroot.co.za/wp-admin/upload.php" "Mozilla/5.0 (Windows NT 10.0; Win64; x64) AppleWebKit/537.36 (KHTML, like Gecko) Chrome/142.0.0.0 Safari/537.36"
197.79.64.234 - - [07/Nov/2025:09:51:43 +0200] "GET /wp-content/uploads/2025/10/touch-one-click-1.png HTTP/1.1" 304 - "https://makhado.squareroot.co.za/wp-admin/upload.php" "Mozilla/5.0 (Windows NT 10.0; Win64; x64) AppleWebKit/537.36 (KHTML, like Gecko) Chrome/142.0.0.0 Safari/537.36"
197.79.64.234 - - [07/Nov/2025:09:51:43 +0200] "GET /wp-content/uploads/2025/10/woocomerce-1.png HTTP/1.1" 304 - "https://makhado.squareroot.co.za/wp-admin/upload.php" "Mozilla/5.0 (Windows NT 10.0; Win64; x64) AppleWebKit/537.36 (KHTML, like Gecko) Chrome/142.0.0.0 Safari/537.36"
197.79.64.234 - - [07/Nov/2025:09:51:43 +0200] "GET /wp-content/uploads/2025/10/ww3-total-cache-1.jpg HTTP/1.1" 304 - "https://makhado.squareroot.co.za/wp-admin/upload.php" "Mozilla/5.0 (Windows NT 10.0; Win64; x64) AppleWebKit/537.36 (KHTML, like Gecko) Chrome/142.0.0.0 Safari/537.36"
197.79.64.234 - - [07/Nov/2025:09:51:43 +0200] "GET /wp-content/uploads/2025/10/rtl-1.png HTTP/1.1" 304 - "https://makhado.squareroot.co.za/wp-admin/upload.php" "Mozilla/5.0 (Windows NT 10.0; Win64; x64) AppleWebKit/537.36 (KHTML, like Gecko) Chrome/142.0.0.0 Safari/537.36"
197.79.64.234 - - [07/Nov/2025:09:51:43 +0200] "GET /wp-content/uploads/2025/10/mega-menu-builder-1.png HTTP/1.1" 304 - "https://makhado.squareroot.co.za/wp-admin/upload.php" "Mozilla/5.0 (Windows NT 10.0; Win64; x64) AppleWebKit/537.36 (KHTML, like Gecko) Chrome/142.0.0.0 Safari/537.36"
197.79.64.234 - - [07/Nov/2025:09:51:43 +0200] "GET /wp-content/uploads/2025/10/slider-revolution-1.png HTTP/1.1" 304 - "https://makhado.squareroot.co.za/wp-admin/upload.php" "Mozilla/5.0 (Windows NT 10.0; Win64; x64) AppleWebKit/537.36 (KHTML, like Gecko) Chrome/142.0.0.0 Safari/537.36"
197.79.64.234 - - [07/Nov/2025:09:51:43 +0200] "GET /wp-content/uploads/2025/10/header-builder-1.png HTTP/1.1" 304 - "https://makhado.squareroot.co.za/wp-admin/upload.php" "Mozilla/5.0 (Windows NT 10.0; Win64; x64) AppleWebKit/537.36 (KHTML, like Gecko) Chrome/142.0.0.0 Safari/537.36"
197.79.64.234 - - [07/Nov/2025:09:51:43 +0200] "GET /wp-content/uploads/2025/10/rank-math-1.jpg HTTP/1.1" 304 - "https://makhado.squareroot.co.za/wp-admin/upload.php" "Mozilla/5.0 (Windows NT 10.0; Win64; x64) AppleWebKit/537.36 (KHTML, like Gecko) Chrome/142.0.0.0 Safari/537.36"
197.79.64.234 - - [07/Nov/2025:09:51:43 +0200] "GET /wp-content/uploads/2025/10/redux-1.jpg HTTP/1.1" 304 - "https://makhado.squareroot.co.za/wp-admin/upload.php" "Mozilla/5.0 (Windows NT 10.0; Win64; x64) AppleWebKit/537.36 (KHTML, like Gecko) Chrome/142.0.0.0 Safari/537.36"
197.79.64.234 - - [07/Nov/2025:09:51:43 +0200] "GET /wp-content/uploads/2025/10/elementor-1.jpg HTTP/1.1" 304 - "https://makhado.squareroot.co.za/wp-admin/upload.php" "Mozilla/5.0 (Windows NT 10.0; Win64; x64) AppleWebKit/537.36 (KHTML, like Gecko) Chrome/142.0.0.0 Safari/537.36"
197.79.64.234 - - [07/Nov/2025:09:51:43 +0200] "GET /wp-content/uploads/2025/10/footer-builder-1.png HTTP/1.1" 304 - "https://makhado.squareroot.co.za/wp-admin/upload.php" "Mozilla/5.0 (Windows NT 10.0; Win64; x64) AppleWebKit/537.36 (KHTML, like Gecko) Chrome/142.0.0.0 Safari/537.36"
197.79.64.234 - - [07/Nov/2025:09:51:43 +0200] "GET /wp-content/uploads/2025/10/colorize-1.png HTTP/1.1" 304 - "https://makhado.squareroot.co.za/wp-admin/upload.php" "Mozilla/5.0 (Windows NT 10.0; Win64; x64) AppleWebKit/537.36 (KHTML, like Gecko) Chrome/142.0.0.0 Safari/537.36"
197.79.64.234 - - [07/Nov/2025:09:51:43 +0200] "GET /wp-content/uploads/2025/10/bg-landing2-300x258.jpg HTTP/1.1" 304 - "https://makhado.squareroot.co.za/wp-admin/upload.php" "Mozilla/5.0 (Windows NT 10.0; Win64; x64) AppleWebKit/537.36 (KHTML, like Gecko) Chrome/142.0.0.0 Safari/537.36"
197.79.64.234 - - [07/Nov/2025:09:51:43 +0200] "GET /wp-content/uploads/2025/10/tsvg2.svg HTTP/1.1" 304 - "https://makhado.squareroot.co.za/wp-admin/upload.php" "Mozilla/5.0 (Windows NT 10.0; Win64; x64) AppleWebKit/537.36 (KHTML, like Gecko) Chrome/142.0.0.0 Safari/537.36"
197.79.64.234 - - [07/Nov/2025:09:51:43 +0200] "GET /wp-content/uploads/2025/10/search2.svg HTTP/1.1" 304 - "https://makhado.squareroot.co.za/wp-admin/upload.php" "Mozilla/5.0 (Windows NT 10.0; Win64; x64) AppleWebKit/537.36 (KHTML, like Gecko) Chrome/142.0.0.0 Safari/537.36"
197.79.64.234 - - [07/Nov/2025:09:51:43 +0200] "GET /wp-content/uploads/2025/10/square2.svg HTTP/1.1" 304 - "https://makhado.squareroot.co.za/wp-admin/upload.php" "Mozilla/5.0 (Windows NT 10.0; Win64; x64) AppleWebKit/537.36 (KHTML, like Gecko) Chrome/142.0.0.0 Safari/537.36"
197.79.64.234 - - [07/Nov/2025:09:51:43 +0200] "GET /wp-content/uploads/2025/10/rocket2.svg HTTP/1.1" 304 - "https://makhado.squareroot.co.za/wp-admin/upload.php" "Mozilla/5.0 (Windows NT 10.0; Win64; x64) AppleWebKit/537.36 (KHTML, like Gecko) Chrome/142.0.0.0 Safari/537.36"
197.79.64.234 - - [07/Nov/2025:09:51:43 +0200] "GET /wp-content/uploads/2025/10/color-palette2.svg HTTP/1.1" 304 - "https://makhado.squareroot.co.za/wp-admin/upload.php" "Mozilla/5.0 (Windows NT 10.0; Win64; x64) AppleWebKit/537.36 (KHTML, like Gecko) Chrome/142.0.0.0 Safari/537.36"
197.79.64.234 - - [07/Nov/2025:09:51:43 +0200] "GET /wp-content/uploads/2025/10/rotate2.svg HTTP/1.1" 304 - "https://makhado.squareroot.co.za/wp-admin/upload.php" "Mozilla/5.0 (Windows NT 10.0; Win64; x64) AppleWebKit/537.36 (KHTML, like Gecko) Chrome/142.0.0.0 Safari/537.36"
197.79.64.234 - - [07/Nov/2025:09:51:43 +0200] "GET /wp-content/uploads/2025/10/phone2.svg HTTP/1.1" 304 - "https://makhado.squareroot.co.za/wp-admin/upload.php" "Mozilla/5.0 (Windows NT 10.0; Win64; x64) AppleWebKit/537.36 (KHTML, like Gecko) Chrome/142.0.0.0 Safari/537.36"
197.79.64.234 - - [07/Nov/2025:09:51:43 +0200] "GET /wp-content/uploads/2025/10/ball2.svg HTTP/1.1" 304 - "https://makhado.squareroot.co.za/wp-admin/upload.php" "Mozilla/5.0 (Windows NT 10.0; Win64; x64) AppleWebKit/537.36 (KHTML, like Gecko) Chrome/142.0.0.0 Safari/537.36"
197.79.64.234 - - [07/Nov/2025:09:51:43 +0200] "GET /wp-content/uploads/2025/10/overlay1-300x52.png HTTP/1.1" 304 - "https://makhado.squareroot.co.za/wp-admin/upload.php" "Mozilla/5.0 (Windows NT 10.0; Win64; x64) AppleWebKit/537.36 (KHTML, like Gecko) Chrome/142.0.0.0 Safari/537.36"
197.79.64.234 - - [07/Nov/2025:09:51:43 +0200] "GET /wp-content/uploads/2025/10/book2.svg HTTP/1.1" 304 - "https://makhado.squareroot.co.za/wp-admin/upload.php" "Mozilla/5.0 (Windows NT 10.0; Win64; x64) AppleWebKit/537.36 (KHTML, like Gecko) Chrome/142.0.0.0 Safari/537.36"
197.79.64.234 - - [07/Nov/2025:09:51:43 +0200] "GET /wp-content/uploads/2025/10/our-service1-204x300.jpg HTTP/1.1" 304 - "https://makhado.squareroot.co.za/wp-admin/upload.php" "Mozilla/5.0 (Windows NT 10.0; Win64; x64) AppleWebKit/537.36 (KHTML, like Gecko) Chrome/142.0.0.0 Safari/537.36"
197.79.64.234 - - [07/Nov/2025:09:51:43 +0200] "GET /wp-content/uploads/2025/10/our-case1-221x300.jpg HTTP/1.1" 304 - "https://makhado.squareroot.co.za/wp-admin/upload.php" "Mozilla/5.0 (Windows NT 10.0; Win64; x64) AppleWebKit/537.36 (KHTML, like Gecko) Chrome/142.0.0.0 Safari/537.36"
197.79.64.234 - - [07/Nov/2025:09:51:43 +0200] "GET /wp-content/uploads/2025/10/about1-221x300.jpg HTTP/1.1" 304 - "https://makhado.squareroot.co.za/wp-admin/upload.php" "Mozilla/5.0 (Windows NT 10.0; Win64; x64) AppleWebKit/537.36 (KHTML, like Gecko) Chrome/142.0.0.0 Safari/537.36"
197.79.64.234 - - [07/Nov/2025:09:51:43 +0200] "GET /wp-content/uploads/2025/10/blog-grid1-221x300.jpg HTTP/1.1" 304 - "https://makhado.squareroot.co.za/wp-admin/upload.php" "Mozilla/5.0 (Windows NT 10.0; Win64; x64) AppleWebKit/537.36 (KHTML, like Gecko) Chrome/142.0.0.0 Safari/537.36"
197.79.64.234 - - [07/Nov/2025:09:51:43 +0200] "GET /wp-content/uploads/2025/10/ld6.png HTTP/1.1" 304 - "https://makhado.squareroot.co.za/wp-admin/upload.php" "Mozilla/5.0 (Windows NT 10.0; Win64; x64) AppleWebKit/537.36 (KHTML, like Gecko) Chrome/142.0.0.0 Safari/537.36"
197.79.64.234 - - [07/Nov/2025:09:51:43 +0200] "GET /wp-content/uploads/2025/10/innerbg1-300x264.jpg HTTP/1.1" 304 - "https://makhado.squareroot.co.za/wp-admin/upload.php" "Mozilla/5.0 (Windows NT 10.0; Win64; x64) AppleWebKit/537.36 (KHTML, like Gecko) Chrome/142.0.0.0 Safari/537.36"
197.79.64.234 - - [07/Nov/2025:09:51:43 +0200] "GET /wp-content/uploads/2025/10/ld4.png HTTP/1.1" 304 - "https://makhado.squareroot.co.za/wp-admin/upload.php" "Mozilla/5.0 (Windows NT 10.0; Win64; x64) AppleWebKit/537.36 (KHTML, like Gecko) Chrome/142.0.0.0 Safari/537.36"
197.79.64.234 - - [07/Nov/2025:09:51:43 +0200] "GET /wp-content/uploads/2025/10/bg-home04-scaled-115x300.jpg HTTP/1.1" 304 - "https://makhado.squareroot.co.za/wp-admin/upload.php" "Mozilla/5.0 (Windows NT 10.0; Win64; x64) AppleWebKit/537.36 (KHTML, like Gecko) Chrome/142.0.0.0 Safari/537.36"
197.79.64.234 - - [07/Nov/2025:09:51:43 +0200] "GET /wp-content/uploads/2025/10/ld5.png HTTP/1.1" 304 - "https://makhado.squareroot.co.za/wp-admin/upload.php" "Mozilla/5.0 (Windows NT 10.0; Win64; x64) AppleWebKit/537.36 (KHTML, like Gecko) Chrome/142.0.0.0 Safari/537.36"
197.79.64.234 - - [07/Nov/2025:09:51:43 +0200] "GET /wp-content/uploads/2025/10/ld3.png HTTP/1.1" 304 - "https://makhado.squareroot.co.za/wp-admin/upload.php" "Mozilla/5.0 (Windows NT 10.0; Win64; x64) AppleWebKit/537.36 (KHTML, like Gecko) Chrome/142.0.0.0 Safari/537.36"
197.79.64.234 - - [07/Nov/2025:09:51:43 +0200] "GET /wp-content/uploads/2025/10/bg-home03-scaled-115x300.jpg HTTP/1.1" 304 - "https://makhado.squareroot.co.za/wp-admin/upload.php" "Mozilla/5.0 (Windows NT 10.0; Win64; x64) AppleWebKit/537.36 (KHTML, like Gecko) Chrome/142.0.0.0 Safari/537.36"
197.79.64.234 - - [07/Nov/2025:09:51:43 +0200] "GET /wp-content/uploads/2025/10/bg-home02-scaled-115x300.jpg HTTP/1.1" 304 - "https://makhado.squareroot.co.za/wp-admin/upload.php" "Mozilla/5.0 (Windows NT 10.0; Win64; x64) AppleWebKit/537.36 (KHTML, like Gecko) Chrome/142.0.0.0 Safari/537.36"
197.79.64.234 - - [07/Nov/2025:09:51:43 +0200] "GET /wp-content/uploads/2025/10/bg-home01-scaled-115x300.jpg HTTP/1.1" 304 - "https://makhado.squareroot.co.za/wp-admin/upload.php" "Mozilla/5.0 (Windows NT 10.0; Win64; x64) AppleWebKit/537.36 (KHTML, like Gecko) Chrome/142.0.0.0 Safari/537.36"
197.79.64.234 - - [07/Nov/2025:09:51:43 +0200] "GET /wp-content/uploads/2025/10/image-banner1-150x150.png HTTP/1.1" 304 - "https://makhado.squareroot.co.za/wp-admin/upload.php" "Mozilla/5.0 (Windows NT 10.0; Win64; x64) AppleWebKit/537.36 (KHTML, like Gecko) Chrome/142.0.0.0 Safari/537.36"
197.79.64.234 - - [07/Nov/2025:09:51:43 +0200] "GET /wp-content/uploads/2025/09/Intro-300x148.jpg HTTP/1.1" 304 - "https://makhado.squareroot.co.za/wp-admin/upload.php" "Mozilla/5.0 (Windows NT 10.0; Win64; x64) AppleWebKit/537.36 (KHTML, like Gecko) Chrome/142.0.0.0 Safari/537.36"
197.79.64.234 - - [07/Nov/2025:09:51:43 +0200] "GET /wp-content/uploads/2025/09/shop12-300x300.png HTTP/1.1" 304 - "https://makhado.squareroot.co.za/wp-admin/upload.php" "Mozilla/5.0 (Windows NT 10.0; Win64; x64) AppleWebKit/537.36 (KHTML, like Gecko) Chrome/142.0.0.0 Safari/537.36"
197.79.64.234 - - [07/Nov/2025:09:51:43 +0200] "GET /wp-content/uploads/2025/09/shop10-300x208.png HTTP/1.1" 304 - "https://makhado.squareroot.co.za/wp-admin/upload.php" "Mozilla/5.0 (Windows NT 10.0; Win64; x64) AppleWebKit/537.36 (KHTML, like Gecko) Chrome/142.0.0.0 Safari/537.36"
197.79.64.234 - - [07/Nov/2025:09:51:43 +0200] "GET /wp-content/uploads/2025/09/shop9-150x148.png HTTP/1.1" 304 - "https://makhado.squareroot.co.za/wp-admin/upload.php" "Mozilla/5.0 (Windows NT 10.0; Win64; x64) AppleWebKit/537.36 (KHTML, like Gecko) Chrome/142.0.0.0 Safari/537.36"
197.79.64.234 - - [07/Nov/2025:09:51:43 +0200] "GET /wp-content/uploads/2025/09/logo-landing-300x85.png HTTP/1.1" 304 - "https://makhado.squareroot.co.za/wp-admin/upload.php" "Mozilla/5.0 (Windows NT 10.0; Win64; x64) AppleWebKit/537.36 (KHTML, like Gecko) Chrome/142.0.0.0 Safari/537.36"
197.79.64.234 - - [07/Nov/2025:09:51:43 +0200] "GET /wp-content/uploads/2025/09/google-icon.svg HTTP/1.1" 304 - "https://makhado.squareroot.co.za/wp-admin/upload.php" "Mozilla/5.0 (Windows NT 10.0; Win64; x64) AppleWebKit/537.36 (KHTML, like Gecko) Chrome/142.0.0.0 Safari/537.36"
197.79.64.234 - - [07/Nov/2025:09:51:43 +0200] "GET /wp-content/uploads/2025/09/line01-300x45.png HTTP/1.1" 304 - "https://makhado.squareroot.co.za/wp-admin/upload.php" "Mozilla/5.0 (Windows NT 10.0; Win64; x64) AppleWebKit/537.36 (KHTML, like Gecko) Chrome/142.0.0.0 Safari/537.36"
197.79.64.234 - - [07/Nov/2025:09:51:43 +0200] "GET /wp-content/uploads/2025/09/shop7-300x300.png HTTP/1.1" 304 - "https://makhado.squareroot.co.za/wp-admin/upload.php" "Mozilla/5.0 (Windows NT 10.0; Win64; x64) AppleWebKit/537.36 (KHTML, like Gecko) Chrome/142.0.0.0 Safari/537.36"
197.79.64.234 - - [07/Nov/2025:09:51:43 +0200] "GET /wp-content/uploads/2025/09/shop11-150x150.png HTTP/1.1" 304 - "https://makhado.squareroot.co.za/wp-admin/upload.php" "Mozilla/5.0 (Windows NT 10.0; Win64; x64) AppleWebKit/537.36 (KHTML, like Gecko) Chrome/142.0.0.0 Safari/537.36"
197.79.64.234 - - [07/Nov/2025:09:51:43 +0200] "GET /wp-content/uploads/2025/09/facebook-logo.png HTTP/1.1" 304 - "https://makhado.squareroot.co.za/wp-admin/upload.php" "Mozilla/5.0 (Windows NT 10.0; Win64; x64) AppleWebKit/537.36 (KHTML, like Gecko) Chrome/142.0.0.0 Safari/537.36"
197.79.64.234 - - [07/Nov/2025:09:51:43 +0200] "GET /wp-content/uploads/2025/09/shop6-300x300.png HTTP/1.1" 304 - "https://makhado.squareroot.co.za/wp-admin/upload.php" "Mozilla/5.0 (Windows NT 10.0; Win64; x64) AppleWebKit/537.36 (KHTML, like Gecko) Chrome/142.0.0.0 Safari/537.36"
197.79.64.234 - - [07/Nov/2025:09:51:43 +0200] "GET /wp-content/uploads/2025/09/shop8-150x150.png HTTP/1.1" 304 - "https://makhado.squareroot.co.za/wp-admin/upload.php" "Mozilla/5.0 (Windows NT 10.0; Win64; x64) AppleWebKit/537.36 (KHTML, like Gecko) Chrome/142.0.0.0 Safari/537.36"
197.79.64.234 - - [07/Nov/2025:09:51:43 +0200] "GET /wp-content/uploads/2025/09/shop5-197x300.png HTTP/1.1" 304 - "https://makhado.squareroot.co.za/wp-admin/upload.php" "Mozilla/5.0 (Windows NT 10.0; Win64; x64) AppleWebKit/537.36 (KHTML, like Gecko) Chrome/142.0.0.0 Safari/537.36"
197.79.64.234 - - [07/Nov/2025:09:51:43 +0200] "GET /wp-content/uploads/2025/09/shop3-300x300.png HTTP/1.1" 304 - "https://makhado.squareroot.co.za/wp-admin/upload.php" "Mozilla/5.0 (Windows NT 10.0; Win64; x64) AppleWebKit/537.36 (KHTML, like Gecko) Chrome/142.0.0.0 Safari/537.36"
197.79.64.234 - - [07/Nov/2025:09:51:43 +0200] "GET /wp-content/uploads/2025/09/img3-248x300.jpg HTTP/1.1" 304 - "https://makhado.squareroot.co.za/wp-admin/upload.php" "Mozilla/5.0 (Windows NT 10.0; Win64; x64) AppleWebKit/537.36 (KHTML, like Gecko) Chrome/142.0.0.0 Safari/537.36"
197.79.64.234 - - [07/Nov/2025:09:51:43 +0200] "GET /wp-content/uploads/2025/09/shop4-300x195.png HTTP/1.1" 304 - "https://makhado.squareroot.co.za/wp-admin/upload.php" "Mozilla/5.0 (Windows NT 10.0; Win64; x64) AppleWebKit/537.36 (KHTML, like Gecko) Chrome/142.0.0.0 Safari/537.36"
197.79.64.234 - - [07/Nov/2025:09:51:43 +0200] "GET /wp-content/uploads/2025/09/shop1-300x300.png HTTP/1.1" 304 - "https://makhado.squareroot.co.za/wp-admin/upload.php" "Mozilla/5.0 (Windows NT 10.0; Win64; x64) AppleWebKit/537.36 (KHTML, like Gecko) Chrome/142.0.0.0 Safari/537.36"
197.79.64.234 - - [07/Nov/2025:09:51:43 +0200] "GET /wp-content/uploads/2025/09/bg-4-min-300x154.jpg HTTP/1.1" 304 - "https://makhado.squareroot.co.za/wp-admin/upload.php" "Mozilla/5.0 (Windows NT 10.0; Win64; x64) AppleWebKit/537.36 (KHTML, like Gecko) Chrome/142.0.0.0 Safari/537.36"
197.79.64.234 - - [07/Nov/2025:09:51:43 +0200] "GET /wp-content/uploads/2025/09/img1-248x300.jpg HTTP/1.1" 304 - "https://makhado.squareroot.co.za/wp-admin/upload.php" "Mozilla/5.0 (Windows NT 10.0; Win64; x64) AppleWebKit/537.36 (KHTML, like Gecko) Chrome/142.0.0.0 Safari/537.36"
197.79.64.234 - - [07/Nov/2025:09:51:43 +0200] "GET /wp-content/uploads/2025/09/img2-248x300.jpg HTTP/1.1" 304 - "https://makhado.squareroot.co.za/wp-admin/upload.php" "Mozilla/5.0 (Windows NT 10.0; Win64; x64) AppleWebKit/537.36 (KHTML, like Gecko) Chrome/142.0.0.0 Safari/537.36"
197.79.64.234 - - [07/Nov/2025:09:51:43 +0200] "GET /wp-content/uploads/2025/09/shop2-300x300.png HTTP/1.1" 304 - "https://makhado.squareroot.co.za/wp-admin/upload.php" "Mozilla/5.0 (Windows NT 10.0; Win64; x64) AppleWebKit/537.36 (KHTML, like Gecko) Chrome/142.0.0.0 Safari/537.36"
197.79.64.234 - - [07/Nov/2025:09:51:43 +0200] "GET /wp-content/uploads/2025/09/bg-appointment3-300x74.jpg HTTP/1.1" 304 - "https://makhado.squareroot.co.za/wp-admin/upload.php" "Mozilla/5.0 (Windows NT 10.0; Win64; x64) AppleWebKit/537.36 (KHTML, like Gecko) Chrome/142.0.0.0 Safari/537.36"
197.79.64.234 - - [07/Nov/2025:09:51:43 +0200] "GET /wp-content/uploads/2025/09/icon-phone5.svg HTTP/1.1" 304 - "https://makhado.squareroot.co.za/wp-admin/upload.php" "Mozilla/5.0 (Windows NT 10.0; Win64; x64) AppleWebKit/537.36 (KHTML, like Gecko) Chrome/142.0.0.0 Safari/537.36"
197.79.64.234 - - [07/Nov/2025:09:51:43 +0200] "GET /wp-content/uploads/2025/09/arrow-icon2.svg HTTP/1.1" 304 - "https://makhado.squareroot.co.za/wp-admin/upload.php" "Mozilla/5.0 (Windows NT 10.0; Win64; x64) AppleWebKit/537.36 (KHTML, like Gecko) Chrome/142.0.0.0 Safari/537.36"
197.79.64.234 - - [07/Nov/2025:09:51:43 +0200] "GET /wp-content/uploads/2025/09/bg-maichip2-300x187.jpg HTTP/1.1" 304 - "https://makhado.squareroot.co.za/wp-admin/upload.php" "Mozilla/5.0 (Windows NT 10.0; Win64; x64) AppleWebKit/537.36 (KHTML, like Gecko) Chrome/142.0.0.0 Safari/537.36"
197.79.64.234 - - [07/Nov/2025:09:51:43 +0200] "GET /wp-content/uploads/2025/09/doctors-2-300x276.png HTTP/1.1" 304 - "https://makhado.squareroot.co.za/wp-admin/upload.php" "Mozilla/5.0 (Windows NT 10.0; Win64; x64) AppleWebKit/537.36 (KHTML, like Gecko) Chrome/142.0.0.0 Safari/537.36"
197.79.64.234 - - [07/Nov/2025:09:51:43 +0200] "GET /wp-content/uploads/2025/09/choose-img2-233x300.jpg HTTP/1.1" 304 - "https://makhado.squareroot.co.za/wp-admin/upload.php" "Mozilla/5.0 (Windows NT 10.0; Win64; x64) AppleWebKit/537.36 (KHTML, like Gecko) Chrome/142.0.0.0 Safari/537.36"
197.79.64.234 - - [07/Nov/2025:09:51:43 +0200] "GET /wp-content/uploads/2025/09/translator2.svg HTTP/1.1" 304 - "https://makhado.squareroot.co.za/wp-admin/upload.php" "Mozilla/5.0 (Windows NT 10.0; Win64; x64) AppleWebKit/537.36 (KHTML, like Gecko) Chrome/142.0.0.0 Safari/537.36"
197.79.64.234 - - [07/Nov/2025:09:51:43 +0200] "GET /wp-content/uploads/2025/09/heart2-1.svg HTTP/1.1" 304 - "https://makhado.squareroot.co.za/wp-admin/upload.php" "Mozilla/5.0 (Windows NT 10.0; Win64; x64) AppleWebKit/537.36 (KHTML, like Gecko) Chrome/142.0.0.0 Safari/537.36"
197.79.64.234 - - [07/Nov/2025:09:51:43 +0200] "GET /wp-content/uploads/2025/09/shield2.svg HTTP/1.1" 304 - "https://makhado.squareroot.co.za/wp-admin/upload.php" "Mozilla/5.0 (Windows NT 10.0; Win64; x64) AppleWebKit/537.36 (KHTML, like Gecko) Chrome/142.0.0.0 Safari/537.36"
197.79.64.234 - - [07/Nov/2025:09:51:43 +0200] "GET /wp-content/uploads/2025/09/patient2.svg HTTP/1.1" 304 - "https://makhado.squareroot.co.za/wp-admin/upload.php" "Mozilla/5.0 (Windows NT 10.0; Win64; x64) AppleWebKit/537.36 (KHTML, like Gecko) Chrome/142.0.0.0 Safari/537.36"
197.79.64.234 - - [07/Nov/2025:09:51:44 +0200] "POST /wp-admin/admin-ajax.php HTTP/1.1" 200 147 "https://makhado.squareroot.co.za/wp-admin/upload.php" "Mozilla/5.0 (Windows NT 10.0; Win64; x64) AppleWebKit/537.36 (KHTML, like Gecko) Chrome/142.0.0.0 Safari/537.36"
197.79.64.234 - - [07/Nov/2025:09:52:24 +0200] "POST /wp-admin/admin-ajax.php HTTP/1.1" 200 147 "https://makhado.squareroot.co.za/wp-admin/admin.php?page=revslider" "Mozilla/5.0 (Windows NT 10.0; Win64; x64) AppleWebKit/537.36 (KHTML, like Gecko) Chrome/142.0.0.0 Safari/537.36"
169.1.20.187 - - [07/Nov/2025:09:52:47 +0200] "POST /wp-cron.php?doing_wp_cron=1762501967.8181900978088378906250 HTTP/1.1" 200 - "-" "WordPress/6.8.3; https://makhado.squareroot.co.za"
197.79.64.234 - - [07/Nov/2025:09:52:44 +0200] "POST /wp-admin/admin-ajax.php HTTP/1.1" 200 147 "https://makhado.squareroot.co.za/wp-admin/upload.php" "Mozilla/5.0 (Windows NT 10.0; Win64; x64) AppleWebKit/537.36 (KHTML, like Gecko) Chrome/142.0.0.0 Safari/537.36"
197.79.64.234 - - [07/Nov/2025:09:53:16 +0200] "POST /wp-admin/admin-ajax.php HTTP/1.1" 200 77 "https://makhado.squareroot.co.za/wp-admin/post.php?post=19&action=elementor" "Mozilla/5.0 (Windows NT 10.0; Win64; x64) AppleWebKit/537.36 (KHTML, like Gecko) Chrome/142.0.0.0 Safari/537.36"
169.1.20.187 - - [07/Nov/2025:09:53:58 +0200] "POST /wp-cron.php?doing_wp_cron=1762502038.6626830101013183593750 HTTP/1.1" 200 - "-" "WordPress/6.8.3; https://makhado.squareroot.co.za"
197.79.64.234 - - [07/Nov/2025:09:53:56 +0200] "POST /wp-admin/admin-ajax.php HTTP/1.1" 200 77 "https://makhado.squareroot.co.za/wp-admin/post.php?post=19&action=elementor" "Mozilla/5.0 (Windows NT 10.0; Win64; x64) AppleWebKit/537.36 (KHTML, like Gecko) Chrome/142.0.0.0 Safari/537.36"
197.79.64.234 - - [07/Nov/2025:09:54:11 +0200] "POST /wp-admin/admin-ajax.php HTTP/1.1" 200 77 "https://makhado.squareroot.co.za/wp-admin/post.php?post=19&action=elementor" "Mozilla/5.0 (Windows NT 10.0; Win64; x64) AppleWebKit/537.36 (KHTML, like Gecko) Chrome/142.0.0.0 Safari/537.36"
197.79.64.234 - - [07/Nov/2025:09:54:27 +0200] "POST /wp-admin/admin-ajax.php HTTP/1.1" 200 77 "https://makhado.squareroot.co.za/wp-admin/post.php?post=19&action=elementor" "Mozilla/5.0 (Windows NT 10.0; Win64; x64) AppleWebKit/537.36 (KHTML, like Gecko) Chrome/142.0.0.0 Safari/537.36"
169.1.20.187 - - [07/Nov/2025:09:54:44 +0200] "POST /wp-cron.php?doing_wp_cron=1762502084.3055889606475830078125 HTTP/1.1" 200 - "-" "WordPress/6.8.3; https://makhado.squareroot.co.za"
197.79.64.234 - - [07/Nov/2025:09:54:42 +0200] "POST /wp-admin/admin-ajax.php HTTP/1.1" 200 77 "https://makhado.squareroot.co.za/wp-admin/post.php?post=19&action=elementor" "Mozilla/5.0 (Windows NT 10.0; Win64; x64) AppleWebKit/537.36 (KHTML, like Gecko) Chrome/142.0.0.0 Safari/537.36"
197.79.64.234 - - [07/Nov/2025:09:54:44 +0200] "POST /wp-admin/admin-ajax.php HTTP/1.1" 200 147 "https://makhado.squareroot.co.za/wp-admin/upload.php" "Mozilla/5.0 (Windows NT 10.0; Win64; x64) AppleWebKit/537.36 (KHTML, like Gecko) Chrome/142.0.0.0 Safari/537.36"
197.79.64.234 - - [07/Nov/2025:09:55:13 +0200] "POST /wp-admin/admin-ajax.php HTTP/1.1" 200 77 "https://makhado.squareroot.co.za/wp-admin/post.php?post=19&action=elementor" "Mozilla/5.0 (Windows NT 10.0; Win64; x64) AppleWebKit/537.36 (KHTML, like Gecko) Chrome/142.0.0.0 Safari/537.36"
197.79.64.234 - - [07/Nov/2025:09:55:28 +0200] "POST /wp-admin/admin-ajax.php HTTP/1.1" 200 77 "https://makhado.squareroot.co.za/wp-admin/post.php?post=19&action=elementor" "Mozilla/5.0 (Windows NT 10.0; Win64; x64) AppleWebKit/537.36 (KHTML, like Gecko) Chrome/142.0.0.0 Safari/537.36"
169.1.20.187 - - [07/Nov/2025:09:56:17 +0200] "POST /wp-cron.php?doing_wp_cron=1762502177.8408339023590087890625 HTTP/1.1" 200 - "-" "WordPress/6.8.3; https://makhado.squareroot.co.za"
197.79.64.234 - - [07/Nov/2025:09:56:15 +0200] "POST /wp-admin/admin-ajax.php HTTP/1.1" 200 77 "https://makhado.squareroot.co.za/wp-admin/post.php?post=19&action=elementor" "Mozilla/5.0 (Windows NT 10.0; Win64; x64) AppleWebKit/537.36 (KHTML, like Gecko) Chrome/142.0.0.0 Safari/537.36"
169.1.20.187 - - [07/Nov/2025:09:56:19 +0200] "POST /wp-cron.php?doing_wp_cron=1762502179.5809140205383300781250 HTTP/1.1" 200 - "-" "WordPress/6.8.3; https://makhado.squareroot.co.za"
197.79.64.234 - - [07/Nov/2025:09:56:17 +0200] "POST /wp-admin/admin-ajax.php HTTP/1.1" 200 147 "https://makhado.squareroot.co.za/wp-admin/upload.php" "Mozilla/5.0 (Windows NT 10.0; Win64; x64) AppleWebKit/537.36 (KHTML, like Gecko) Chrome/142.0.0.0 Safari/537.36"
197.79.64.234 - - [07/Nov/2025:09:56:30 +0200] "POST /wp-admin/admin-ajax.php HTTP/1.1" 200 77 "https://makhado.squareroot.co.za/wp-admin/post.php?post=19&action=elementor" "Mozilla/5.0 (Windows NT 10.0; Win64; x64) AppleWebKit/537.36 (KHTML, like Gecko) Chrome/142.0.0.0 Safari/537.36"
197.79.64.234 - - [07/Nov/2025:09:56:49 +0200] "POST /wp-admin/admin-ajax.php HTTP/1.1" 200 77 "https://makhado.squareroot.co.za/wp-admin/post.php?post=19&action=elementor" "Mozilla/5.0 (Windows NT 10.0; Win64; x64) AppleWebKit/537.36 (KHTML, like Gecko) Chrome/142.0.0.0 Safari/537.36"
169.1.20.187 - - [07/Nov/2025:09:57:20 +0200] "POST /wp-cron.php?doing_wp_cron=1762502240.2457680702209472656250 HTTP/1.1" 200 - "-" "WordPress/6.8.3; https://makhado.squareroot.co.za"
197.79.64.234 - - [07/Nov/2025:09:57:17 +0200] "POST /wp-admin/admin-ajax.php HTTP/1.1" 200 147 "https://makhado.squareroot.co.za/wp-admin/upload.php" "Mozilla/5.0 (Windows NT 10.0; Win64; x64) AppleWebKit/537.36 (KHTML, like Gecko) Chrome/142.0.0.0 Safari/537.36"
169.1.20.187 - - [07/Nov/2025:09:58:51 +0200] "POST /wp-cron.php?doing_wp_cron=1762502331.2678198814392089843750 HTTP/1.1" 200 - "-" "WordPress/6.8.3; https://makhado.squareroot.co.za"
197.79.64.234 - - [07/Nov/2025:09:58:49 +0200] "POST /wp-admin/admin-ajax.php HTTP/1.1" 200 77 "https://makhado.squareroot.co.za/wp-admin/post.php?post=19&action=elementor" "Mozilla/5.0 (Windows NT 10.0; Win64; x64) AppleWebKit/537.36 (KHTML, like Gecko) Chrome/142.0.0.0 Safari/537.36"
197.79.64.234 - - [07/Nov/2025:09:58:58 +0200] "POST /wp-admin/admin-ajax.php HTTP/1.1" 200 147 "https://makhado.squareroot.co.za/wp-admin/upload.php" "Mozilla/5.0 (Windows NT 10.0; Win64; x64) AppleWebKit/537.36 (KHTML, like Gecko) Chrome/142.0.0.0 Safari/537.36"
169.1.20.187 - - [07/Nov/2025:10:00:27 +0200] "POST /wp-cron.php?doing_wp_cron=1762502427.4661209583282470703125 HTTP/1.1" 200 - "-" "WordPress/6.8.3; https://makhado.squareroot.co.za"
197.79.64.234 - - [07/Nov/2025:10:00:25 +0200] "POST /wp-admin/admin-ajax.php HTTP/1.1" 200 77 "https://makhado.squareroot.co.za/wp-admin/post.php?post=19&action=elementor" "Mozilla/5.0 (Windows NT 10.0; Win64; x64) AppleWebKit/537.36 (KHTML, like Gecko) Chrome/142.0.0.0 Safari/537.36"
169.1.20.187 - - [07/Nov/2025:10:00:42 +0200] "POST /wp-cron.php?doing_wp_cron=1762502442.5477540493011474609375 HTTP/1.1" 200 - "-" "WordPress/6.8.3; https://makhado.squareroot.co.za"
197.79.64.234 - - [07/Nov/2025:10:00:40 +0200] "POST /wp-admin/admin-ajax.php HTTP/1.1" 200 77 "https://makhado.squareroot.co.za/wp-admin/post.php?post=19&action=elementor" "Mozilla/5.0 (Windows NT 10.0; Win64; x64) AppleWebKit/537.36 (KHTML, like Gecko) Chrome/142.0.0.0 Safari/537.36"
197.79.64.234 - - [07/Nov/2025:10:00:59 +0200] "POST /wp-admin/admin-ajax.php HTTP/1.1" 200 147 "https://makhado.squareroot.co.za/wp-admin/upload.php" "Mozilla/5.0 (Windows NT 10.0; Win64; x64) AppleWebKit/537.36 (KHTML, like Gecko) Chrome/142.0.0.0 Safari/537.36"
169.1.20.187 - - [07/Nov/2025:10:02:42 +0200] "POST /wp-cron.php?doing_wp_cron=1762502562.0469110012054443359375 HTTP/1.1" 200 - "-" "WordPress/6.8.3; https://makhado.squareroot.co.za"
197.79.64.234 - - [07/Nov/2025:10:02:40 +0200] "POST /wp-admin/admin-ajax.php HTTP/1.1" 200 77 "https://makhado.squareroot.co.za/wp-admin/post.php?post=19&action=elementor" "Mozilla/5.0 (Windows NT 10.0; Win64; x64) AppleWebKit/537.36 (KHTML, like Gecko) Chrome/142.0.0.0 Safari/537.36"
197.79.64.234 - - [07/Nov/2025:10:03:00 +0200] "POST /wp-admin/admin-ajax.php HTTP/1.1" 200 147 "https://makhado.squareroot.co.za/wp-admin/upload.php" "Mozilla/5.0 (Windows NT 10.0; Win64; x64) AppleWebKit/537.36 (KHTML, like Gecko) Chrome/142.0.0.0 Safari/537.36"
169.1.20.187 - - [07/Nov/2025:10:04:43 +0200] "POST /wp-cron.php?doing_wp_cron=1762502683.3810949325561523437500 HTTP/1.1" 200 - "-" "WordPress/6.8.3; https://makhado.squareroot.co.za"
197.79.64.234 - - [07/Nov/2025:10:04:40 +0200] "POST /wp-admin/admin-ajax.php HTTP/1.1" 200 77 "https://makhado.squareroot.co.za/wp-admin/post.php?post=19&action=elementor" "Mozilla/5.0 (Windows NT 10.0; Win64; x64) AppleWebKit/537.36 (KHTML, like Gecko) Chrome/142.0.0.0 Safari/537.36"
197.79.64.234 - - [07/Nov/2025:10:05:01 +0200] "POST /wp-admin/admin-ajax.php HTTP/1.1" 200 147 "https://makhado.squareroot.co.za/wp-admin/upload.php" "Mozilla/5.0 (Windows NT 10.0; Win64; x64) AppleWebKit/537.36 (KHTML, like Gecko) Chrome/142.0.0.0 Safari/537.36"
169.1.20.187 - - [07/Nov/2025:10:06:43 +0200] "POST /wp-cron.php?doing_wp_cron=1762502803.6612339019775390625000 HTTP/1.1" 200 - "-" "WordPress/6.8.3; https://makhado.squareroot.co.za"
197.79.64.234 - - [07/Nov/2025:10:06:40 +0200] "POST /wp-admin/admin-ajax.php HTTP/1.1" 200 77 "https://makhado.squareroot.co.za/wp-admin/post.php?post=19&action=elementor" "Mozilla/5.0 (Windows NT 10.0; Win64; x64) AppleWebKit/537.36 (KHTML, like Gecko) Chrome/142.0.0.0 Safari/537.36"
197.79.64.234 - - [07/Nov/2025:10:06:55 +0200] "POST /wp-admin/admin-ajax.php HTTP/1.1" 200 77 "https://makhado.squareroot.co.za/wp-admin/post.php?post=19&action=elementor" "Mozilla/5.0 (Windows NT 10.0; Win64; x64) AppleWebKit/537.36 (KHTML, like Gecko) Chrome/142.0.0.0 Safari/537.36"
197.79.64.234 - - [07/Nov/2025:10:07:02 +0200] "POST /wp-admin/admin-ajax.php HTTP/1.1" 200 147 "https://makhado.squareroot.co.za/wp-admin/upload.php" "Mozilla/5.0 (Windows NT 10.0; Win64; x64) AppleWebKit/537.36 (KHTML, like Gecko) Chrome/142.0.0.0 Safari/537.36"
169.1.20.187 - - [07/Nov/2025:10:08:57 +0200] "POST /wp-cron.php?doing_wp_cron=1762502937.6322209835052490234375 HTTP/1.1" 200 - "-" "WordPress/6.8.3; https://makhado.squareroot.co.za"
197.79.64.234 - - [07/Nov/2025:10:08:53 +0200] "POST /wp-admin/admin-ajax.php HTTP/1.1" 200 77 "https://makhado.squareroot.co.za/wp-admin/post.php?post=19&action=elementor" "Mozilla/5.0 (Windows NT 10.0; Win64; x64) AppleWebKit/537.36 (KHTML, like Gecko) Chrome/142.0.0.0 Safari/537.36"
197.79.64.234 - - [07/Nov/2025:10:09:03 +0200] "POST /wp-admin/admin-ajax.php HTTP/1.1" 200 147 "https://makhado.squareroot.co.za/wp-admin/upload.php" "Mozilla/5.0 (Windows NT 10.0; Win64; x64) AppleWebKit/537.36 (KHTML, like Gecko) Chrome/142.0.0.0 Safari/537.36"
169.1.20.187 - - [07/Nov/2025:10:09:41 +0200] "POST /wp-cron.php?doing_wp_cron=1762502981.3306839466094970703125 HTTP/1.1" 200 - "-" "WordPress/6.8.3; https://makhado.squareroot.co.za"
197.79.64.234 - - [07/Nov/2025:10:09:15 +0200] "POST /wp-admin/admin-ajax.php HTTP/1.1" 200 77 "https://makhado.squareroot.co.za/wp-admin/post.php?post=19&action=elementor" "Mozilla/5.0 (Windows NT 10.0; Win64; x64) AppleWebKit/537.36 (KHTML, like Gecko) Chrome/142.0.0.0 Safari/537.36"
169.1.20.187 - - [07/Nov/2025:10:11:11 +0200] "POST /wp-cron.php?doing_wp_cron=1762503071.6645300388336181640625 HTTP/1.1" 200 - "-" "WordPress/6.8.3; https://makhado.squareroot.co.za"
197.79.64.234 - - [07/Nov/2025:10:11:08 +0200] "POST /wp-admin/admin-ajax.php HTTP/1.1" 200 77 "https://makhado.squareroot.co.za/wp-admin/post.php?post=19&action=elementor" "Mozilla/5.0 (Windows NT 10.0; Win64; x64) AppleWebKit/537.36 (KHTML, like Gecko) Chrome/142.0.0.0 Safari/537.36"
169.1.20.187 - - [07/Nov/2025:10:13:14 +0200] "POST /wp-cron.php?doing_wp_cron=1762503194.8779339790344238281250 HTTP/1.1" 200 - "-" "WordPress/6.8.3; https://makhado.squareroot.co.za"
197.79.64.234 - - [07/Nov/2025:10:13:08 +0200] "POST /wp-admin/admin-ajax.php HTTP/1.1" 200 77 "https://makhado.squareroot.co.za/wp-admin/post.php?post=19&action=elementor" "Mozilla/5.0 (Windows NT 10.0; Win64; x64) AppleWebKit/537.36 (KHTML, like Gecko) Chrome/142.0.0.0 Safari/537.36"
169.1.20.187 - - [07/Nov/2025:10:15:14 +0200] "POST /wp-cron.php?doing_wp_cron=1762503314.3813779354095458984375 HTTP/1.1" 200 - "-" "WordPress/6.8.3; https://makhado.squareroot.co.za"
197.79.64.234 - - [07/Nov/2025:10:15:08 +0200] "POST /wp-admin/admin-ajax.php HTTP/1.1" 200 77 "https://makhado.squareroot.co.za/wp-admin/post.php?post=19&action=elementor" "Mozilla/5.0 (Windows NT 10.0; Win64; x64) AppleWebKit/537.36 (KHTML, like Gecko) Chrome/142.0.0.0 Safari/537.36"
169.1.20.187 - - [07/Nov/2025:10:16:09 +0200] "POST /wp-cron.php?doing_wp_cron=1762503369.2692029476165771484375 HTTP/1.1" 200 - "-" "WordPress/6.8.3; https://makhado.squareroot.co.za"
197.79.64.234 - - [07/Nov/2025:10:16:05 +0200] "POST /wp-admin/admin-ajax.php HTTP/1.1" 200 77 "https://makhado.squareroot.co.za/wp-admin/post.php?post=19&action=elementor" "Mozilla/5.0 (Windows NT 10.0; Win64; x64) AppleWebKit/537.36 (KHTML, like Gecko) Chrome/142.0.0.0 Safari/537.36"
197.79.64.234 - - [07/Nov/2025:10:16:14 +0200] "POST /wp-admin/admin-ajax.php HTTP/1.1" 200 147 "https://makhado.squareroot.co.za/wp-admin/upload.php" "Mozilla/5.0 (Windows NT 10.0; Win64; x64) AppleWebKit/537.36 (KHTML, like Gecko) Chrome/142.0.0.0 Safari/537.36"
197.79.64.234 - - [07/Nov/2025:10:16:20 +0200] "POST /wp-admin/admin-ajax.php HTTP/1.1" 200 77 "https://makhado.squareroot.co.za/wp-admin/post.php?post=19&action=elementor" "Mozilla/5.0 (Windows NT 10.0; Win64; x64) AppleWebKit/537.36 (KHTML, like Gecko) Chrome/142.0.0.0 Safari/537.36"
197.79.64.234 - - [07/Nov/2025:10:16:24 +0200] "GET /wp-admin/images/spinner-2x.gif HTTP/1.1" 200 7536 "https://makhado.squareroot.co.za/wp-admin/load-styles.php?c=0&dir=ltr&load%5Bchunk_0%5D=dashicons,admin-bar,buttons,media-views,common,forms,admin-menu,dashboard,list-tables,edit,revisions,media,themes,about,nav-menu&load%5Bchunk_1%5D=s,wp-pointer,widgets,site-icon,l10n,wp-auth-check,wp-color-picker&ver=6.8.3" "Mozilla/5.0 (Windows NT 10.0; Win64; x64) AppleWebKit/537.36 (KHTML, like Gecko) Chrome/142.0.0.0 Safari/537.36"
197.79.64.234 - - [07/Nov/2025:10:16:24 +0200] "GET /wp-content/uploads/2025/09/bg-4-min.jpg HTTP/1.1" 200 27073 "https://makhado.squareroot.co.za/wp-admin/upload.php?item=4111" "Mozilla/5.0 (Windows NT 10.0; Win64; x64) AppleWebKit/537.36 (KHTML, like Gecko) Chrome/142.0.0.0 Safari/537.36"
169.1.20.187 - - [07/Nov/2025:10:16:48 +0200] "POST /wp-cron.php?doing_wp_cron=1762503408.0389699935913085937500 HTTP/1.1" 200 - "-" "WordPress/6.8.3; https://makhado.squareroot.co.za"
197.79.64.234 - - [07/Nov/2025:10:16:45 +0200] "POST /wp-admin/admin-ajax.php HTTP/1.1" 200 107031 "https://makhado.squareroot.co.za/wp-admin/upload.php" "Mozilla/5.0 (Windows NT 10.0; Win64; x64) AppleWebKit/537.36 (KHTML, like Gecko) Chrome/142.0.0.0 Safari/537.36"
197.79.64.234 - - [07/Nov/2025:10:16:48 +0200] "GET /wp-content/uploads/2025/09/comprehension2.svg HTTP/1.1" 304 - "https://makhado.squareroot.co.za/wp-admin/upload.php" "Mozilla/5.0 (Windows NT 10.0; Win64; x64) AppleWebKit/537.36 (KHTML, like Gecko) Chrome/142.0.0.0 Safari/537.36"
197.79.64.234 - - [07/Nov/2025:10:16:48 +0200] "GET /wp-content/uploads/2025/09/post-type1-300x186.jpg HTTP/1.1" 304 - "https://makhado.squareroot.co.za/wp-admin/upload.php" "Mozilla/5.0 (Windows NT 10.0; Win64; x64) AppleWebKit/537.36 (KHTML, like Gecko) Chrome/142.0.0.0 Safari/537.36"
197.79.64.234 - - [07/Nov/2025:10:16:48 +0200] "GET /wp-content/uploads/2025/09/alarm2.svg HTTP/1.1" 304 - "https://makhado.squareroot.co.za/wp-admin/upload.php" "Mozilla/5.0 (Windows NT 10.0; Win64; x64) AppleWebKit/537.36 (KHTML, like Gecko) Chrome/142.0.0.0 Safari/537.36"
197.79.64.234 - - [07/Nov/2025:10:16:49 +0200] "GET /wp-content/uploads/2025/09/female1.svg HTTP/1.1" 304 - "https://makhado.squareroot.co.za/wp-admin/upload.php" "Mozilla/5.0 (Windows NT 10.0; Win64; x64) AppleWebKit/537.36 (KHTML, like Gecko) Chrome/142.0.0.0 Safari/537.36"
197.79.64.234 - - [07/Nov/2025:10:16:49 +0200] "GET /wp-content/uploads/2025/09/heart2.svg HTTP/1.1" 304 - "https://makhado.squareroot.co.za/wp-admin/upload.php" "Mozilla/5.0 (Windows NT 10.0; Win64; x64) AppleWebKit/537.36 (KHTML, like Gecko) Chrome/142.0.0.0 Safari/537.36"
197.79.64.234 - - [07/Nov/2025:10:16:49 +0200] "GET /wp-content/uploads/2025/09/icon10.svg HTTP/1.1" 304 - "https://makhado.squareroot.co.za/wp-admin/upload.php" "Mozilla/5.0 (Windows NT 10.0; Win64; x64) AppleWebKit/537.36 (KHTML, like Gecko) Chrome/142.0.0.0 Safari/537.36"
197.79.64.234 - - [07/Nov/2025:10:16:49 +0200] "GET /wp-content/uploads/2025/09/bg-maichip1-300x141.jpg HTTP/1.1" 304 - "https://makhado.squareroot.co.za/wp-admin/upload.php" "Mozilla/5.0 (Windows NT 10.0; Win64; x64) AppleWebKit/537.36 (KHTML, like Gecko) Chrome/142.0.0.0 Safari/537.36"
197.79.64.234 - - [07/Nov/2025:10:16:49 +0200] "GET /wp-content/uploads/2025/09/insta-img2-300x186.jpg HTTP/1.1" 304 - "https://makhado.squareroot.co.za/wp-admin/upload.php" "Mozilla/5.0 (Windows NT 10.0; Win64; x64) AppleWebKit/537.36 (KHTML, like Gecko) Chrome/142.0.0.0 Safari/537.36"
197.79.64.234 - - [07/Nov/2025:10:16:49 +0200] "GET /wp-content/uploads/2025/09/urology1.svg HTTP/1.1" 304 - "https://makhado.squareroot.co.za/wp-admin/upload.php" "Mozilla/5.0 (Windows NT 10.0; Win64; x64) AppleWebKit/537.36 (KHTML, like Gecko) Chrome/142.0.0.0 Safari/537.36"
197.79.64.234 - - [07/Nov/2025:10:16:49 +0200] "GET /wp-content/uploads/2025/09/orthopedic1.svg HTTP/1.1" 304 - "https://makhado.squareroot.co.za/wp-admin/upload.php" "Mozilla/5.0 (Windows NT 10.0; Win64; x64) AppleWebKit/537.36 (KHTML, like Gecko) Chrome/142.0.0.0 Safari/537.36"
197.79.64.234 - - [07/Nov/2025:10:16:49 +0200] "GET /wp-content/uploads/2025/09/newsletter1.svg HTTP/1.1" 304 - "https://makhado.squareroot.co.za/wp-admin/upload.php" "Mozilla/5.0 (Windows NT 10.0; Win64; x64) AppleWebKit/537.36 (KHTML, like Gecko) Chrome/142.0.0.0 Safari/537.36"
